000
CDUS41 KBOX 110545
CLIBDL


CLIMATE REPORT
NATIONAL WEATHER SERVICE TAUNTON MA
1242 AM EST SAT MAR 11 2017


...................................

...THE HARTFORD CT CLIMATE SUMMARY FOR MARCH 10 2017...

CLIMATE NORMAL PERIOD 1981 TO 2010
CLIMATE RECORD PERIOD 1904 TO 2017


WEATHER ITEM   OBSERVED TIME   RECORD YEAR NORMAL DEPARTURE LAST
                VALUE   (LST)  VALUE       VALUE  FROM      YEAR
                                                  NORMAL
..................................................................
TEMPERATURE (F)
 YESTERDAY
  MAXIMUM         38   1231 AM  72    2016  45     -7       72
  MINIMUM         19   1159 PM   1    1984  26     -7       55
  AVERAGE         29                        36     -7       64

PRECIPITATION (IN)
  YESTERDAY        0.12          1.65 1994   0.11   0.01     0.02
  MONTH TO DATE    0.35                      1.11  -0.76     0.56
  SINCE MAR 1      0.35                      1.11  -0.76     0.56
  SINCE JAN 1      6.33                      7.23  -0.90     7.39

SNOWFALL (IN)
  YESTERDAY        2.3           5.3  1928   0.3    2.0      0.0
  MONTH TO DATE    2.3                       2.6   -0.3      0.2
  SINCE MAR 1      2.3                       2.6   -0.3      0.2
  SINCE JUL 1     45.0                      35.3    9.7     17.3
  SNOW DEPTH       1

DEGREE DAYS
 HEATING
  YESTERDAY       36                        29      7        1
  MONTH TO DATE  288                       307    -19      238
  SINCE MAR 1    288                       307    -19      238
  SINCE JUL 1   4181                      4745   -564     3914

 COOLING
  YESTERDAY        0                         0      0        0
  MONTH TO DATE    0                         0      0        0
  SINCE MAR 1      0                         0      0        0
  SINCE JAN 1      0                         0      0        0
..................................................................


WIND (MPH)
  RESULTANT WIND SPEED  11   RESULTANT WIND DIRECTION  NW (320)
  HIGHEST WIND SPEED    35   HIGHEST WIND DIRECTION    NW (310)
  HIGHEST GUST SPEED    43   HIGHEST GUST DIRECTION    NW (310)
  AVERAGE WIND SPEED    12.2


SKY COVER
  POSSIBLE SUNSHINE  MM
  AVERAGE SKY COVER 0.7


WEATHER CONDITIONS
 THE FOLLOWING WEATHER WAS RECORDED YESTERDAY.
  LIGHT SNOW
  FOG
  HAZE


RELATIVE HUMIDITY (PERCENT)
 HIGHEST    92           600 AM
 LOWEST     33           700 PM
 AVERAGE    63

..........................................................


THE HARTFORD CT CLIMATE NORMALS FOR TODAY
                         NORMAL    RECORD    YEAR
 MAXIMUM TEMPERATURE (F)   46        75      1977
 MINIMUM TEMPERATURE (F)   26         3      1996


SUNRISE AND SUNSET
MARCH 11 2017.........SUNRISE   609 AM EST   SUNSET   553 PM EST
MARCH 12 2017.........SUNRISE   707 AM EDT   SUNSET   654 PM EDT


-  INDICATES NEGATIVE NUMBERS.
R  INDICATES RECORD WAS SET OR TIED.
MM INDICATES DATA IS MISSING.
T  INDICATES TRACE AMOUNT.




$$
