000
CDUS41 KBOX 190558
CLIBDL


CLIMATE REPORT
NATIONAL WEATHER SERVICE TAUNTON MA
1251 AM EST THU FEB 19 2015


...................................

...THE HARTFORD CT CLIMATE SUMMARY FOR FEBRUARY 18 2015...

CLIMATE NORMAL PERIOD 1981 TO 2010
CLIMATE RECORD PERIOD 1904 TO 2015


WEATHER ITEM   OBSERVED TIME   RECORD YEAR NORMAL DEPARTURE LAST
                VALUE   (LST)  VALUE       VALUE  FROM      YEAR
                                                  NORMAL
..................................................................
TEMPERATURE (F)
 YESTERDAY
  MAXIMUM         32    150 PM  68    1981  39     -7       25
  MINIMUM         -6    648 AM  -9    1979  22    -28        6
  AVERAGE         13                        30    -17       16

PRECIPITATION (IN)
  YESTERDAY        T             0.91 2008   0.11  -0.11     0.20
  MONTH TO DATE    2.05                      1.84   0.21     3.34
  SINCE DEC 1      9.83                      8.51   1.32    10.67
  SINCE JAN 1      5.28                      5.07   0.21     6.75

SNOWFALL (IN)
  YESTERDAY        T             6.3  1928   0.4   -0.4      3.6
  MONTH TO DATE   23.9                       7.7   16.2     26.6
  SINCE DEC 1     41.7                      27.4   14.3     49.6
  SINCE JUL 1     46.8                      29.4   17.4     49.6
  SNOW DEPTH      23

DEGREE DAYS
 HEATING
  YESTERDAY       52                        35     17       49
  MONTH TO DATE  878                       656    222      755
  SINCE DEC 1   3065                      2899    166     3069
  SINCE JUL 1   4162                      4106     56     4301

 COOLING
  YESTERDAY        0                         0      0        0
  MONTH TO DATE    0                         0      0        0
  SINCE DEC 1      0                         0      0        0
  SINCE JAN 1      0                         0      0        0
..................................................................


WIND (MPH)
  RESULTANT WIND SPEED   1   RESULTANT WIND DIRECTION   S (180)
  HIGHEST WIND SPEED     9   HIGHEST WIND DIRECTION     S (200)
  HIGHEST GUST SPEED    13   HIGHEST GUST DIRECTION     E (100)
  AVERAGE WIND SPEED     3.3


SKY COVER
  POSSIBLE SUNSHINE  MM
  AVERAGE SKY COVER 0.5


WEATHER CONDITIONS
 THE FOLLOWING WEATHER WAS RECORDED YESTERDAY.
  LIGHT SNOW


RELATIVE HUMIDITY (PERCENT)
 HIGHEST    86          1200 AM
 LOWEST     32           200 PM
 AVERAGE    59

..........................................................


THE HARTFORD CT CLIMATE NORMALS FOR TODAY
                         NORMAL    RECORD    YEAR
 MAXIMUM TEMPERATURE (F)   40        67      1981
 MINIMUM TEMPERATURE (F)   22         1      1996
                                             1936


SUNRISE AND SUNSET
FEBRUARY 19 2015......SUNRISE   641 AM EST   SUNSET   528 PM EST
FEBRUARY 20 2015......SUNRISE   640 AM EST   SUNSET   530 PM EST


-  INDICATES NEGATIVE NUMBERS.
R  INDICATES RECORD WAS SET OR TIED.
MM INDICATES DATA IS MISSING.
T  INDICATES TRACE AMOUNT.




$$
