000
CDUS41 KBOX 100548
CLIBDL


CLIMATE REPORT
NATIONAL WEATHER SERVICE TAUNTON MA
138 AM EDT WED MAY 10 2017


...................................

...THE HARTFORD CT CLIMATE SUMMARY FOR MAY 9 2017...

CLIMATE NORMAL PERIOD 1981 TO 2010
CLIMATE RECORD PERIOD 1904 TO 2017


WEATHER ITEM   OBSERVED TIME   RECORD YEAR NORMAL DEPARTURE LAST
                VALUE   (LST)  VALUE       VALUE  FROM      YEAR
                                                  NORMAL
..................................................................
TEMPERATURE (F)
 YESTERDAY
  MAXIMUM         56    228 PM  97    1979  69    -13       69
  MINIMUM         36    454 AM  28    1956  46    -10       44
  AVERAGE         46                        58    -12       57

PRECIPITATION (IN)
  YESTERDAY        T             2.20 1977   0.12  -0.12     0.00
  MONTH TO DATE    1.81                      1.10   0.71     1.56
  SINCE MAR 1      9.51                      8.44   1.07     6.20
  SINCE JAN 1     15.49                     14.56   0.93    13.03

SNOWFALL (IN)
  YESTERDAY        0.0           1.3  1977   0.0    0.0      0.0
  MONTH TO DATE    0.0                       0.0    0.0      0.0
  SINCE MAR 1     19.6                       7.8   11.8      9.8
  SINCE JUL 1     62.3                      40.5   21.8     26.9
  SNOW DEPTH       0

DEGREE DAYS
 HEATING
  YESTERDAY       19                         8     11        8
  MONTH TO DATE  100                        82     18      124
  SINCE MAR 1   1442                      1397     45     1284
  SINCE JUL 1   5335                      5835   -500     4960

 COOLING
  YESTERDAY        0                         1     -1        0
  MONTH TO DATE    0                         2     -2        0
  SINCE MAR 1     23                         8     15        2
  SINCE JAN 1     23                         8     15        2
..................................................................


WIND (MPH)
  RESULTANT WIND SPEED   1   RESULTANT WIND DIRECTION  NW (320)
  HIGHEST WIND SPEED    12   HIGHEST WIND DIRECTION     N (350)
  HIGHEST GUST SPEED    14   HIGHEST GUST DIRECTION     N (350)
  AVERAGE WIND SPEED     4.0


SKY COVER
  POSSIBLE SUNSHINE  MM
  AVERAGE SKY COVER 0.9


WEATHER CONDITIONS
 THE FOLLOWING WEATHER WAS RECORDED YESTERDAY.
  NO SIGNIFICANT WEATHER WAS OBSERVED.


RELATIVE HUMIDITY (PERCENT)
 HIGHEST    92           400 AM
 LOWEST     38           300 PM
 AVERAGE    65

..........................................................


THE HARTFORD CT CLIMATE NORMALS FOR TODAY
                         NORMAL    RECORD    YEAR
 MAXIMUM TEMPERATURE (F)   70        96      1979
 MINIMUM TEMPERATURE (F)   46        28      1947


SUNRISE AND SUNSET
MAY 10 2017...........SUNRISE   536 AM EDT   SUNSET   759 PM EDT
MAY 11 2017...........SUNRISE   534 AM EDT   SUNSET   800 PM EDT


-  INDICATES NEGATIVE NUMBERS.
R  INDICATES RECORD WAS SET OR TIED.
MM INDICATES DATA IS MISSING.
T  INDICATES TRACE AMOUNT.




$$
