000
CDUS41 KBOX 112137
CLIBDL


CLIMATE REPORT
NATIONAL WEATHER SERVICE TAUNTON MA
527 PM EDT WED MAY 11 2016


...................................

...THE HARTFORD CT CLIMATE SUMMARY FOR MAY 11 2016...
VALID TODAY AS OF 0500 PM LOCAL TIME.

CLIMATE NORMAL PERIOD 1981 TO 2010
CLIMATE RECORD PERIOD 1904 TO 2016


WEATHER ITEM   OBSERVED TIME   RECORD YEAR NORMAL DEPARTURE LAST
                VALUE   (LST)  VALUE       VALUE  FROM      YEAR
                                                  NORMAL
..................................................................
TEMPERATURE (F)
 TODAY
  MAXIMUM         80    359 PM  92    1993  70     10       88
  MINIMUM         39    501 AM  29    2010  46     -7       65
  AVERAGE         60                        58      2       77

PRECIPITATION (IN)
  TODAY            0.00          1.84 2007   0.13  -0.13     0.00
  MONTH TO DATE    1.56                      1.36   0.20      T
  SINCE MAR 1      6.20                      8.70  -2.50     6.06
  SINCE JAN 1     13.03                     14.82  -1.79    12.24

SNOWFALL (IN)
  TODAY            0.0           T    1907   0.0    0.0      0.0
  MONTH TO DATE    0.0                       0.0    0.0      0.0
  SINCE MAR 1      9.8                       7.8    2.0      9.0
  SINCE JUL 1     26.9                      40.5  -13.6     63.8
  SNOW DEPTH       0

DEGREE DAYS
 HEATING
  TODAY            5                         8     -3        0
  MONTH TO DATE  139                        98     41       21
  SINCE MAR 1   1299                      1413   -114     1479
  SINCE JUL 1   4975                      5851   -876     6124

 COOLING
  TODAY            0                         1     -1       12
  MONTH TO DATE    0                         4     -4       42
  SINCE MAR 1      2                        10     -8       42
  SINCE JAN 1      2                        10     -8       42
..................................................................


WIND (MPH)
  HIGHEST WIND SPEED    13   HIGHEST WIND DIRECTION    SE (140)
  HIGHEST GUST SPEED    18   HIGHEST GUST DIRECTION     S (180)
  AVERAGE WIND SPEED     2.8


SKY COVER
  POSSIBLE SUNSHINE  MM
  AVERAGE SKY COVER 0.1


WEATHER CONDITIONS
 THE FOLLOWING WEATHER WAS RECORDED TODAY.
  NO SIGNIFICANT WEATHER WAS OBSERVED.


RELATIVE HUMIDITY (PERCENT)
 HIGHEST    85           500 AM
 LOWEST     18           400 PM
 AVERAGE    52

..........................................................


THE HARTFORD CT CLIMATE NORMALS FOR TOMORROW
                         NORMAL    RECORD    YEAR
 MAXIMUM TEMPERATURE (F)   70        90      2014
                                             2004
 MINIMUM TEMPERATURE (F)   47        32      1983
                                             1907


SUNRISE AND SUNSET
MAY 11 2016...........SUNRISE   534 AM EDT   SUNSET   801 PM EDT
MAY 12 2016...........SUNRISE   533 AM EDT   SUNSET   802 PM EDT


-  INDICATES NEGATIVE NUMBERS.
R  INDICATES RECORD WAS SET OR TIED.
MM INDICATES DATA IS MISSING.
T  INDICATES TRACE AMOUNT.




$$
