000
CDUS41 KBOX 052148
CLIBDL


CLIMATE REPORT
NATIONAL WEATHER SERVICE TAUNTON MA
546 PM EDT WED JUL 5 2017


...................................

...THE HARTFORD CT CLIMATE SUMMARY FOR JULY 5 2017...
VALID AS OF 0500 PM LOCAL TIME.

CLIMATE NORMAL PERIOD 1981 TO 2010
CLIMATE RECORD PERIOD 1904 TO 2017


WEATHER ITEM   OBSERVED TIME   RECORD YEAR NORMAL DEPARTURE LAST
                VALUE   (LST)  VALUE       VALUE  FROM      YEAR
                                                  NORMAL
..................................................................
TEMPERATURE (F)
 TODAY
  MAXIMUM         86    302 PM  99    1999  84      2       88
  MINIMUM         58    443 AM  46    1979  62     -4       67
  AVERAGE         72                        73     -1       78

PRECIPITATION (IN)
  TODAY            0.00          1.40 1956   0.12  -0.12     0.25
  MONTH TO DATE    0.28                      0.58  -0.30     0.59
  SINCE JUN 1      3.89                      4.93  -1.04     2.60
  SINCE JAN 1     22.16                     22.74  -0.58    16.54

SNOWFALL (IN)
  TODAY            0.0           0.0  2002   0.0    0.0      0.0
                                      2001
                                      2000
  MONTH TO DATE    0.0                       0.0    0.0      0.0
  SINCE JUN 1      0.0                       0.0    0.0      0.0
  SINCE JUL 1      0.0                       0.0    0.0      0.0
  SNOW DEPTH       0

DEGREE DAYS
 HEATING
  TODAY            0                         0      0        0
  MONTH TO DATE    0                         0      0        0
  SINCE JUN 1     44                        40      4       16
  SINCE JUL 1      0                         0      0        0

 COOLING
  TODAY            7                         8     -1       13
  MONTH TO DATE   51                        40     11       39
  SINCE JUN 1    217                       184     33      188
  SINCE JAN 1    277                       223     54      262
..................................................................


WIND (MPH)
  HIGHEST WIND SPEED    16   HIGHEST WIND DIRECTION     S (190)
  HIGHEST GUST SPEED    19   HIGHEST GUST DIRECTION     S (190)
  AVERAGE WIND SPEED     4.7


SKY COVER
  POSSIBLE SUNSHINE  MM
  AVERAGE SKY COVER 0.2


WEATHER CONDITIONS
 THE FOLLOWING WEATHER WAS RECORDED TODAY.
  NO SIGNIFICANT WEATHER WAS OBSERVED.


RELATIVE HUMIDITY (PERCENT)
 HIGHEST    87           500 AM
 LOWEST     29           300 PM
 AVERAGE    58

..........................................................


THE HARTFORD CT CLIMATE NORMALS FOR TOMORROW
                         NORMAL    RECORD    YEAR
 MAXIMUM TEMPERATURE (F)   84       102      2010
 MINIMUM TEMPERATURE (F)   62        48      1962


SUNRISE AND SUNSET
JULY  5 2017..........SUNRISE   522 AM EDT   SUNSET   829 PM EDT
JULY  6 2017..........SUNRISE   522 AM EDT   SUNSET   829 PM EDT


-  INDICATES NEGATIVE NUMBERS.
R  INDICATES RECORD WAS SET OR TIED.
MM INDICATES DATA IS MISSING.
T  INDICATES TRACE AMOUNT.




$$
