000
CDUS41 KBOX 180606
CLIBDL


CLIMATE REPORT
NATIONAL WEATHER SERVICE TAUNTON MA
200 AM EDT SAT MAR 18 2017


...................................

...THE HARTFORD CT CLIMATE SUMMARY FOR MARCH 17 2017...

CLIMATE NORMAL PERIOD 1981 TO 2010
CLIMATE RECORD PERIOD 1904 TO 2017


WEATHER ITEM   OBSERVED TIME   RECORD YEAR NORMAL DEPARTURE LAST
                VALUE   (LST)  VALUE       VALUE  FROM      YEAR
                                                  NORMAL
..................................................................
TEMPERATURE (F)
 YESTERDAY
  MAXIMUM         43    317 PM  74    1945  48     -5       65
  MINIMUM         20   1151 PM   6    1916  28     -8       37
  AVERAGE         32                        38     -6       51

PRECIPITATION (IN)
  YESTERDAY        0.00          1.45 1972   0.12  -0.12     0.02
  MONTH TO DATE    1.89                      1.89   0.00     1.39
  SINCE MAR 1      1.89                      1.89   0.00     1.39
  SINCE JAN 1      7.87                      8.01  -0.14     8.22

SNOWFALL (IN)
  YESTERDAY        0.0           2.5  1993   0.3   -0.3      0.0
  MONTH TO DATE   18.1                       4.2   13.9      0.2
  SINCE MAR 1     18.1                       4.2   13.9      0.2
  SINCE JUL 1     60.8                      36.9   23.9     17.3
  SNOW DEPTH      12

DEGREE DAYS
 HEATING
  YESTERDAY       33                        27      6       14
  MONTH TO DATE  579                       503     76      350
  SINCE MAR 1    579                       503     76      350
  SINCE JUL 1   4472                      4941   -469     4026

 COOLING
  YESTERDAY        0                         0      0        0
  MONTH TO DATE    0                         0      0        0
  SINCE MAR 1      0                         0      0        0
  SINCE JAN 1      0                         0      0        0
..................................................................


WIND (MPH)
  RESULTANT WIND SPEED   9   RESULTANT WIND DIRECTION  NW (300)
  HIGHEST WIND SPEED    22   HIGHEST WIND DIRECTION    NW (330)
  HIGHEST GUST SPEED    31   HIGHEST GUST DIRECTION    NW (320)
  AVERAGE WIND SPEED     9.9


SKY COVER
  POSSIBLE SUNSHINE  MM
  AVERAGE SKY COVER 0.2


WEATHER CONDITIONS
 THE FOLLOWING WEATHER WAS RECORDED YESTERDAY.
  NO SIGNIFICANT WEATHER WAS OBSERVED.


RELATIVE HUMIDITY (PERCENT)
 HIGHEST    68           100 AM
 LOWEST     20           200 PM
 AVERAGE    44

..........................................................


THE HARTFORD CT CLIMATE NORMALS FOR TODAY
                         NORMAL    RECORD    YEAR
 MAXIMUM TEMPERATURE (F)   48        72      2012
 MINIMUM TEMPERATURE (F)   28         1      1956


SUNRISE AND SUNSET
MARCH 18 2017.........SUNRISE   657 AM EDT   SUNSET   701 PM EDT
MARCH 19 2017.........SUNRISE   655 AM EDT   SUNSET   702 PM EDT


-  INDICATES NEGATIVE NUMBERS.
R  INDICATES RECORD WAS SET OR TIED.
MM INDICATES DATA IS MISSING.
T  INDICATES TRACE AMOUNT.




$$
