448
CDUS41 KBOX 282142
CLIBDL


CLIMATE REPORT
NATIONAL WEATHER SERVICE TAUNTON MA
432 PM EST THU JAN 28 2016


...................................

...THE HARTFORD CT CLIMATE SUMMARY FOR JANUARY 28 2016...
VALID TODAY AS OF 0400 PM LOCAL TIME.

CLIMATE NORMAL PERIOD 1981 TO 2010
CLIMATE RECORD PERIOD 1904 TO 2016


WEATHER ITEM   OBSERVED TIME   RECORD YEAR NORMAL DEPARTURE LAST
                VALUE   (LST)  VALUE       VALUE  FROM      YEAR
                                                  NORMAL
..................................................................
TEMPERATURE (F)
 TODAY
  MAXIMUM         44    218 PM  63    1916  35      9       29
  MINIMUM         17    702 AM -12    1961  18     -1       10
  AVERAGE         31                        27      4       20

PRECIPITATION (IN)
  TODAY            0.00          1.56 1943   0.10  -0.10      T
  MONTH TO DATE    1.96                      2.91  -0.95     3.19
  SINCE DEC 1      6.21                      6.35  -0.14     7.74
  SINCE JAN 1      1.96                      2.91  -0.95     3.19

SNOWFALL (IN)
  TODAY            0.0          11.0  1943   0.4   -0.4       T
  MONTH TO DATE    1.9                      11.0   -9.1     16.8
  SINCE DEC 1      2.9                      18.4  -15.5     17.5
  SINCE JUL 1      2.9                      20.4  -17.5     22.6
  SNOW DEPTH       0

DEGREE DAYS
 HEATING
  TODAY           34                        39     -5       45
  MONTH TO DATE  991                      1089    -98     1144
  SINCE DEC 1   1661                      2126   -465     2046
  SINCE JUL 1   2645                      3333   -688     3143

 COOLING
  TODAY            0                         0      0        0
  MONTH TO DATE    0                         0      0        0
  SINCE DEC 1      0                         0      0        0
  SINCE JAN 1      0                         0      0        0
..................................................................


WIND (MPH)
  HIGHEST WIND SPEED    21   HIGHEST WIND DIRECTION     S (190)
  HIGHEST GUST SPEED    28   HIGHEST GUST DIRECTION     S (190)
  AVERAGE WIND SPEED     6.2


SKY COVER
  POSSIBLE SUNSHINE  MM
  AVERAGE SKY COVER 0.2


WEATHER CONDITIONS
 THE FOLLOWING WEATHER WAS RECORDED TODAY.
  HAZE


RELATIVE HUMIDITY (PERCENT)
 HIGHEST    84           600 AM
 LOWEST     48          1200 PM
 AVERAGE    66

..........................................................


THE HARTFORD CT CLIMATE NORMALS FOR TOMORROW
                         NORMAL    RECORD    YEAR
 MAXIMUM TEMPERATURE (F)   35        66      2002
 MINIMUM TEMPERATURE (F)   18       -10      1963
                                             1961


SUNRISE AND SUNSET
JANUARY 28 2016.......SUNRISE   708 AM EST   SUNSET   500 PM EST
JANUARY 29 2016.......SUNRISE   707 AM EST   SUNSET   501 PM EST


-  INDICATES NEGATIVE NUMBERS.
R  INDICATES RECORD WAS SET OR TIED.
MM INDICATES DATA IS MISSING.
T  INDICATES TRACE AMOUNT.




$$
