000
CDUS41 KBOX 110526
CLIBDL


CLIMATE REPORT
NATIONAL WEATHER SERVICE TAUNTON MA
126 AM EDT THU MAY 11 2017


...................................

...THE HARTFORD CT CLIMATE SUMMARY FOR MAY 10 2017...

CLIMATE NORMAL PERIOD 1981 TO 2010
CLIMATE RECORD PERIOD 1904 TO 2017


WEATHER ITEM   OBSERVED TIME   RECORD YEAR NORMAL DEPARTURE LAST
                VALUE   (LST)  VALUE       VALUE  FROM      YEAR
                                                  NORMAL
..................................................................
TEMPERATURE (F)
 YESTERDAY
  MAXIMUM         58    307 PM  96    1979  70    -12       72
  MINIMUM         42   1159 PM  28    1947  46     -4       38
  AVERAGE         50                        58     -8       55

PRECIPITATION (IN)
  YESTERDAY        0.00          1.69 1998   0.13  -0.13     0.00
  MONTH TO DATE    1.81                      1.23   0.58     1.56
  SINCE MAR 1      9.51                      8.57   0.94     6.20
  SINCE JAN 1     15.49                     14.69   0.80    13.03

SNOWFALL (IN)
  YESTERDAY        0.0           T    1923   0.0    0.0      0.0
  MONTH TO DATE    0.0                       0.0    0.0      0.0
  SINCE MAR 1     19.6                       7.8   11.8      9.8
  SINCE JUL 1     62.3                      40.5   21.8     26.9
  SNOW DEPTH       0

DEGREE DAYS
 HEATING
  YESTERDAY       15                         8      7       10
  MONTH TO DATE  115                        90     25      134
  SINCE MAR 1   1457                      1405     52     1294
  SINCE JUL 1   5350                      5843   -493     4970

 COOLING
  YESTERDAY        0                         1     -1        0
  MONTH TO DATE    0                         3     -3        0
  SINCE MAR 1     23                         9     14        2
  SINCE JAN 1     23                         9     14        2
..................................................................


WIND (MPH)
  RESULTANT WIND SPEED   4   RESULTANT WIND DIRECTION   N (350)
  HIGHEST WIND SPEED    13   HIGHEST WIND DIRECTION    NE (30)
  HIGHEST GUST SPEED    16   HIGHEST GUST DIRECTION    NW (320)
  AVERAGE WIND SPEED     5.8


SKY COVER
  POSSIBLE SUNSHINE  MM
  AVERAGE SKY COVER 0.8


WEATHER CONDITIONS
 THE FOLLOWING WEATHER WAS RECORDED YESTERDAY.
  NO SIGNIFICANT WEATHER WAS OBSERVED.


RELATIVE HUMIDITY (PERCENT)
 HIGHEST    70           400 AM
 LOWEST     36           100 PM
 AVERAGE    53

..........................................................


THE HARTFORD CT CLIMATE NORMALS FOR TODAY
                         NORMAL    RECORD    YEAR
 MAXIMUM TEMPERATURE (F)   70        92      1993
 MINIMUM TEMPERATURE (F)   46        29      2010


SUNRISE AND SUNSET
MAY 11 2017...........SUNRISE   534 AM EDT   SUNSET   800 PM EDT
MAY 12 2017...........SUNRISE   533 AM EDT   SUNSET   801 PM EDT


-  INDICATES NEGATIVE NUMBERS.
R  INDICATES RECORD WAS SET OR TIED.
MM INDICATES DATA IS MISSING.
T  INDICATES TRACE AMOUNT.




$$
