000
CDUS41 KBOX 210553
CLIBDL


CLIMATE REPORT
NATIONAL WEATHER SERVICE TAUNTON MA
143 AM EDT THU APR 21 2016


...................................

...THE HARTFORD CT CLIMATE SUMMARY FOR APRIL 20 2016...

CLIMATE NORMAL PERIOD 1981 TO 2010
CLIMATE RECORD PERIOD 1904 TO 2016


WEATHER ITEM   OBSERVED TIME   RECORD YEAR NORMAL DEPARTURE LAST
                VALUE   (LST)  VALUE       VALUE  FROM      YEAR
                                                  NORMAL
..................................................................
TEMPERATURE (F)
 YESTERDAY
  MAXIMUM         65    444 PM  89    1976  63      2       51
  MINIMUM         38    333 AM  25    1926  40     -2       43
  AVERAGE         52                        51      1       47

PRECIPITATION (IN)
  YESTERDAY        0.00          1.40 1972   0.11  -0.11     1.15
  MONTH TO DATE    1.60                      2.48  -0.88     2.95
  SINCE MAR 1      3.80                      6.10  -2.30     5.61
  SINCE JAN 1     10.63                     12.22  -1.59    11.79

SNOWFALL (IN)
  YESTERDAY        0.0           0.1  1983   0.0    0.0      0.0
  MONTH TO DATE    6.9                       1.3    5.6      0.0
  SINCE MAR 1      9.8                       7.7    2.1      9.0
  SINCE JUL 1     26.9                      40.4  -13.5     63.8
  SNOW DEPTH       0

DEGREE DAYS
 HEATING
  YESTERDAY       13                        14     -1       18
  MONTH TO DATE  400                       352     48      326
  SINCE MAR 1   1044                      1195   -151     1324
  SINCE JUL 1   4720                      5633   -913     5969

 COOLING
  YESTERDAY        0                         0      0        0
  MONTH TO DATE    0                         0      0        0
  SINCE MAR 1      0                         0      0        0
  SINCE JAN 1      0                         0      0        0
..................................................................


WIND (MPH)
  RESULTANT WIND SPEED   3   RESULTANT WIND DIRECTION  NE (30)
  HIGHEST WIND SPEED    23   HIGHEST WIND DIRECTION     N (20)
  HIGHEST GUST SPEED    28   HIGHEST GUST DIRECTION     N (10)
  AVERAGE WIND SPEED     9.7


SKY COVER
  POSSIBLE SUNSHINE  MM
  AVERAGE SKY COVER 0.1


WEATHER CONDITIONS
 THE FOLLOWING WEATHER WAS RECORDED YESTERDAY.
  NO SIGNIFICANT WEATHER WAS OBSERVED.


RELATIVE HUMIDITY (PERCENT)
 HIGHEST    62          1100 PM
 LOWEST     14           200 PM
 AVERAGE    38

..........................................................


THE HARTFORD CT CLIMATE NORMALS FOR TODAY
                         NORMAL    RECORD    YEAR
 MAXIMUM TEMPERATURE (F)   63        87      1923
 MINIMUM TEMPERATURE (F)   40        27      1961


SUNRISE AND SUNSET
APRIL 21 2016.........SUNRISE   600 AM EDT   SUNSET   739 PM EDT
APRIL 22 2016.........SUNRISE   559 AM EDT   SUNSET   740 PM EDT


-  INDICATES NEGATIVE NUMBERS.
R  INDICATES RECORD WAS SET OR TIED.
MM INDICATES DATA IS MISSING.
T  INDICATES TRACE AMOUNT.




$$
