000
CDUS41 KBOX 070546
CLIBDL


CLIMATE REPORT
NATIONAL WEATHER SERVICE TAUNTON MA
1236 AM EST SUN DEC 7 2014


...................................

...THE HARTFORD CT CLIMATE SUMMARY FOR DECEMBER 6 2014...

CLIMATE NORMAL PERIOD 1981 TO 2010
CLIMATE RECORD PERIOD 1904 TO 2014


WEATHER ITEM   OBSERVED TIME   RECORD YEAR NORMAL DEPARTURE LAST
                VALUE   (LST)  VALUE       VALUE  FROM      YEAR
                                                  NORMAL
..................................................................
TEMPERATURE (F)
 YESTERDAY
  MAXIMUM         39   1019 PM  74    2001  43     -4       53
  MINIMUM         35    127 AM   8    1976  27      8       33
  AVERAGE         37                        35      2       43

PRECIPITATION (IN)
  YESTERDAY        0.81          1.37 1945   0.12   0.69     0.57
  MONTH TO DATE    1.33                      0.75   0.58     0.61
  SINCE DEC 1      1.33                      0.75   0.58     0.61
  SINCE JAN 1     42.61                     43.16  -0.55    48.40

SNOWFALL (IN)
  YESTERDAY        0.0          12.5  2003   0.2   -0.2      0.2
  MONTH TO DATE    T                         1.0   -1.0      0.2
  SINCE DEC 1      T                         1.0   -1.0      0.2
  SINCE JUL 1      5.1                       3.0    2.1      0.2
  SNOW DEPTH       0

DEGREE DAYS
 HEATING
  YESTERDAY       28                        30     -2       22
  MONTH TO DATE  160                       174    -14      161
  SINCE DEC 1    160                       174    -14      161
  SINCE JUL 1   1257                      1381   -124     1393

 COOLING
  YESTERDAY        0                         0      0        0
  MONTH TO DATE    0                         0      0        0
  SINCE DEC 1      0                         0      0        0
  SINCE JAN 1    771                       756     15      894
..................................................................


WIND (MPH)
  RESULTANT WIND SPEED   6   RESULTANT WIND DIRECTION   N (10)
  HIGHEST WIND SPEED    14   HIGHEST WIND DIRECTION     N (10)
  HIGHEST GUST SPEED    18   HIGHEST GUST DIRECTION     N (10)
  AVERAGE WIND SPEED     4.9


SKY COVER
  POSSIBLE SUNSHINE  MM
  AVERAGE SKY COVER 1.0


WEATHER CONDITIONS
 THE FOLLOWING WEATHER WAS RECORDED YESTERDAY.
  RAIN
  LIGHT RAIN
  FOG


RELATIVE HUMIDITY (PERCENT)
 HIGHEST    92           300 AM
 LOWEST     85          1000 AM
 AVERAGE    89

..........................................................


THE HARTFORD CT CLIMATE NORMALS FOR TODAY
                         NORMAL    RECORD    YEAR
 MAXIMUM TEMPERATURE (F)   43        76      1998
 MINIMUM TEMPERATURE (F)   27        -1      1964


SUNRISE AND SUNSET
DECEMBER  7 2014......SUNRISE   705 AM EST   SUNSET   419 PM EST
DECEMBER  8 2014......SUNRISE   706 AM EST   SUNSET   419 PM EST


-  INDICATES NEGATIVE NUMBERS.
R  INDICATES RECORD WAS SET OR TIED.
MM INDICATES DATA IS MISSING.
T  INDICATES TRACE AMOUNT.




$$
