000
CDUS41 KBOX 190537
CLIBDL


CLIMATE REPORT
NATIONAL WEATHER SERVICE TAUNTON MA
135 AM EDT MON SEP 19 2016


...................................

...THE HARTFORD CT CLIMATE SUMMARY FOR SEPTEMBER 18 2016...

CLIMATE NORMAL PERIOD 1981 TO 2010
CLIMATE RECORD PERIOD 1904 TO 2016


WEATHER ITEM   OBSERVED TIME   RECORD YEAR NORMAL DEPARTURE LAST
                VALUE   (LST)  VALUE       VALUE  FROM      YEAR
                                                  NORMAL
..................................................................
TEMPERATURE (F)
 YESTERDAY
  MAXIMUM         80    249 PM  89    1906  74      6       87
  MINIMUM         66    312 AM  36    1986  52     14       55
                                      1984
                                      1961
  AVERAGE         73                        63     10       71

PRECIPITATION (IN)
  YESTERDAY        0.08          2.84 2004   0.14  -0.06     0.00
  MONTH TO DATE    1.06                      2.13  -1.07     2.43
  SINCE SEP 1      1.06                      2.13  -1.07     2.43
  SINCE JAN 1     23.40                     32.40  -9.00    27.84

SNOWFALL (IN)
  YESTERDAY        0.0           0.0  2002   0.0    0.0      0.0
                                      2001
                                      2000
  MONTH TO DATE    0.0                       0.0    0.0      0.0
  SINCE SEP 1      0.0                       0.0    0.0      0.0
  SINCE JUL 1      0.0                       0.0    0.0      0.0
  SNOW DEPTH       0

DEGREE DAYS
 HEATING
  YESTERDAY        0                         4     -4        0
  MONTH TO DATE    9                        39    -30        2
  SINCE SEP 1      9                        39    -30        2
  SINCE JUL 1      9                        51    -42        3

 COOLING
  YESTERDAY        8                         2      6        6
  MONTH TO DATE  101                        61     40      131
  SINCE SEP 1    101                        61     40      131
  SINCE JAN 1   1031                       736    295      945
..................................................................


WIND (MPH)
  RESULTANT WIND SPEED   7   RESULTANT WIND DIRECTION   S (190)
  HIGHEST WIND SPEED    15   HIGHEST WIND DIRECTION     S (200)
  HIGHEST GUST SPEED    19   HIGHEST GUST DIRECTION     S (200)
  AVERAGE WIND SPEED     7.6


SKY COVER
  POSSIBLE SUNSHINE  MM
  AVERAGE SKY COVER 0.8


WEATHER CONDITIONS
 THE FOLLOWING WEATHER WAS RECORDED YESTERDAY.
  LIGHT RAIN
  FOG


RELATIVE HUMIDITY (PERCENT)
 HIGHEST    93           300 AM
 LOWEST     62           200 PM
 AVERAGE    78

..........................................................


THE HARTFORD CT CLIMATE NORMALS FOR TODAY
                         NORMAL    RECORD    YEAR
 MAXIMUM TEMPERATURE (F)   74        93      1983
 MINIMUM TEMPERATURE (F)   51        33      1956


SUNRISE AND SUNSET
SEPTEMBER 19 2016.....SUNRISE   635 AM EDT   SUNSET   652 PM EDT
SEPTEMBER 20 2016.....SUNRISE   636 AM EDT   SUNSET   651 PM EDT


-  INDICATES NEGATIVE NUMBERS.
R  INDICATES RECORD WAS SET OR TIED.
MM INDICATES DATA IS MISSING.
T  INDICATES TRACE AMOUNT.




$$
