000
CDUS41 KBOX 070545
CLIBDL


CLIMATE REPORT
NATIONAL WEATHER SERVICE TAUNTON MA
1243 AM EST TUE MAR 7 2017


...................................

...THE HARTFORD CT CLIMATE SUMMARY FOR MARCH 6 2017...

CLIMATE NORMAL PERIOD 1981 TO 2010
CLIMATE RECORD PERIOD 1904 TO 2017


WEATHER ITEM   OBSERVED TIME   RECORD YEAR NORMAL DEPARTURE LAST
                VALUE   (LST)  VALUE       VALUE  FROM      YEAR
                                                  NORMAL
..................................................................
TEMPERATURE (F)
 YESTERDAY
  MAXIMUM         45    247 PM  64    1935  44      1       44
  MINIMUM          8    601 AM  -4    1948  25    -17       25
  AVERAGE         27                        34     -7       35

PRECIPITATION (IN)
  YESTERDAY        0.00          2.48 1979   0.11  -0.11     0.00
  MONTH TO DATE    0.06                      0.66  -0.60     0.54
  SINCE MAR 1      0.06                      0.66  -0.60     0.54
  SINCE JAN 1      6.04                      6.78  -0.74     7.37

SNOWFALL (IN)
  YESTERDAY        0.0           9.4  2001   0.3   -0.3      0.0
  MONTH TO DATE    T                         1.6   -1.6      0.2
  SINCE MAR 1      T                         1.6   -1.6      0.2
  SINCE JUL 1     42.7                      34.3    8.4     17.3
  SNOW DEPTH       0

DEGREE DAYS
 HEATING
  YESTERDAY       38                        31      7       30
  MONTH TO DATE  196                       188      8      194
  SINCE MAR 1    196                       188      8      194
  SINCE JUL 1   4089                      4626   -537     3870

 COOLING
  YESTERDAY        0                         0      0        0
  MONTH TO DATE    0                         0      0        0
  SINCE MAR 1      0                         0      0        0
  SINCE JAN 1      0                         0      0        0
..................................................................


WIND (MPH)
  RESULTANT WIND SPEED   2   RESULTANT WIND DIRECTION   S (170)
  HIGHEST WIND SPEED    14   HIGHEST WIND DIRECTION     S (200)
  HIGHEST GUST SPEED    17   HIGHEST GUST DIRECTION     S (200)
  AVERAGE WIND SPEED     6.1


SKY COVER
  POSSIBLE SUNSHINE  MM
  AVERAGE SKY COVER 0.4


WEATHER CONDITIONS
 THE FOLLOWING WEATHER WAS RECORDED YESTERDAY.
  NO SIGNIFICANT WEATHER WAS OBSERVED.


RELATIVE HUMIDITY (PERCENT)
 HIGHEST    69           600 AM
 LOWEST     11           200 PM
 AVERAGE    40

..........................................................


THE HARTFORD CT CLIMATE NORMALS FOR TODAY
                         NORMAL    RECORD    YEAR
 MAXIMUM TEMPERATURE (F)   44        69      1974
 MINIMUM TEMPERATURE (F)   25        -6      2003


SUNRISE AND SUNSET
MARCH  7 2017.........SUNRISE   616 AM EST   SUNSET   548 PM EST
MARCH  8 2017.........SUNRISE   614 AM EST   SUNSET   549 PM EST


-  INDICATES NEGATIVE NUMBERS.
R  INDICATES RECORD WAS SET OR TIED.
MM INDICATES DATA IS MISSING.
T  INDICATES TRACE AMOUNT.




$$
