000
CDUS41 KBOX 272129
CLIBDL


CLIMATE REPORT
NATIONAL WEATHER SERVICE TAUNTON MA
427 PM EST MON NOV 27 2017


...................................

...THE HARTFORD CT CLIMATE SUMMARY FOR NOVEMBER 27 2017...
VALID AS OF 0400 PM LOCAL TIME.

CLIMATE NORMAL PERIOD 1981 TO 2010
CLIMATE RECORD PERIOD 1904 TO 2017


WEATHER ITEM   OBSERVED TIME   RECORD YEAR NORMAL DEPARTURE LAST
                VALUE   (LST)  VALUE       VALUE  FROM      YEAR
                                                  NORMAL
..................................................................
TEMPERATURE (F)
 TODAY
  MAXIMUM         48    216 PM  67    2015  47      1       46
  MINIMUM         31    423 AM  10    1932  30      1       27
  AVERAGE         40                        39      1       37

PRECIPITATION (IN)
  TODAY            T             3.20 2013   0.12  -0.12      T
  MONTH TO DATE    1.02                      3.49  -2.47     1.38
  SINCE SEP 1     12.04                     11.74   0.30     5.97
  SINCE JAN 1     43.15                     42.01   1.14    28.31

SNOWFALL (IN)
  TODAY            T             9.0  2002   0.1   -0.1      0.0
  MONTH TO DATE    T                         1.6   -1.6       T
  SINCE SEP 1      T                         1.6   -1.6      1.5
  SINCE JUL 1      T                         1.6   -1.6      1.5
  SNOW DEPTH       0

DEGREE DAYS
 HEATING
  TODAY           25                        27     -2       28
  MONTH TO DATE  649                       596     53      557
  SINCE SEP 1    894                      1113   -219      966
  SINCE JUL 1    910                      1125   -215      966

 COOLING
  TODAY            0                         0      0        0
  MONTH TO DATE    0                         0      0        0
  SINCE SEP 1    178                        81     97      138
  SINCE JAN 1    865                       756    109     1068
..................................................................


WIND (MPH)
  HIGHEST WIND SPEED    23   HIGHEST WIND DIRECTION    NW (300)
  HIGHEST GUST SPEED    30   HIGHEST GUST DIRECTION    NW (310)
  AVERAGE WIND SPEED    12.7


SKY COVER
  POSSIBLE SUNSHINE  MM
  AVERAGE SKY COVER 0.6


WEATHER CONDITIONS
 THE FOLLOWING WEATHER WAS RECORDED TODAY.
  LIGHT SNOW


RELATIVE HUMIDITY (PERCENT)
 HIGHEST    78           400 AM
 LOWEST     39           400 PM
 AVERAGE    59

..........................................................


THE HARTFORD CT CLIMATE NORMALS FOR TOMORROW
                         NORMAL    RECORD    YEAR
 MAXIMUM TEMPERATURE (F)   47        71      1990
 MINIMUM TEMPERATURE (F)   30        12      2002


SUNRISE AND SUNSET
NOVEMBER 27 2017......SUNRISE   655 AM EST   SUNSET   422 PM EST
NOVEMBER 28 2017......SUNRISE   656 AM EST   SUNSET   421 PM EST


-  INDICATES NEGATIVE NUMBERS.
R  INDICATES RECORD WAS SET OR TIED.
MM INDICATES DATA IS MISSING.
T  INDICATES TRACE AMOUNT.




$$
