000
CDUS41 KBOX 282141
CLIBDL


CLIMATE REPORT
NATIONAL WEATHER SERVICE TAUNTON MA
537 PM EDT FRI MAR 28 2014


...................................

...THE HARTFORD CT CLIMATE SUMMARY FOR MARCH 28 2014...
VALID AS OF 0500 PM LOCAL TIME.

CLIMATE NORMAL PERIOD 1981 TO 2010
CLIMATE RECORD PERIOD 1904 TO 2014


WEATHER ITEM   OBSERVED TIME   RECORD YEAR NORMAL DEPARTURE LAST
                VALUE   (LST)  VALUE       VALUE  FROM      YEAR
                                                  NORMAL
..................................................................
TEMPERATURE (F)
 TODAY
  MAXIMUM         50   1237 PM  84    1998  52     -2       53
  MINIMUM         34    502 AM   8    1923  32      2       35
  AVERAGE         42                        42      0       44

PRECIPITATION (IN)
  TODAY            0.11          2.80 1932   0.12  -0.01      T
  MONTH TO DATE    1.32                      3.26  -1.94     2.38
  SINCE MAR 1      1.32                      3.26  -1.94     2.38
  SINCE JAN 1      8.69                      9.38  -0.69     7.89

SNOWFALL (IN)
  TODAY            0.0           2.2  1940   0.2   -0.2      0.0
  MONTH TO DATE    T                         6.1   -6.1      9.8
  SINCE MAR 1      T                         6.1   -6.1      9.8
  SINCE JUL 1     50.1                      38.8   11.3     56.9
  SNOW DEPTH       0

DEGREE DAYS
 HEATING
  TODAY           23                        23      0       21
  MONTH TO DATE  967                       777    190      798
  SINCE MAR 1    967                       777    190      798
  SINCE JUL 1   5646                      5215    431     4950

 COOLING
  TODAY            0                         0      0        0
  MONTH TO DATE    0                         0      0        0
  SINCE MAR 1      0                         0      0        0
  SINCE JAN 1      0                         0      0        0
..................................................................


WIND (MPH)
  HIGHEST WIND SPEED    17   HIGHEST WIND DIRECTION     S (200)
  HIGHEST GUST SPEED    24   HIGHEST GUST DIRECTION     S (190)
  AVERAGE WIND SPEED     8.9


SKY COVER
  POSSIBLE SUNSHINE  MM
  AVERAGE SKY COVER 1.0


WEATHER CONDITIONS
 THE FOLLOWING WEATHER WAS RECORDED TODAY.
  LIGHT RAIN
  FOG


RELATIVE HUMIDITY (PERCENT)
 HIGHEST    93           300 PM
 LOWEST     56           200 AM
 AVERAGE    75

..........................................................


THE HARTFORD CT CLIMATE NORMALS FOR TOMORROW
                         NORMAL    RECORD    YEAR
 MAXIMUM TEMPERATURE (F)   53        86      1945
 MINIMUM TEMPERATURE (F)   32         4      1923


SUNRISE AND SUNSET
MARCH 28 2014.........SUNRISE   640 AM EDT   SUNSET   712 PM EDT
MARCH 29 2014.........SUNRISE   639 AM EDT   SUNSET   713 PM EDT


-  INDICATES NEGATIVE NUMBERS.
R  INDICATES RECORD WAS SET OR TIED.
MM INDICATES DATA IS MISSING.
T  INDICATES TRACE AMOUNT.




$$
