000
CDUS41 KBOX 142131
CLIBDL


CLIMATE REPORT
NATIONAL WEATHER SERVICE TAUNTON MA
428 PM EST WED JAN 14 2015


...................................

...THE HARTFORD CT CLIMATE SUMMARY FOR JANUARY 14 2015...
VALID AS OF 0400 PM LOCAL TIME.

CLIMATE NORMAL PERIOD 1981 TO 2010
CLIMATE RECORD PERIOD 1904 TO 2015


WEATHER ITEM   OBSERVED TIME   RECORD YEAR NORMAL DEPARTURE LAST
                VALUE   (LST)  VALUE       VALUE  FROM      YEAR
                                                  NORMAL
..................................................................
TEMPERATURE (F)
 TODAY
  MAXIMUM         19    359 PM  70    1932  34    -15       46
  MINIMUM          6    327 AM -12    1957  17    -11       39
                                      1912
  AVERAGE         13                        26    -13       43

PRECIPITATION (IN)
  TODAY            T             1.54 1940   0.11  -0.11     0.65
  MONTH TO DATE    1.09                      1.43  -0.34     3.21
  SINCE DEC 1      5.64                      4.87   0.77     7.13
  SINCE JAN 1      1.09                      1.43  -0.34     3.21

SNOWFALL (IN)
  TODAY            T             6.3  2008   0.4   -0.4      0.0
  MONTH TO DATE    4.1                       5.5   -1.4      8.6
  SINCE DEC 1      4.8                      12.9   -8.1     21.3
  SINCE JUL 1      9.9                      14.9   -5.0     21.3
  SNOW DEPTH       1

DEGREE DAYS
 HEATING
  TODAY           52                        39     13       22
  MONTH TO DATE  595                       543     52      557
  SINCE DEC 1   1497                      1580    -83     1621
  SINCE JUL 1   2594                      2787   -193     2853

 COOLING
  TODAY            0                         0      0        0
  MONTH TO DATE    0                         0      0        0
  SINCE DEC 1      0                         0      0        0
  SINCE JAN 1      0                         0      0        0
..................................................................


WIND (MPH)
  HIGHEST WIND SPEED    10   HIGHEST WIND DIRECTION    NE (40)
  HIGHEST GUST SPEED    13   HIGHEST GUST DIRECTION     N (360)
  AVERAGE WIND SPEED     6.2


SKY COVER
  POSSIBLE SUNSHINE  MM
  AVERAGE SKY COVER 0.7


WEATHER CONDITIONS
 THE FOLLOWING WEATHER WAS RECORDED TODAY.
  LIGHT SNOW
  HAZE


RELATIVE HUMIDITY (PERCENT)
 HIGHEST    69           700 AM
 LOWEST     55          1200 AM
 AVERAGE    62

..........................................................


THE HARTFORD CT CLIMATE NORMALS FOR TOMORROW
                         NORMAL    RECORD    YEAR
 MAXIMUM TEMPERATURE (F)   34        63      1995
 MINIMUM TEMPERATURE (F)   17       -15      1957


SUNRISE AND SUNSET
JANUARY 14 2015.......SUNRISE   717 AM EST   SUNSET   443 PM EST
JANUARY 15 2015.......SUNRISE   716 AM EST   SUNSET   444 PM EST


-  INDICATES NEGATIVE NUMBERS.
R  INDICATES RECORD WAS SET OR TIED.
MM INDICATES DATA IS MISSING.
T  INDICATES TRACE AMOUNT.




$$
