000
CDUS41 KBOX 062136
CLIBDL


CLIMATE REPORT
NATIONAL WEATHER SERVICE TAUNTON MA
436 PM EST TUE FEB 6 2018


...................................

...THE HARTFORD CT CLIMATE SUMMARY FOR FEBRUARY 6 2018...
VALID TODAY AS OF 0400 PM LOCAL TIME.

CLIMATE NORMAL PERIOD 1981 TO 2010
CLIMATE RECORD PERIOD 1904 TO 2018


WEATHER ITEM   OBSERVED TIME   RECORD YEAR NORMAL DEPARTURE LAST
                VALUE   (LST)  VALUE       VALUE  FROM      YEAR
                                                  NORMAL
..................................................................
TEMPERATURE (F)
 TODAY
  MAXIMUM         34    355 PM  57    1991  36     -2       40
  MINIMUM         15    124 AM  -7    2015  19     -4       28
  AVERAGE         25                        28     -3       34

PRECIPITATION (IN)
  TODAY            0.01          1.11 2004   0.11  -0.10     0.00
  MONTH TO DATE    1.15                      0.62   0.53     0.04
  SINCE DEC 1      7.42                      7.29   0.13     6.26
  SINCE JAN 1      5.01                      3.85   1.16     3.53

SNOWFALL (IN)
  TODAY            0.3          12.8  1978   0.5   -0.2      0.0
  MONTH TO DATE    0.7                       2.7   -2.0      0.7
  SINCE DEC 1     24.2                      22.4    1.8     19.3
  SINCE JUL 1     24.2                      24.4   -0.2     20.8
  SNOW DEPTH       0

DEGREE DAYS
 HEATING
  TODAY           40                        37      3       31
  MONTH TO DATE  225                       225      0      208
  SINCE DEC 1   2611                      2468    143     2211
  SINCE JUL 1   3602                      3675    -73     3248

 COOLING
  TODAY            0                         0      0        0
  MONTH TO DATE    0                         0      0        0
  SINCE DEC 1      0                         0      0        0
  SINCE JAN 1      0                         0      0        0
..................................................................


WIND (MPH)
  HIGHEST WIND SPEED    12   HIGHEST WIND DIRECTION     S (190)
  HIGHEST GUST SPEED    14   HIGHEST GUST DIRECTION    SW (210)
  AVERAGE WIND SPEED     4.4


SKY COVER
  POSSIBLE SUNSHINE  MM
  AVERAGE SKY COVER 0.8


WEATHER CONDITIONS
 THE FOLLOWING WEATHER WAS RECORDED TODAY.
  LIGHT SNOW
  FOG


RELATIVE HUMIDITY (PERCENT)
 HIGHEST    92          1000 AM
 LOWEST     47           400 PM
 AVERAGE    70

..........................................................


THE HARTFORD CT CLIMATE NORMALS FOR TOMORROW
                         NORMAL    RECORD    YEAR
 MAXIMUM TEMPERATURE (F)   37        55      1951
 MINIMUM TEMPERATURE (F)   20        -9      1995


SUNRISE AND SUNSET
FEBRUARY  6 2018......SUNRISE   658 AM EST   SUNSET   512 PM EST
FEBRUARY  7 2018......SUNRISE   657 AM EST   SUNSET   514 PM EST


-  INDICATES NEGATIVE NUMBERS.
R  INDICATES RECORD WAS SET OR TIED.
MM INDICATES DATA IS MISSING.
T  INDICATES TRACE AMOUNT.




$$
