000
CDUS41 KBOX 172210
CLIBDL


CLIMATE REPORT
NATIONAL WEATHER SERVICE TAUNTON MA
600 PM EDT SAT SEP 17 2016


...................................

...THE HARTFORD CT CLIMATE SUMMARY FOR SEPTEMBER 17 2016...
VALID AS OF 0600 PM LOCAL TIME.

CLIMATE NORMAL PERIOD 1981 TO 2010
CLIMATE RECORD PERIOD 1904 TO 2016


WEATHER ITEM   OBSERVED TIME   RECORD YEAR NORMAL DEPARTURE LAST
                VALUE   (LST)  VALUE       VALUE  FROM      YEAR
                                                  NORMAL
..................................................................
TEMPERATURE (F)
 TODAY
  MAXIMUM         78    333 PM  90    1991  75      3       88
                                      1972
                                      1915
  MINIMUM         47    547 AM  34    1984  52     -5       54
  AVERAGE         63                        63      0       71

PRECIPITATION (IN)
  TODAY            0.00          2.78 1934   0.13  -0.13      T
  MONTH TO DATE    0.98                      1.99  -1.01     2.43
  SINCE SEP 1      0.98                      1.99  -1.01     2.43
  SINCE JAN 1     23.32                     32.26  -8.94    27.84

SNOWFALL (IN)
  TODAY            0.0           0.0  2002   0.0    0.0      0.0
                                      2001
                                      2000
  MONTH TO DATE    0.0                       0.0    0.0      0.0
  SINCE SEP 1      0.0                       0.0    0.0      0.0
  SINCE JUL 1      0.0                       0.0    0.0      0.0
  SNOW DEPTH       0

DEGREE DAYS
 HEATING
  TODAY            2                         4     -2        0
  MONTH TO DATE    9                        35    -26        2
  SINCE SEP 1      9                        35    -26        2
  SINCE JUL 1      9                        47    -38        3

 COOLING
  TODAY            0                         2     -2        6
  MONTH TO DATE   93                        59     34      125
  SINCE SEP 1     93                        59     34      125
  SINCE JAN 1   1023                       734    289      939
..................................................................


WIND (MPH)
  HIGHEST WIND SPEED    20   HIGHEST WIND DIRECTION     S (190)
  HIGHEST GUST SPEED    25   HIGHEST GUST DIRECTION     S (200)
  AVERAGE WIND SPEED     6.8


SKY COVER
  POSSIBLE SUNSHINE  MM
  AVERAGE SKY COVER 0.6


WEATHER CONDITIONS
 THE FOLLOWING WEATHER WAS RECORDED TODAY.
  NO SIGNIFICANT WEATHER WAS OBSERVED.


RELATIVE HUMIDITY (PERCENT)
 HIGHEST    93           100 AM
 LOWEST     39           100 PM
 AVERAGE    66

..........................................................


THE HARTFORD CT CLIMATE NORMALS FOR TOMORROW
                         NORMAL    RECORD    YEAR
 MAXIMUM TEMPERATURE (F)   74        89      1906
 MINIMUM TEMPERATURE (F)   52        36      1986
                                             1984
                                             1961


SUNRISE AND SUNSET
SEPTEMBER 17 2016.....SUNRISE   633 AM EDT   SUNSET   656 PM EDT
SEPTEMBER 18 2016.....SUNRISE   634 AM EDT   SUNSET   654 PM EDT


-  INDICATES NEGATIVE NUMBERS.
R  INDICATES RECORD WAS SET OR TIED.
MM INDICATES DATA IS MISSING.
T  INDICATES TRACE AMOUNT.




$$
