000
CDUS41 KBOX 280551
CLIBDL


CLIMATE REPORT
NATIONAL WEATHER SERVICE TAUNTON MA
140 AM EDT FRI MAR 28 2014


...................................

...THE HARTFORD CT CLIMATE SUMMARY FOR MARCH 27 2014...

CLIMATE NORMAL PERIOD 1981 TO 2010
CLIMATE RECORD PERIOD 1904 TO 2014


WEATHER ITEM   OBSERVED TIME   RECORD YEAR NORMAL DEPARTURE LAST
                VALUE   (LST)  VALUE       VALUE  FROM      YEAR
                                                  NORMAL
..................................................................
TEMPERATURE (F)
 YESTERDAY
  MAXIMUM         46    401 PM  82    1998  52     -6       55
  MINIMUM         19    555 AM  16    1960  31    -12       25
  AVERAGE         33                        42     -9       40

PRECIPITATION (IN)
  YESTERDAY        0.00          1.41 1978   0.13  -0.13     0.00
  MONTH TO DATE    1.21                      3.14  -1.93     2.38
  SINCE MAR 1      1.21                      3.14  -1.93     2.38
  SINCE JAN 1      8.58                      9.26  -0.68     7.89

SNOWFALL (IN)
  YESTERDAY        0.0           5.0  1959   0.1   -0.1      0.0
  MONTH TO DATE    T                         5.9   -5.9      9.8
  SINCE MAR 1      T                         5.9   -5.9      9.8
  SINCE JUL 1     50.1                      38.6   11.5     56.9
  SNOW DEPTH       0

DEGREE DAYS
 HEATING
  YESTERDAY       32                        23      9       25
  MONTH TO DATE  944                       754    190      777
  SINCE MAR 1    944                       754    190      777
  SINCE JUL 1   5623                      5192    431     4929

 COOLING
  YESTERDAY        0                         0      0        0
  MONTH TO DATE    0                         0      0        0
  SINCE MAR 1      0                         0      0        0
  SINCE JAN 1      0                         0      0        0
..................................................................


WIND (MPH)
  RESULTANT WIND SPEED   5   RESULTANT WIND DIRECTION  SW (230)
  HIGHEST WIND SPEED    18   HIGHEST WIND DIRECTION     S (180)
  HIGHEST GUST SPEED    22   HIGHEST GUST DIRECTION     S (180)
  AVERAGE WIND SPEED    10.5


SKY COVER
  POSSIBLE SUNSHINE  MM
  AVERAGE SKY COVER 0.5


WEATHER CONDITIONS
 THE FOLLOWING WEATHER WAS RECORDED YESTERDAY.
  NO SIGNIFICANT WEATHER WAS OBSERVED.


RELATIVE HUMIDITY (PERCENT)
 HIGHEST    56          1100 PM
 LOWEST     16           300 PM
 AVERAGE    36

..........................................................


THE HARTFORD CT CLIMATE NORMALS FOR TODAY
                         NORMAL    RECORD    YEAR
 MAXIMUM TEMPERATURE (F)   52        84      1998
 MINIMUM TEMPERATURE (F)   32         8      1923


SUNRISE AND SUNSET
MARCH 28 2014.........SUNRISE   640 AM EDT   SUNSET   712 PM EDT
MARCH 29 2014.........SUNRISE   639 AM EDT   SUNSET   713 PM EDT


-  INDICATES NEGATIVE NUMBERS.
R  INDICATES RECORD WAS SET OR TIED.
MM INDICATES DATA IS MISSING.
T  INDICATES TRACE AMOUNT.




$$
