000
CDUS41 KBOX 170545
CLIBDL


CLIMATE REPORT
NATIONAL WEATHER SERVICE TAUNTON MA
1241 AM EST TUE JAN 17 2017


...................................

...THE HARTFORD CT CLIMATE SUMMARY FOR JANUARY 16 2017...

CLIMATE NORMAL PERIOD 1981 TO 2010
CLIMATE RECORD PERIOD 1904 TO 2017


WEATHER ITEM   OBSERVED TIME   RECORD YEAR NORMAL DEPARTURE LAST
                VALUE   (LST)  VALUE       VALUE  FROM      YEAR
                                                  NORMAL
..................................................................
TEMPERATURE (F)
 YESTERDAY
  MAXIMUM         43    313 PM  62    1995  34      9       42
  MINIMUM         16    719 AM  -8    1994  17     -1       34
                                      1984
  AVERAGE         30                        26      4       38

PRECIPITATION (IN)
  YESTERDAY        0.00          1.00 1924   0.11  -0.11     0.35
  MONTH TO DATE    1.66                      1.65   0.01     1.86
  SINCE DEC 1      4.39                      5.09  -0.70     6.11
  SINCE JAN 1      1.66                      1.65   0.01     1.86

SNOWFALL (IN)
  YESTERDAY        0.0           5.5  1961   0.4   -0.4      0.0
  MONTH TO DATE    4.1                       6.3   -2.2      0.3
  SINCE DEC 1     14.3                      13.7    0.6      1.3
  SINCE JUL 1     15.8                      15.7    0.1      1.3
  SNOW DEPTH       0

DEGREE DAYS
 HEATING
  YESTERDAY       35                        39     -4       27
  MONTH TO DATE  565                       621    -56      552
  SINCE DEC 1   1575                      1658    -83     1222
  SINCE JUL 1   2612                      2865   -253     2206

 COOLING
  YESTERDAY        0                         0      0        0
  MONTH TO DATE    0                         0      0        0
  SINCE DEC 1      0                         0      0        0
  SINCE JAN 1      0                         0      0        0
..................................................................


WIND (MPH)
  RESULTANT WIND SPEED   4   RESULTANT WIND DIRECTION   S (180)
  HIGHEST WIND SPEED    12   HIGHEST WIND DIRECTION     S (190)
  HIGHEST GUST SPEED    14   HIGHEST GUST DIRECTION    SW (210)
  AVERAGE WIND SPEED     4.6


SKY COVER
  POSSIBLE SUNSHINE  MM
  AVERAGE SKY COVER 0.4


WEATHER CONDITIONS
 THE FOLLOWING WEATHER WAS RECORDED YESTERDAY.
  NO SIGNIFICANT WEATHER WAS OBSERVED.


RELATIVE HUMIDITY (PERCENT)
 HIGHEST    92           800 AM
 LOWEST     36           300 PM
 AVERAGE    64

..........................................................


THE HARTFORD CT CLIMATE NORMALS FOR TODAY
                         NORMAL    RECORD    YEAR
 MAXIMUM TEMPERATURE (F)   34        60      1973
 MINIMUM TEMPERATURE (F)   17        -9      1971


SUNRISE AND SUNSET
JANUARY 17 2017.......SUNRISE   715 AM EST   SUNSET   447 PM EST
JANUARY 18 2017.......SUNRISE   714 AM EST   SUNSET   448 PM EST


-  INDICATES NEGATIVE NUMBERS.
R  INDICATES RECORD WAS SET OR TIED.
MM INDICATES DATA IS MISSING.
T  INDICATES TRACE AMOUNT.




$$
