000
CDUS41 KBOX 182123
CLIBDL


CLIMATE REPORT
NATIONAL WEATHER SERVICE TAUNTON MA
523 PM EDT THU SEP 18 2014


...................................

...THE HARTFORD CT CLIMATE SUMMARY FOR SEPTEMBER 18 2014...
VALID AS OF 0500 PM LOCAL TIME.

CLIMATE NORMAL PERIOD 1981 TO 2010
CLIMATE RECORD PERIOD 1904 TO 2014


WEATHER ITEM   OBSERVED TIME   RECORD YEAR NORMAL DEPARTURE LAST
                VALUE   (LST)  VALUE       VALUE  FROM      YEAR
                                                  NORMAL
..................................................................
TEMPERATURE (F)
 TODAY
  MAXIMUM         76    252 PM  89    1906  74      2       73
  MINIMUM         44    542 AM  36    1986  52     -8       37
                                      1984
                                      1961
  AVERAGE         60                        63     -3       55

PRECIPITATION (IN)
  TODAY            0.00          2.84 2004   0.14  -0.14     0.00
  MONTH TO DATE    0.46                      2.13  -1.67     2.26
  SINCE SEP 1      0.46                      2.13  -1.67     2.26
  SINCE JAN 1     32.43                     32.40   0.03    40.26

SNOWFALL (IN)
  TODAY            0.0           0.0  2002   0.0    0.0      0.0
                                      2001
                                      2000
  MONTH TO DATE    0.0                       0.0    0.0      0.0
  SINCE SEP 1      0.0                       0.0    0.0      0.0
  SINCE JUL 1      0.0                       0.0    0.0      0.0
  SNOW DEPTH       0

DEGREE DAYS
 HEATING
  TODAY            5                         4      1       10
  MONTH TO DATE   42                        39      3       61
  SINCE SEP 1     42                        39      3       61
  SINCE JUL 1     44                        51     -7       63

 COOLING
  TODAY            0                         2     -2        0
  MONTH TO DATE   80                        61     19       65
  SINCE SEP 1     80                        61     19       65
  SINCE JAN 1    739                       736      3      889
..................................................................


WIND (MPH)
  HIGHEST WIND SPEED    12   HIGHEST WIND DIRECTION     W (280)
  HIGHEST GUST SPEED    14   HIGHEST GUST DIRECTION     W (290)
  AVERAGE WIND SPEED     2.5


SKY COVER
  POSSIBLE SUNSHINE  MM
  AVERAGE SKY COVER 0.2


WEATHER CONDITIONS
 THE FOLLOWING WEATHER WAS RECORDED TODAY.
  NO SIGNIFICANT WEATHER WAS OBSERVED.


RELATIVE HUMIDITY (PERCENT)
 HIGHEST    92           400 AM
 LOWEST     33           300 PM
 AVERAGE    63

..........................................................


THE HARTFORD CT CLIMATE NORMALS FOR TOMORROW
                         NORMAL    RECORD    YEAR
 MAXIMUM TEMPERATURE (F)   74        93      1983
 MINIMUM TEMPERATURE (F)   51        33      1956


SUNRISE AND SUNSET
SEPTEMBER 18 2014.....SUNRISE   634 AM EDT   SUNSET   655 PM EDT
SEPTEMBER 19 2014.....SUNRISE   635 AM EDT   SUNSET   653 PM EDT


-  INDICATES NEGATIVE NUMBERS.
R  INDICATES RECORD WAS SET OR TIED.
MM INDICATES DATA IS MISSING.
T  INDICATES TRACE AMOUNT.




$$
