000
CDUS41 KBOX 120539
CLIBDL


CLIMATE REPORT
NATIONAL WEATHER SERVICE TAUNTON MA
137 AM EDT FRI AUG 12 2016


...................................

...THE HARTFORD CT CLIMATE SUMMARY FOR AUGUST 11 2016...

CLIMATE NORMAL PERIOD 1981 TO 2010
CLIMATE RECORD PERIOD 1904 TO 2016


WEATHER ITEM   OBSERVED TIME   RECORD YEAR NORMAL DEPARTURE LAST
                VALUE   (LST)  VALUE       VALUE  FROM      YEAR
                                                  NORMAL
..................................................................
TEMPERATURE (F)
 YESTERDAY
  MAXIMUM         92   1239 PM  98    1949  84      8       76
                                      1944
  MINIMUM         73    347 AM  49    2007  62     11       67
                                      1941
  AVERAGE         83                        73     10       72

PRECIPITATION (IN)
  YESTERDAY        0.39          2.98 1989   0.14   0.25     1.08
  MONTH TO DATE    1.74                      1.60   0.14     1.09
  SINCE JUN 1      5.95                     10.13  -4.18    10.85
  SINCE JAN 1     19.89                     27.94  -8.05    24.42

SNOWFALL (IN)
  YESTERDAY        0.0           0.0  2002   0.0    0.0      0.0
                                      2001
                                      2000
  MONTH TO DATE    0.0                       0.0    0.0      0.0
  SINCE JUN 1      0.0                       0.0    0.0      0.0
  SINCE JUL 1      0.0                       0.0    0.0      0.0
  SNOW DEPTH       0

DEGREE DAYS
 HEATING
  YESTERDAY        0                         0      0        0
  MONTH TO DATE    0                         0      0        0
  SINCE JUN 1     16                        43    -27       49
  SINCE JUL 1      0                         3     -3        1

 COOLING
  YESTERDAY       18                         8     10        7
  MONTH TO DATE  115                        91     24       89
  SINCE JUN 1    625                       504    121      505
  SINCE JAN 1    699                       543    156      622
..................................................................


WIND (MPH)
  RESULTANT WIND SPEED   4   RESULTANT WIND DIRECTION   S (160)
  HIGHEST WIND SPEED    16   HIGHEST WIND DIRECTION    NW (330)
  HIGHEST GUST SPEED    21   HIGHEST GUST DIRECTION    NW (330)
  AVERAGE WIND SPEED     6.0


SKY COVER
  POSSIBLE SUNSHINE  MM
  AVERAGE SKY COVER 0.8


WEATHER CONDITIONS
 THE FOLLOWING WEATHER WAS RECORDED YESTERDAY.
  THUNDERSTORM
  HEAVY RAIN
  RAIN
  LIGHT RAIN
  FOG


RELATIVE HUMIDITY (PERCENT)
 HIGHEST   100           500 AM
 LOWEST     55           200 PM
 AVERAGE    78

..........................................................


THE HARTFORD CT CLIMATE NORMALS FOR TODAY
                         NORMAL    RECORD    YEAR
 MAXIMUM TEMPERATURE (F)   84        98      1944
 MINIMUM TEMPERATURE (F)   62        47      2006
                                             1968


SUNRISE AND SUNSET
AUGUST 12 2016........SUNRISE   556 AM EDT   SUNSET   755 PM EDT
AUGUST 13 2016........SUNRISE   557 AM EDT   SUNSET   753 PM EDT


-  INDICATES NEGATIVE NUMBERS.
R  INDICATES RECORD WAS SET OR TIED.
MM INDICATES DATA IS MISSING.
T  INDICATES TRACE AMOUNT.




$$
