000
CDUS41 KBOX 130542
CLIBDL


CLIMATE REPORT
NATIONAL WEATHER SERVICE TAUNTON MA
140 AM EDT SAT SEP 13 2014


...................................

...THE HARTFORD CT CLIMATE SUMMARY FOR SEPTEMBER 12 2014...

CLIMATE NORMAL PERIOD 1981 TO 2010
CLIMATE RECORD PERIOD 1904 TO 2014


WEATHER ITEM   OBSERVED TIME   RECORD YEAR NORMAL DEPARTURE LAST
                VALUE   (LST)  VALUE       VALUE  FROM      YEAR
                                                  NORMAL
..................................................................
TEMPERATURE (F)
 YESTERDAY
  MAXIMUM         75    225 PM  92    1961  76     -1       87
  MINIMUM         52   1151 PM  36    1958  54     -2       68
  AVERAGE         64                        65     -1       78

PRECIPITATION (IN)
  YESTERDAY        0.00          5.10 1960   0.12  -0.12     0.77
  MONTH TO DATE    0.21                      1.33  -1.12     2.19
  SINCE SEP 1      0.21                      1.33  -1.12     2.19
  SINCE JAN 1     32.18                     31.60   0.58    40.19

SNOWFALL (IN)
  YESTERDAY        0.0           0.0  2002   0.0    0.0      0.0
                                      2001
                                      2000
  MONTH TO DATE    0.0                       0.0    0.0      0.0
  SINCE SEP 1      0.0                       0.0    0.0      0.0
  SINCE JUL 1      0.0                       0.0    0.0      0.0
  SNOW DEPTH       0

DEGREE DAYS
 HEATING
  YESTERDAY        1                         3     -2        0
  MONTH TO DATE    3                        19    -16       18
  SINCE SEP 1      3                        19    -16       18
  SINCE JUL 1      5                        31    -26       20

 COOLING
  YESTERDAY        0                         3     -3       13
  MONTH TO DATE   80                        47     33       62
  SINCE SEP 1     80                        47     33       62
  SINCE JAN 1    739                       722     17      886
..................................................................


WIND (MPH)
  RESULTANT WIND SPEED   7   RESULTANT WIND DIRECTION   N (350)
  HIGHEST WIND SPEED    17   HIGHEST WIND DIRECTION     N (20)
  HIGHEST GUST SPEED    23   HIGHEST GUST DIRECTION     N (20)
  AVERAGE WIND SPEED     8.0


SKY COVER
  POSSIBLE SUNSHINE  MM
  AVERAGE SKY COVER 0.3


WEATHER CONDITIONS
 THE FOLLOWING WEATHER WAS RECORDED YESTERDAY.
  NO SIGNIFICANT WEATHER WAS OBSERVED.


RELATIVE HUMIDITY (PERCENT)
 HIGHEST    80           100 AM
 LOWEST     41          1200 PM
 AVERAGE    61

..........................................................


THE HARTFORD CT CLIMATE NORMALS FOR TODAY
                         NORMAL    RECORD    YEAR
 MAXIMUM TEMPERATURE (F)   76        91      2005
                                             1974
                                             1957
 MINIMUM TEMPERATURE (F)   54        40      1985
                                             1958
                                             1943


SUNRISE AND SUNSET
SEPTEMBER 13 2014.....SUNRISE   629 AM EDT   SUNSET   704 PM EDT
SEPTEMBER 14 2014.....SUNRISE   630 AM EDT   SUNSET   702 PM EDT


-  INDICATES NEGATIVE NUMBERS.
R  INDICATES RECORD WAS SET OR TIED.
MM INDICATES DATA IS MISSING.
T  INDICATES TRACE AMOUNT.




$$
