000
CDUS41 KBOX 052130
CLIBDL


CLIMATE REPORT
NATIONAL WEATHER SERVICE TAUNTON MA
527 PM EDT FRI MAY 5 2017


...................................

...THE HARTFORD CT CLIMATE SUMMARY FOR MAY 5 2017...
VALID AS OF 0500 PM LOCAL TIME.

CLIMATE NORMAL PERIOD 1981 TO 2010
CLIMATE RECORD PERIOD 1904 TO 2017


WEATHER ITEM   OBSERVED TIME   RECORD YEAR NORMAL DEPARTURE LAST
                VALUE   (LST)  VALUE       VALUE  FROM      YEAR
                                                  NORMAL
..................................................................
TEMPERATURE (F)
 TODAY
  MAXIMUM         52    359 PM  93    1949  68    -16       53
  MINIMUM         46    759 AM  30    2005  45      1       44
  AVERAGE         49                        56     -7       49

PRECIPITATION (IN)
  TODAY            1.32          1.86 1922   0.13   1.19      T
  MONTH TO DATE    1.32                      0.62   0.70     1.18
  SINCE MAR 1      9.02                      7.96   1.06     5.82
  SINCE JAN 1     15.00                     14.08   0.92    12.65

SNOWFALL (IN)
  TODAY            0.0           T    1917   0.0    0.0      0.0
  MONTH TO DATE    0.0                       0.0    0.0      0.0
  SINCE MAR 1     19.6                       7.8   11.8      9.8
  SINCE JUL 1     62.3                      40.5   21.8     26.9
  SNOW DEPTH       0

DEGREE DAYS
 HEATING
  TODAY           16                         9      7       16
  MONTH TO DATE   47                        48     -1       83
  SINCE MAR 1   1389                      1363     26     1243
  SINCE JUL 1   5282                      5801   -519     4919

 COOLING
  TODAY            0                         0      0        0
  MONTH TO DATE    0                         0      0        0
  SINCE MAR 1     23                         6     17        2
  SINCE JAN 1     23                         6     17        2
..................................................................


WIND (MPH)
  HIGHEST WIND SPEED    15   HIGHEST WIND DIRECTION    NE (30)
  HIGHEST GUST SPEED    18   HIGHEST GUST DIRECTION    NE (30)
  AVERAGE WIND SPEED     7.0


SKY COVER
  POSSIBLE SUNSHINE  MM
  AVERAGE SKY COVER 1.0


WEATHER CONDITIONS
 THE FOLLOWING WEATHER WAS RECORDED TODAY.
  HEAVY RAIN
  RAIN
  LIGHT RAIN
  FOG


RELATIVE HUMIDITY (PERCENT)
 HIGHEST   100          1000 AM
 LOWEST     56          1200 AM
 AVERAGE    78

..........................................................


THE HARTFORD CT CLIMATE NORMALS FOR TOMORROW
                         NORMAL    RECORD    YEAR
 MAXIMUM TEMPERATURE (F)   68        89      1930
 MINIMUM TEMPERATURE (F)   45        32      1992
                                             1961


SUNRISE AND SUNSET
MAY  5 2017...........SUNRISE   541 AM EDT   SUNSET   754 PM EDT
MAY  6 2017...........SUNRISE   540 AM EDT   SUNSET   755 PM EDT


-  INDICATES NEGATIVE NUMBERS.
R  INDICATES RECORD WAS SET OR TIED.
MM INDICATES DATA IS MISSING.
T  INDICATES TRACE AMOUNT.




$$
