000
CDUS41 KBOX 010530
CLIBDL


CLIMATE REPORT
NATIONAL WEATHER SERVICE TAUNTON MA
130 AM EDT TUE JUL 1 2014


...................................

...THE HARTFORD CT CLIMATE SUMMARY FOR JUNE 30 2014...

CLIMATE NORMAL PERIOD 1981 TO 2010
CLIMATE RECORD PERIOD 1904 TO 2014


WEATHER ITEM   OBSERVED TIME   RECORD YEAR NORMAL DEPARTURE LAST
                VALUE   (LST)  VALUE       VALUE  FROM      YEAR
                                                  NORMAL
..................................................................
TEMPERATURE (F)
 YESTERDAY
  MAXIMUM         89    106 PM 100    1964  83      6       87
  MINIMUM         61    455 AM  44    1988  61      0       71
  AVERAGE         75                        72      3       79

PRECIPITATION (IN)
  YESTERDAY        0.00          2.70 1998   0.12  -0.12      T
  MONTH TO DATE    1.71                      4.35  -2.64    10.79
  SINCE JUN 1      1.71                      4.35  -2.64    10.79
  SINCE JAN 1     23.72                     22.16   1.56    26.93

SNOWFALL (IN)
  YESTERDAY        0.0           0.0  2002   0.0    0.0      0.0
                                      2001
                                      2000
  MONTH TO DATE    0.0                       0.0    0.0      0.0
  SINCE JUN 1      0.0                       0.0    0.0      0.0
  SINCE JUL 1     51.1                      40.5   10.6     56.9
  SNOW DEPTH       0

DEGREE DAYS
 HEATING
  YESTERDAY        0                         0      0        0
  MONTH TO DATE    6                        39    -33       33
  SINCE JUN 1      6                        40    -34       33
  SINCE JUL 1   6359                      5998    361     5717

 COOLING
  YESTERDAY       10                         7      3       14
  MONTH TO DATE  148                       144      4      175
  SINCE JUN 1    148                       144      4      175
  SINCE JAN 1    180                       183     -3      229
..................................................................


WIND (MPH)
  RESULTANT WIND SPEED   9   RESULTANT WIND DIRECTION   S (200)
  HIGHEST WIND SPEED    18   HIGHEST WIND DIRECTION    SW (240)
  HIGHEST GUST SPEED    24   HIGHEST GUST DIRECTION    SW (240)
  AVERAGE WIND SPEED     9.4


SKY COVER
  POSSIBLE SUNSHINE  MM
  AVERAGE SKY COVER 0.4


WEATHER CONDITIONS
 THE FOLLOWING WEATHER WAS RECORDED YESTERDAY.
  NO SIGNIFICANT WEATHER WAS OBSERVED.


RELATIVE HUMIDITY (PERCENT)
 HIGHEST    87           600 AM
 LOWEST     39          1200 PM
 AVERAGE    63

..........................................................


THE HARTFORD CT CLIMATE NORMALS FOR TODAY
                         NORMAL    RECORD    YEAR
 MAXIMUM TEMPERATURE (F)   83       101      1964
 MINIMUM TEMPERATURE (F)   61        46      1988


SUNRISE AND SUNSET
JULY  1 2014..........SUNRISE   519 AM EDT   SUNSET   830 PM EDT
JULY  2 2014..........SUNRISE   520 AM EDT   SUNSET   830 PM EDT


-  INDICATES NEGATIVE NUMBERS.
R  INDICATES RECORD WAS SET OR TIED.
MM INDICATES DATA IS MISSING.
T  INDICATES TRACE AMOUNT.




$$
