000
CDUS41 KBOX 181220
CLIBDL


CLIMATE REPORT
NATIONAL WEATHER SERVICE TAUNTON MA
718 AM EST TUE NOV 18 2014


...................................

...THE HARTFORD CT CLIMATE SUMMARY FOR NOVEMBER 17 2014...

CLIMATE NORMAL PERIOD 1981 TO 2010
CLIMATE RECORD PERIOD 1904 TO 2014


WEATHER ITEM   OBSERVED TIME   RECORD YEAR NORMAL DEPARTURE LAST
                VALUE   (LST)  VALUE       VALUE  FROM      YEAR
                                                  NORMAL
..................................................................
TEMPERATURE (F)
 YESTERDAY
  MAXIMUM         40   1159 PM  72    1928  51    -11       56
  MINIMUM         36    756 AM   6    1924  33      3       33
  AVERAGE         38                        42     -4       45

PRECIPITATION (IN)
  YESTERDAY        1.21          1.74 1920   0.13   1.08     0.01
  MONTH TO DATE    1.83                      2.15  -0.32     0.26
  SINCE SEP 1      7.37                     10.40  -3.03     6.03
  SINCE JAN 1     39.34                     40.67  -1.33    44.03

SNOWFALL (IN)
  YESTERDAY        0.0           2.7  1980   0.1   -0.1      0.0
  MONTH TO DATE    T                         0.8   -0.8       T
  SINCE SEP 1      T                         0.8   -0.8       T
  SINCE JUL 1      T                         0.8   -0.8       T
  SNOW DEPTH       0

DEGREE DAYS
 HEATING
  YESTERDAY       27                        23      4       20
  MONTH TO DATE  359                       347     12      356
  SINCE SEP 1    742                       864   -122      837
  SINCE JUL 1    744                       876   -132      839

 COOLING
  YESTERDAY        0                         0      0        0
  MONTH TO DATE    0                         0      0        0
  SINCE SEP 1    112                        81     31       70
  SINCE JAN 1    771                       756     15      894
..................................................................


WIND (MPH)
  RESULTANT WIND SPEED   3   RESULTANT WIND DIRECTION   N (0)
  HIGHEST WIND SPEED    10   HIGHEST WIND DIRECTION    NW (310)
  HIGHEST GUST SPEED    12   HIGHEST GUST DIRECTION    NW (310)
  AVERAGE WIND SPEED     4.3


SKY COVER
  POSSIBLE SUNSHINE  MM
  AVERAGE SKY COVER 1.0


WEATHER CONDITIONS
 THE FOLLOWING WEATHER WAS RECORDED YESTERDAY.
  RAIN
  LIGHT RAIN
  FOG


RELATIVE HUMIDITY (PERCENT)
 HIGHEST    92           500 AM
 LOWEST     59          1200 AM
 AVERAGE    76

..........................................................


THE HARTFORD CT CLIMATE NORMALS FOR TODAY
                         NORMAL    RECORD    YEAR
 MAXIMUM TEMPERATURE (F)   51        73      1963
                                             1953
 MINIMUM TEMPERATURE (F)   33        15      1936
                                             1924


SUNRISE AND SUNSET
NOVEMBER 18 2014......SUNRISE   644 AM EST   SUNSET   427 PM EST
NOVEMBER 19 2014......SUNRISE   645 AM EST   SUNSET   427 PM EST


-  INDICATES NEGATIVE NUMBERS.
R  INDICATES RECORD WAS SET OR TIED.
MM INDICATES DATA IS MISSING.
T  INDICATES TRACE AMOUNT.




$$
