000
CDUS41 KBOX 222137
CLIBDL


CLIMATE REPORT
NATIONAL WEATHER SERVICE TAUNTON MA
536 PM EDT MON JUN 22 2015


...................................

...THE HARTFORD CT CLIMATE SUMMARY FOR JUNE 22 2015...
VALID TODAY AS OF 0500 PM LOCAL TIME.

CLIMATE NORMAL PERIOD 1981 TO 2010
CLIMATE RECORD PERIOD 1904 TO 2015


WEATHER ITEM   OBSERVED TIME   RECORD YEAR NORMAL DEPARTURE LAST
                VALUE   (LST)  VALUE       VALUE  FROM      YEAR
                                                  NORMAL
..................................................................
TEMPERATURE (F)
 TODAY
  MAXIMUM         86    137 PM  95    1921  81      5       81
  MINIMUM         66    344 AM  41    1940  59      7       54
  AVERAGE         76                        70      6       68

PRECIPITATION (IN)
  TODAY            0.00          2.01 1918   0.12  -0.12     0.00
  MONTH TO DATE    5.17                      3.40   1.77     1.44
  SINCE JUN 1      5.17                      3.40   1.77     1.44
  SINCE JAN 1     18.74                     21.21  -2.47    23.45

SNOWFALL (IN)
  TODAY            0.0           T    1955   0.0    0.0      0.0
  MONTH TO DATE    0.0                       0.0    0.0      0.0
  SINCE JUN 1      0.0                       0.0    0.0      0.0
  SINCE JUL 1     63.8                      40.5   23.3     51.1
  SNOW DEPTH       0

DEGREE DAYS
 HEATING
  TODAY            0                         1     -1        0
  MONTH TO DATE   41                        39      2        6
  SINCE JUN 1     41                        39      2        6
  SINCE JUL 1   6219                      5997    222     6359

 COOLING
  TODAY           11                         6      5        3
  MONTH TO DATE   97                        90      7       79
  SINCE JUN 1     97                        90      7       79
  SINCE JAN 1    214                       129     85      111
..................................................................


WIND (MPH)
  HIGHEST WIND SPEED    20   HIGHEST WIND DIRECTION    NW (320)
  HIGHEST GUST SPEED    25   HIGHEST GUST DIRECTION    NW (310)
  AVERAGE WIND SPEED     8.9


SKY COVER
  POSSIBLE SUNSHINE  MM
  AVERAGE SKY COVER 0.3


WEATHER CONDITIONS
 THE FOLLOWING WEATHER WAS RECORDED TODAY.
  NO SIGNIFICANT WEATHER WAS OBSERVED.


RELATIVE HUMIDITY (PERCENT)
 HIGHEST    90          1200 AM
 LOWEST     37           300 PM
 AVERAGE    64

..........................................................


THE HARTFORD CT CLIMATE NORMALS FOR TOMORROW
                         NORMAL    RECORD    YEAR
 MAXIMUM TEMPERATURE (F)   82        97      1965
 MINIMUM TEMPERATURE (F)   60        45      1940


SUNRISE AND SUNSET
JUNE 22 2015..........SUNRISE   516 AM EDT   SUNSET   830 PM EDT
JUNE 23 2015..........SUNRISE   516 AM EDT   SUNSET   830 PM EDT


-  INDICATES NEGATIVE NUMBERS.
R  INDICATES RECORD WAS SET OR TIED.
MM INDICATES DATA IS MISSING.
T  INDICATES TRACE AMOUNT.




$$
