000
CDUS41 KBOX 182148
CLIBDL


CLIMATE REPORT
NATIONAL WEATHER SERVICE TAUNTON MA
537 PM EDT MON AUG 18 2014


...................................

...THE HARTFORD CT CLIMATE SUMMARY FOR AUGUST 18 2014...
VALID AS OF 0500 PM LOCAL TIME.

CLIMATE NORMAL PERIOD 1981 TO 2010
CLIMATE RECORD PERIOD 1904 TO 2014


WEATHER ITEM   OBSERVED TIME   RECORD YEAR NORMAL DEPARTURE LAST
                VALUE   (LST)  VALUE       VALUE  FROM      YEAR
                                                  NORMAL
..................................................................
TEMPERATURE (F)
 TODAY
  MAXIMUM         79    319 PM  96    2002  83     -4       78
  MINIMUM         54    533 AM  45    1941  61     -7       59
  AVERAGE         67                        72     -5       69

PRECIPITATION (IN)
  TODAY            0.00          6.27 1955   0.12  -0.12      T
  MONTH TO DATE    3.32                      2.49   0.83     5.31
  SINCE JUN 1      9.52                     11.02  -1.50    20.29
  SINCE JAN 1     31.53                     28.83   2.70    36.43

SNOWFALL (IN)
  TODAY            0.0           0.0  2002   0.0    0.0      0.0
                                      2001
                                      2000
  MONTH TO DATE    0.0                       0.0    0.0      0.0
  SINCE JUN 1      0.0                       0.0    0.0      0.0
  SINCE JUL 1      0.0                       0.0    0.0      0.0
  SNOW DEPTH       0

DEGREE DAYS
 HEATING
  TODAY            0                         0      0        0
  MONTH TO DATE    2                         0      2        0
  SINCE JUN 1      8                        43    -35       35
  SINCE JUL 1      2                         3     -1        2

 COOLING
  TODAY            2                         7     -5        4
  MONTH TO DATE  100                       144    -44       84
  SINCE JUN 1    552                       557     -5      672
  SINCE JAN 1    584                       596    -12      726
..................................................................


WIND (MPH)
  HIGHEST WIND SPEED    17   HIGHEST WIND DIRECTION     W (290)
  HIGHEST GUST SPEED    24   HIGHEST GUST DIRECTION    NW (310)
  AVERAGE WIND SPEED     5.6


SKY COVER
  POSSIBLE SUNSHINE  MM
  AVERAGE SKY COVER 0.3


WEATHER CONDITIONS
 THE FOLLOWING WEATHER WAS RECORDED TODAY.
  NO SIGNIFICANT WEATHER WAS OBSERVED.


RELATIVE HUMIDITY (PERCENT)
 HIGHEST    86           300 AM
 LOWEST     35           200 PM
 AVERAGE    61

..........................................................


THE HARTFORD CT CLIMATE NORMALS FOR TOMORROW
                         NORMAL    RECORD    YEAR
 MAXIMUM TEMPERATURE (F)   83        95      1966
 MINIMUM TEMPERATURE (F)   61        46      1977
                                             1963


SUNRISE AND SUNSET
AUGUST 18 2014........SUNRISE   602 AM EDT   SUNSET   747 PM EDT
AUGUST 19 2014........SUNRISE   603 AM EDT   SUNSET   745 PM EDT


-  INDICATES NEGATIVE NUMBERS.
R  INDICATES RECORD WAS SET OR TIED.
MM INDICATES DATA IS MISSING.
T  INDICATES TRACE AMOUNT.




$$
