000
CDUS41 KBOX 200541
CLIBDL


CLIMATE REPORT
NATIONAL WEATHER SERVICE TAUNTON MA
1238 AM EST SAT DEC 20 2014


...................................

...THE HARTFORD CT CLIMATE SUMMARY FOR DECEMBER 19 2014...

CLIMATE NORMAL PERIOD 1981 TO 2010
CLIMATE RECORD PERIOD 1904 TO 2014


WEATHER ITEM   OBSERVED TIME   RECORD YEAR NORMAL DEPARTURE LAST
                VALUE   (LST)  VALUE       VALUE  FROM      YEAR
                                                  NORMAL
..................................................................
TEMPERATURE (F)
 YESTERDAY
  MAXIMUM         36    138 PM  54    1949  38     -2       44
  MINIMUM         26   1115 PM  -3    1942  22      4       21
                                      1919
  AVERAGE         31                        30      1       33

PRECIPITATION (IN)
  YESTERDAY        0.00          1.44 1934   0.10  -0.10     0.00
  MONTH TO DATE    3.80                      2.21   1.59     2.01
  SINCE DEC 1      3.80                      2.21   1.59     2.01
  SINCE JAN 1     45.08                     44.62   0.46    49.80

SNOWFALL (IN)
  YESTERDAY        0.0          16.7  1945   0.3   -0.3      0.0
  MONTH TO DATE    0.1                       3.8   -3.7     12.4
  SINCE DEC 1      0.1                       3.8   -3.7     12.4
  SINCE JUL 1      5.2                       5.8   -0.6     12.4
  SNOW DEPTH       0

DEGREE DAYS
 HEATING
  YESTERDAY       34                        35     -1       32
  MONTH TO DATE  563                       598    -35      692
  SINCE DEC 1    563                       598    -35      692
  SINCE JUL 1   1660                      1805   -145     1924

 COOLING
  YESTERDAY        0                         0      0        0
  MONTH TO DATE    0                         0      0        0
  SINCE DEC 1      0                         0      0        0
  SINCE JAN 1    771                       756     15      894
..................................................................


WIND (MPH)
  RESULTANT WIND SPEED  11   RESULTANT WIND DIRECTION  NW (310)
  HIGHEST WIND SPEED    20   HIGHEST WIND DIRECTION    NW (300)
  HIGHEST GUST SPEED    25   HIGHEST GUST DIRECTION    NW (300)
  AVERAGE WIND SPEED    11.3


SKY COVER
  POSSIBLE SUNSHINE  MM
  AVERAGE SKY COVER 0.9


WEATHER CONDITIONS
 THE FOLLOWING WEATHER WAS RECORDED YESTERDAY.
  NO SIGNIFICANT WEATHER WAS OBSERVED.


RELATIVE HUMIDITY (PERCENT)
 HIGHEST    75          1100 PM
 LOWEST     52           500 AM
 AVERAGE    64

..........................................................


THE HARTFORD CT CLIMATE NORMALS FOR TODAY
                         NORMAL    RECORD    YEAR
 MAXIMUM TEMPERATURE (F)   38        61      1957
 MINIMUM TEMPERATURE (F)   22       -10      1942


SUNRISE AND SUNSET
DECEMBER 20 2014......SUNRISE   715 AM EST   SUNSET   422 PM EST
DECEMBER 21 2014......SUNRISE   715 AM EST   SUNSET   423 PM EST


-  INDICATES NEGATIVE NUMBERS.
R  INDICATES RECORD WAS SET OR TIED.
MM INDICATES DATA IS MISSING.
T  INDICATES TRACE AMOUNT.




$$
