000
CDUS41 KBOX 190532
CLIBDL


CLIMATE REPORT
NATIONAL WEATHER SERVICE TAUNTON MA
1232 AM EST SUN FEB 19 2017


...................................

...THE HARTFORD CT CLIMATE SUMMARY FOR FEBRUARY 18 2017...

CLIMATE NORMAL PERIOD 1981 TO 2010
CLIMATE RECORD PERIOD 1904 TO 2017


WEATHER ITEM   OBSERVED TIME   RECORD YEAR NORMAL DEPARTURE LAST
                VALUE   (LST)  VALUE       VALUE  FROM      YEAR
                                                  NORMAL
..................................................................
TEMPERATURE (F)
 YESTERDAY
  MAXIMUM         53    315 PM  68    1981  39     14       34
  MINIMUM         17    359 AM  -9    1979  22     -5       20
  AVERAGE         35                        30      5       27

PRECIPITATION (IN)
  YESTERDAY        0.00          0.91 2008   0.11  -0.11     0.00
  MONTH TO DATE    2.09                      1.84   0.25     2.70
  SINCE DEC 1      8.31                      8.51  -0.20     8.91
  SINCE JAN 1      5.58                      5.07   0.51     4.66

SNOWFALL (IN)
  YESTERDAY        0.0           6.3  1928   0.4   -0.4      0.0
  MONTH TO DATE   22.6                       7.7   14.9     13.7
  SINCE DEC 1     41.2                      27.4   13.8     16.6
  SINCE JUL 1     42.7                      29.4   13.3     16.6
  SNOW DEPTH       9

DEGREE DAYS
 HEATING
  YESTERDAY       30                        35     -5       38
  MONTH TO DATE  650                       656     -6      677
  SINCE DEC 1   2653                      2899   -246     2418
  SINCE JUL 1   3690                      4106   -416     3402

 COOLING
  YESTERDAY        0                         0      0        0
  MONTH TO DATE    0                         0      0        0
  SINCE DEC 1      0                         0      0        0
  SINCE JAN 1      0                         0      0        0
..................................................................


WIND (MPH)
  RESULTANT WIND SPEED   7   RESULTANT WIND DIRECTION   S (180)
  HIGHEST WIND SPEED    21   HIGHEST WIND DIRECTION     S (200)
  HIGHEST GUST SPEED    27   HIGHEST GUST DIRECTION    SW (210)
  AVERAGE WIND SPEED     7.2


SKY COVER
  POSSIBLE SUNSHINE  MM
  AVERAGE SKY COVER 0.5


WEATHER CONDITIONS
 THE FOLLOWING WEATHER WAS RECORDED YESTERDAY.
  NO SIGNIFICANT WEATHER WAS OBSERVED.


RELATIVE HUMIDITY (PERCENT)
 HIGHEST    77           500 AM
 LOWEST     38           300 PM
 AVERAGE    58

..........................................................


THE HARTFORD CT CLIMATE NORMALS FOR TODAY
                         NORMAL    RECORD    YEAR
 MAXIMUM TEMPERATURE (F)   40        67      1981
 MINIMUM TEMPERATURE (F)   22         1      1996
                                             1936


SUNRISE AND SUNSET
FEBRUARY 19 2017......SUNRISE   641 AM EST   SUNSET   529 PM EST
FEBRUARY 20 2017......SUNRISE   639 AM EST   SUNSET   530 PM EST


-  INDICATES NEGATIVE NUMBERS.
R  INDICATES RECORD WAS SET OR TIED.
MM INDICATES DATA IS MISSING.
T  INDICATES TRACE AMOUNT.




$$
