616
CDUS41 KBOX 050527
CLIBDL


CLIMATE REPORT
NATIONAL WEATHER SERVICE TAUNTON MA
126 AM EDT THU MAY 5 2016


...................................

...THE HARTFORD CT CLIMATE SUMMARY FOR MAY 4 2016...

CLIMATE NORMAL PERIOD 1981 TO 2010
CLIMATE RECORD PERIOD 1904 TO 2016


WEATHER ITEM   OBSERVED TIME   RECORD YEAR NORMAL DEPARTURE LAST
                VALUE   (LST)  VALUE       VALUE  FROM      YEAR
                                                  NORMAL
..................................................................
TEMPERATURE (F)
 YESTERDAY
  MAXIMUM         52    246 PM  91    2001  68    -16       87
  MINIMUM         45   1159 PM  28    1985  44      1       46
  AVERAGE         49                        56     -7       67

PRECIPITATION (IN)
  YESTERDAY        0.03          1.47 1984   0.13  -0.10     0.00
  MONTH TO DATE    1.18                      0.49   0.69     0.00
  SINCE MAR 1      5.82                      7.83  -2.01     6.06
  SINCE JAN 1     12.65                     13.95  -1.30    12.24

SNOWFALL (IN)
  YESTERDAY        0.0           0.0  2015   0.0    0.0      0.0
  MONTH TO DATE    0.0                       0.0    0.0      0.0
  SINCE MAR 1      9.8                       7.8    2.0      9.0
  SINCE JUL 1     26.9                      40.5  -13.6     63.8
  SNOW DEPTH       0

DEGREE DAYS
 HEATING
  YESTERDAY       16                         9      7        0
  MONTH TO DATE   67                        39     28       20
  SINCE MAR 1   1227                      1354   -127     1478
  SINCE JUL 1   4903                      5792   -889     6123

 COOLING
  YESTERDAY        0                         0      0        2
  MONTH TO DATE    0                         0      0        2
  SINCE MAR 1      2                         6     -4        2
  SINCE JAN 1      2                         6     -4        2
..................................................................


WIND (MPH)
  RESULTANT WIND SPEED   6   RESULTANT WIND DIRECTION  NE (50)
  HIGHEST WIND SPEED    20   HIGHEST WIND DIRECTION    NE (50)
  HIGHEST GUST SPEED    28   HIGHEST GUST DIRECTION    NE (50)
  AVERAGE WIND SPEED     8.7


SKY COVER
  POSSIBLE SUNSHINE  MM
  AVERAGE SKY COVER 1.0


WEATHER CONDITIONS
 THE FOLLOWING WEATHER WAS RECORDED YESTERDAY.
  LIGHT RAIN
  FOG


RELATIVE HUMIDITY (PERCENT)
 HIGHEST    86          1200 AM
 LOWEST     66           400 PM
 AVERAGE    76

..........................................................


THE HARTFORD CT CLIMATE NORMALS FOR TODAY
                         NORMAL    RECORD    YEAR
 MAXIMUM TEMPERATURE (F)   68        93      1949
 MINIMUM TEMPERATURE (F)   45        30      2005


SUNRISE AND SUNSET
MAY  5 2016...........SUNRISE   541 AM EDT   SUNSET   754 PM EDT
MAY  6 2016...........SUNRISE   540 AM EDT   SUNSET   755 PM EDT


-  INDICATES NEGATIVE NUMBERS.
R  INDICATES RECORD WAS SET OR TIED.
MM INDICATES DATA IS MISSING.
T  INDICATES TRACE AMOUNT.




$$
