000
CDUS41 KBOX 140544
CLIBDL


CLIMATE REPORT
NATIONAL WEATHER SERVICE TAUNTON MA
141 AM EDT MON APR 14 2014


...................................

...THE HARTFORD CT CLIMATE SUMMARY FOR APRIL 13 2014...

CLIMATE NORMAL PERIOD 1981 TO 2010
CLIMATE RECORD PERIOD 1904 TO 2014


WEATHER ITEM   OBSERVED TIME   RECORD YEAR NORMAL DEPARTURE LAST
                VALUE   (LST)  VALUE       VALUE  FROM      YEAR
                                                  NORMAL
..................................................................
TEMPERATURE (F)
 YESTERDAY
  MAXIMUM         75    351 PM  86    1977  60     15       54
  MINIMUM         43    407 AM  24    1990  38      5       36
  AVERAGE         59                        49     10       45

PRECIPITATION (IN)
  YESTERDAY        T             2.25 2004   0.13  -0.13     0.12
  MONTH TO DATE    0.96                      1.65  -0.69     0.86
  SINCE MAR 1      5.68                      5.27   0.41     3.46
  SINCE JAN 1     13.05                     11.39   1.66     8.97

SNOWFALL (IN)
  YESTERDAY        0.0           1.8  1918   0.1   -0.1      0.0
  MONTH TO DATE    0.0                       1.0   -1.0      0.0
  SINCE MAR 1      0.8                       7.4   -6.6      9.8
  SINCE JUL 1     50.9                      40.1   10.8     56.9
  SNOW DEPTH       0

DEGREE DAYS
 HEATING
  YESTERDAY        6                        17    -11       20
  MONTH TO DATE  200                       247    -47      247
  SINCE MAR 1   1239                      1090    149     1107
  SINCE JUL 1   5918                      5528    390     5259

 COOLING
  YESTERDAY        0                         0      0        0
  MONTH TO DATE    0                         0      0        0
  SINCE MAR 1      0                         0      0        0
  SINCE JAN 1      0                         0      0        0
..................................................................


WIND (MPH)
  RESULTANT WIND SPEED  10   RESULTANT WIND DIRECTION   S (180)
  HIGHEST WIND SPEED    23   HIGHEST WIND DIRECTION     S (170)
  HIGHEST GUST SPEED    30   HIGHEST GUST DIRECTION     S (180)
  AVERAGE WIND SPEED    10.8


SKY COVER
  POSSIBLE SUNSHINE  MM
  AVERAGE SKY COVER 0.7


WEATHER CONDITIONS
 THE FOLLOWING WEATHER WAS RECORDED YESTERDAY.
  LIGHT RAIN


RELATIVE HUMIDITY (PERCENT)
 HIGHEST    76           400 AM
 LOWEST     43          1100 AM
 AVERAGE    60

..........................................................


THE HARTFORD CT CLIMATE NORMALS FOR TODAY
                         NORMAL    RECORD    YEAR
 MAXIMUM TEMPERATURE (F)   60        82      1941
 MINIMUM TEMPERATURE (F)   38        24      1959


SUNRISE AND SUNSET
APRIL 14 2014.........SUNRISE   612 AM EDT   SUNSET   731 PM EDT
APRIL 15 2014.........SUNRISE   610 AM EDT   SUNSET   732 PM EDT


-  INDICATES NEGATIVE NUMBERS.
R  INDICATES RECORD WAS SET OR TIED.
MM INDICATES DATA IS MISSING.
T  INDICATES TRACE AMOUNT.




$$
