000
CDUS41 KBOX 270548
CLIBDL


CLIMATE REPORT
NATIONAL WEATHER SERVICE TAUNTON MA
1246 AM EST TUE JAN 27 2015


...................................

...THE HARTFORD CT CLIMATE SUMMARY FOR JANUARY 26 2015...

CLIMATE NORMAL PERIOD 1981 TO 2010
CLIMATE RECORD PERIOD 1904 TO 2015


WEATHER ITEM   OBSERVED TIME   RECORD YEAR NORMAL DEPARTURE LAST
                VALUE   (LST)  VALUE       VALUE  FROM      YEAR
                                                  NORMAL
..................................................................
TEMPERATURE (F)
 YESTERDAY
  MAXIMUM         23    412 PM  65    1950  35    -12       21
  MINIMUM         14   1001 AM  -8    1948  18     -4       11
  AVERAGE         19                        26     -7       16

PRECIPITATION (IN)
  YESTERDAY        0.06          2.00 1986   0.10  -0.04      T
  MONTH TO DATE    2.95                      2.71   0.24     3.40
  SINCE DEC 1      7.50                      6.15   1.35     7.32
  SINCE JAN 1      2.95                      2.71   0.24     3.40

SNOWFALL (IN)
  YESTERDAY        1.5           6.2  1949   0.4    1.1       T
  MONTH TO DATE   10.5                      10.3    0.2     10.3
  SINCE DEC 1     11.2                      17.7   -6.5     23.0
  SINCE JUL 1     16.3                      19.7   -3.4     23.0
  SNOW DEPTH       4

DEGREE DAYS
 HEATING
  YESTERDAY       46                        39      7       49
  MONTH TO DATE 1054                      1011     43     1038
  SINCE DEC 1   1956                      2048    -92     2102
  SINCE JUL 1   3053                      3255   -202     3334

 COOLING
  YESTERDAY        0                         0      0        0
  MONTH TO DATE    0                         0      0        0
  SINCE DEC 1      0                         0      0        0
  SINCE JAN 1      0                         0      0        0
..................................................................


WIND (MPH)
  RESULTANT WIND SPEED  12   RESULTANT WIND DIRECTION   N (10)
  HIGHEST WIND SPEED    28   HIGHEST WIND DIRECTION     N (10)
  HIGHEST GUST SPEED    35   HIGHEST GUST DIRECTION     N (20)
  AVERAGE WIND SPEED    13.7


SKY COVER
  POSSIBLE SUNSHINE  MM
  AVERAGE SKY COVER 0.9


WEATHER CONDITIONS
 THE FOLLOWING WEATHER WAS RECORDED YESTERDAY.
  LIGHT SNOW
  FOG


RELATIVE HUMIDITY (PERCENT)
 HIGHEST    84           700 PM
 LOWEST     49           400 AM
 AVERAGE    67

..........................................................


THE HARTFORD CT CLIMATE NORMALS FOR TODAY
                         NORMAL    RECORD    YEAR
 MAXIMUM TEMPERATURE (F)   35        67      1916
 MINIMUM TEMPERATURE (F)   18       -10      1994


SUNRISE AND SUNSET
JANUARY 27 2015.......SUNRISE   708 AM EST   SUNSET   459 PM EST
JANUARY 28 2015.......SUNRISE   707 AM EST   SUNSET   500 PM EST


-  INDICATES NEGATIVE NUMBERS.
R  INDICATES RECORD WAS SET OR TIED.
MM INDICATES DATA IS MISSING.
T  INDICATES TRACE AMOUNT.




$$
