000
CDUS41 KBOX 082122
CLIBDL


CLIMATE REPORT
NATIONAL WEATHER SERVICE TAUNTON MA
418 PM EST THU DEC 8 2016


...................................

...THE HARTFORD CT CLIMATE SUMMARY FOR DECEMBER 8 2016...
VALID AS OF 0400 PM LOCAL TIME.

CLIMATE NORMAL PERIOD 1981 TO 2010
CLIMATE RECORD PERIOD 1904 TO 2016


WEATHER ITEM   OBSERVED TIME   RECORD YEAR NORMAL DEPARTURE LAST
                VALUE   (LST)  VALUE       VALUE  FROM      YEAR
                                                  NORMAL
..................................................................
TEMPERATURE (F)
 TODAY
  MAXIMUM         44    209 PM  63    1966  42      2       47
  MINIMUM         27    633 AM  -3    1964  26      1       37
  AVERAGE         36                        34      2       42

PRECIPITATION (IN)
  TODAY            0.00          1.17 1969   0.12  -0.12     0.00
  MONTH TO DATE    0.50                      0.99  -0.49     0.58
  SINCE DEC 1      0.50                      0.99  -0.49     0.58
  SINCE JAN 1     30.49                     43.40 -12.91    35.54

SNOWFALL (IN)
  TODAY            0.0           2.5  1917   0.2   -0.2      0.0
  MONTH TO DATE    0.5                       1.4   -0.9      0.0
  SINCE DEC 1      0.5                       1.4   -0.9      0.0
  SINCE JUL 1      2.0                       3.4   -1.4       T
  SNOW DEPTH       0

DEGREE DAYS
 HEATING
  TODAY           29                        31     -2       23
  MONTH TO DATE  211                       235    -24      198
  SINCE DEC 1    211                       235    -24      198
  SINCE JUL 1   1248                      1442   -194     1182

 COOLING
  TODAY            0                         0      0        0
  MONTH TO DATE    0                         0      0        0
  SINCE DEC 1      0                         0      0        0
  SINCE JAN 1   1068                       756    312      964
..................................................................


WIND (MPH)
  HIGHEST WIND SPEED    13   HIGHEST WIND DIRECTION     W (250)
  HIGHEST GUST SPEED    16   HIGHEST GUST DIRECTION     W (260)
  AVERAGE WIND SPEED     3.5


SKY COVER
  POSSIBLE SUNSHINE  MM
  AVERAGE SKY COVER 0.8


WEATHER CONDITIONS
 THE FOLLOWING WEATHER WAS RECORDED TODAY.
  FOG
  FOG W/VISIBILITY <= 1/4 MILE


RELATIVE HUMIDITY (PERCENT)
 HIGHEST   100           400 AM
 LOWEST     49           300 PM
 AVERAGE    75

..........................................................


THE HARTFORD CT CLIMATE NORMALS FOR TOMORROW
                         NORMAL    RECORD    YEAR
 MAXIMUM TEMPERATURE (F)   42        61      1991
 MINIMUM TEMPERATURE (F)   26         4      1968


SUNRISE AND SUNSET
DECEMBER  8 2016......SUNRISE   706 AM EST   SUNSET   419 PM EST
DECEMBER  9 2016......SUNRISE   707 AM EST   SUNSET   419 PM EST


-  INDICATES NEGATIVE NUMBERS.
R  INDICATES RECORD WAS SET OR TIED.
MM INDICATES DATA IS MISSING.
T  INDICATES TRACE AMOUNT.




$$
