000
CDUS41 KBOX 290535
CLIBDL


CLIMATE REPORT
NATIONAL WEATHER SERVICE TAUNTON MA
134 AM EDT SUN MAY 29 2016


...................................

...THE HARTFORD CT CLIMATE SUMMARY FOR MAY 28 2016...

CLIMATE NORMAL PERIOD 1981 TO 2010
CLIMATE RECORD PERIOD 1904 TO 2016


WEATHER ITEM   OBSERVED TIME   RECORD YEAR NORMAL DEPARTURE LAST
                VALUE   (LST)  VALUE       VALUE  FROM      YEAR
                                                  NORMAL
..................................................................
TEMPERATURE (F)
 YESTERDAY
  MAXIMUM         93R   234 PM  93    1977  75     18       83
  MINIMUM         64    418 AM  38    1997  51     13       60
  AVERAGE         79                        63     16       72

PRECIPITATION (IN)
  YESTERDAY        0.00          2.16 1906   0.15  -0.15     0.04
  MONTH TO DATE    1.83                      3.86  -2.03     1.04
  SINCE MAR 1      6.47                     11.20  -4.73     7.10
  SINCE JAN 1     13.30                     17.32  -4.02    13.28

SNOWFALL (IN)
  YESTERDAY        0.0           0.0  2002   0.0    0.0      0.0
                                      2001
                                      2000
  MONTH TO DATE    0.0                       0.0    0.0      0.0
  SINCE MAR 1      9.8                       7.8    2.0      9.0
  SINCE JUL 1     26.9                      40.5  -13.6     63.8
  SNOW DEPTH       0

DEGREE DAYS
 HEATING
  YESTERDAY        0                         4     -4        0
  MONTH TO DATE  208                       193     15       74
  SINCE MAR 1   1368                      1508   -140     1532
  SINCE JUL 1   5044                      5946   -902     6177

 COOLING
  YESTERDAY       14                         2     12        7
  MONTH TO DATE   41                        26     15      103
  SINCE MAR 1     43                        32     11      103
  SINCE JAN 1     43                        32     11      103
..................................................................


WIND (MPH)
  RESULTANT WIND SPEED   7   RESULTANT WIND DIRECTION   S (170)
  HIGHEST WIND SPEED    16   HIGHEST WIND DIRECTION    SE (140)
  HIGHEST GUST SPEED    22   HIGHEST GUST DIRECTION     S (180)
  AVERAGE WIND SPEED     7.6


SKY COVER
  POSSIBLE SUNSHINE  MM
  AVERAGE SKY COVER 0.6


WEATHER CONDITIONS
 THE FOLLOWING WEATHER WAS RECORDED YESTERDAY.
  NO SIGNIFICANT WEATHER WAS OBSERVED.


RELATIVE HUMIDITY (PERCENT)
 HIGHEST    87           500 AM
 LOWEST     47           100 PM
 AVERAGE    67

..........................................................


THE HARTFORD CT CLIMATE NORMALS FOR TODAY
                         NORMAL    RECORD    YEAR
 MAXIMUM TEMPERATURE (F)   75        93      2012
                                             1987
 MINIMUM TEMPERATURE (F)   52        37      1962


SUNRISE AND SUNSET
MAY 29 2016...........SUNRISE   519 AM EDT   SUNSET   818 PM EDT
MAY 30 2016...........SUNRISE   519 AM EDT   SUNSET   818 PM EDT


-  INDICATES NEGATIVE NUMBERS.
R  INDICATES RECORD WAS SET OR TIED.
MM INDICATES DATA IS MISSING.
T  INDICATES TRACE AMOUNT.




$$
