000
CDUS41 KBOX 010549
CLIBDL


CLIMATE REPORT
NATIONAL WEATHER SERVICE TAUNTON MA
145 AM EDT SAT AUG 1 2015


...................................

...THE HARTFORD CT CLIMATE SUMMARY FOR JULY 31 2015...

CLIMATE NORMAL PERIOD 1981 TO 2010
CLIMATE RECORD PERIOD 1904 TO 2015


WEATHER ITEM   OBSERVED TIME   RECORD YEAR NORMAL DEPARTURE LAST
                VALUE   (LST)  VALUE       VALUE  FROM      YEAR
                                                  NORMAL
..................................................................
TEMPERATURE (F)
 YESTERDAY
  MAXIMUM         88    335 PM  97    1917  85      3       83
  MINIMUM         66    356 AM  50    1956  63      3       57
  AVERAGE         77                        74      3       70

PRECIPITATION (IN)
  YESTERDAY        0.00          2.36 2009   0.15  -0.15     0.00
  MONTH TO DATE    3.08                      4.18  -1.10     4.49
  SINCE JUN 1      9.76                      8.53   1.23     6.20
  SINCE JAN 1     23.33                     26.34  -3.01    28.21

SNOWFALL (IN)
  YESTERDAY        0.0           0.0  2002   0.0    0.0      0.0
                                      2001
                                      2000
  MONTH TO DATE    0.0                       0.0    0.0      0.0
  SINCE JUN 1      0.0                       0.0    0.0      0.0
  SINCE JUL 1      0.0                       0.0    0.0      0.0
  SNOW DEPTH       0

DEGREE DAYS
 HEATING
  YESTERDAY        0                         0      0        0
  MONTH TO DATE    1                         0      1        0
  SINCE JUN 1     49                        43      6        6
  SINCE JUL 1      1                         3     -2        0

 COOLING
  YESTERDAY       12                         9      3        5
  MONTH TO DATE  284                       269     15      304
  SINCE JUN 1    416                       413      3      452
  SINCE JAN 1    533                       452     81      484
..................................................................


WIND (MPH)
  RESULTANT WIND SPEED   6   RESULTANT WIND DIRECTION   W (280)
  HIGHEST WIND SPEED    17   HIGHEST WIND DIRECTION    NW (300)
  HIGHEST GUST SPEED    23   HIGHEST GUST DIRECTION     W (270)
  AVERAGE WIND SPEED     6.6


SKY COVER
  POSSIBLE SUNSHINE  MM
  AVERAGE SKY COVER 0.2


WEATHER CONDITIONS
 THE FOLLOWING WEATHER WAS RECORDED YESTERDAY.
  FOG


RELATIVE HUMIDITY (PERCENT)
 HIGHEST   100           100 AM
 LOWEST     31           100 PM
 AVERAGE    66

..........................................................


THE HARTFORD CT CLIMATE NORMALS FOR TODAY
                         NORMAL    RECORD    YEAR
 MAXIMUM TEMPERATURE (F)   85       100      1917
 MINIMUM TEMPERATURE (F)   63        51      1987


SUNRISE AND SUNSET
AUGUST  1 2015........SUNRISE   544 AM EDT   SUNSET   809 PM EDT
AUGUST  2 2015........SUNRISE   545 AM EDT   SUNSET   808 PM EDT


-  INDICATES NEGATIVE NUMBERS.
R  INDICATES RECORD WAS SET OR TIED.
MM INDICATES DATA IS MISSING.
T  INDICATES TRACE AMOUNT.




$$
