000
CDUS41 KBOX 210538
CLIBDL


CLIMATE REPORT
NATIONAL WEATHER SERVICE TAUNTON MA
136 AM EDT WED JUN 21 2017


...................................

...THE HARTFORD CT CLIMATE SUMMARY FOR JUNE 20 2017...

CLIMATE NORMAL PERIOD 1981 TO 2010
CLIMATE RECORD PERIOD 1904 TO 2017


WEATHER ITEM   OBSERVED TIME   RECORD YEAR NORMAL DEPARTURE LAST
                VALUE   (LST)  VALUE       VALUE  FROM      YEAR
                                                  NORMAL
..................................................................
TEMPERATURE (F)
 YESTERDAY
  MAXIMUM         85    321 PM  97    2012  81      4       87
  MINIMUM         66   1159 PM  45    1918  59      7       59
  AVERAGE         76                        70      6       73

PRECIPITATION (IN)
  YESTERDAY        0.02          1.08 2001   0.13  -0.11     0.00
  MONTH TO DATE    2.87                      3.16  -0.29     1.67
  SINCE JUN 1      2.87                      3.16  -0.29     1.67
  SINCE JAN 1     21.14                     20.97   0.17    15.61

SNOWFALL (IN)
  YESTERDAY        0.0           0.0  2002   0.0    0.0      0.0
                                      2001
                                      2000
  MONTH TO DATE    0.0                       0.0    0.0      0.0
  SINCE JUN 1      0.0                       0.0    0.0      0.0
  SINCE JUL 1     62.3                      40.5   21.8     26.9
  SNOW DEPTH       0

DEGREE DAYS
 HEATING
  YESTERDAY        0                         1     -1        0
  MONTH TO DATE   43                        37      6       16
  SINCE JUN 1     43                        37      6       16
  SINCE JUL 1   5514                      5995   -481     5060

 COOLING
  YESTERDAY       11                         6      5        8
  MONTH TO DATE  104                        78     26       75
  SINCE JUN 1    104                        78     26       75
  SINCE JAN 1    164                       117     47      149
..................................................................


WIND (MPH)
  RESULTANT WIND SPEED  13   RESULTANT WIND DIRECTION  SW (240)
  HIGHEST WIND SPEED    23   HIGHEST WIND DIRECTION     W (260)
  HIGHEST GUST SPEED    31   HIGHEST GUST DIRECTION     W (250)
  AVERAGE WIND SPEED    11.9


SKY COVER
  POSSIBLE SUNSHINE  MM
  AVERAGE SKY COVER 0.4


WEATHER CONDITIONS
 THE FOLLOWING WEATHER WAS RECORDED YESTERDAY.
  LIGHT RAIN


RELATIVE HUMIDITY (PERCENT)
 HIGHEST   100           600 AM
 LOWEST     32           400 PM
 AVERAGE    66

..........................................................


THE HARTFORD CT CLIMATE NORMALS FOR TODAY
                         NORMAL    RECORD    YEAR
 MAXIMUM TEMPERATURE (F)   81        96      2012
                                             1953
 MINIMUM TEMPERATURE (F)   59        44      1918


SUNRISE AND SUNSET
JUNE 21 2017..........SUNRISE   516 AM EDT   SUNSET   830 PM EDT
JUNE 22 2017..........SUNRISE   516 AM EDT   SUNSET   830 PM EDT


-  INDICATES NEGATIVE NUMBERS.
R  INDICATES RECORD WAS SET OR TIED.
MM INDICATES DATA IS MISSING.
T  INDICATES TRACE AMOUNT.




$$
