000
CDUS41 KBOX 240534
CLIBDL


CLIMATE REPORT
NATIONAL WEATHER SERVICE TAUNTON MA
1231 AM EST WED DEC 24 2014


...................................

...THE HARTFORD CT CLIMATE SUMMARY FOR DECEMBER 23 2014...

CLIMATE NORMAL PERIOD 1981 TO 2010
CLIMATE RECORD PERIOD 1904 TO 2014


WEATHER ITEM   OBSERVED TIME   RECORD YEAR NORMAL DEPARTURE LAST
                VALUE   (LST)  VALUE       VALUE  FROM      YEAR
                                                  NORMAL
..................................................................
TEMPERATURE (F)
 YESTERDAY
  MAXIMUM         44    316 PM  61    1990  37      7       59
  MINIMUM         38    438 AM  -5    1989  21     17       36
                                      1945
  AVERAGE         41                        29     12       48

PRECIPITATION (IN)
  YESTERDAY        0.18          1.56 1907   0.11   0.07     0.69
  MONTH TO DATE    4.02                      2.63   1.39     2.73
  SINCE DEC 1      4.02                      2.63   1.39     2.73
  SINCE JAN 1     45.30                     45.04   0.26    50.52

SNOWFALL (IN)
  YESTERDAY        0.0           5.5  1930   0.3   -0.3      0.0
  MONTH TO DATE    0.7                       4.9   -4.2     12.4
  SINCE DEC 1      0.7                       4.9   -4.2     12.4
  SINCE JUL 1      5.8                       6.9   -1.1     12.4
  SNOW DEPTH       0

DEGREE DAYS
 HEATING
  YESTERDAY       24                        36    -12       17
  MONTH TO DATE  682                       740    -58      764
  SINCE DEC 1    682                       740    -58      764
  SINCE JUL 1   1779                      1947   -168     1996

 COOLING
  YESTERDAY        0                         0      0        0
  MONTH TO DATE    0                         0      0        0
  SINCE DEC 1      0                         0      0        0
  SINCE JAN 1    771                       756     15      894
..................................................................


WIND (MPH)
  RESULTANT WIND SPEED   9   RESULTANT WIND DIRECTION   N (360)
  HIGHEST WIND SPEED    14   HIGHEST WIND DIRECTION     N (360)
  HIGHEST GUST SPEED    17   HIGHEST GUST DIRECTION     N (360)
  AVERAGE WIND SPEED     9.0


SKY COVER
  POSSIBLE SUNSHINE  MM
  AVERAGE SKY COVER 0.9


WEATHER CONDITIONS
 THE FOLLOWING WEATHER WAS RECORDED YESTERDAY.
  RAIN
  LIGHT RAIN
  FOG


RELATIVE HUMIDITY (PERCENT)
 HIGHEST    89           300 PM
 LOWEST     85           300 AM
 AVERAGE    87

..........................................................


THE HARTFORD CT CLIMATE NORMALS FOR TODAY
                         NORMAL    RECORD    YEAR
 MAXIMUM TEMPERATURE (F)   37        59      1996
                                             1990
 MINIMUM TEMPERATURE (F)   21        -9      1989


SUNRISE AND SUNSET
DECEMBER 24 2014......SUNRISE   716 AM EST   SUNSET   424 PM EST
DECEMBER 25 2014......SUNRISE   717 AM EST   SUNSET   425 PM EST


-  INDICATES NEGATIVE NUMBERS.
R  INDICATES RECORD WAS SET OR TIED.
MM INDICATES DATA IS MISSING.
T  INDICATES TRACE AMOUNT.




$$
