000
CDUS41 KBOX 310530
CLIBDL


CLIMATE REPORT
NATIONAL WEATHER SERVICE TAUNTON MA
129 AM EDT THU JUL 31 2014


...................................

...THE HARTFORD CT CLIMATE SUMMARY FOR JULY 30 2014...

CLIMATE NORMAL PERIOD 1981 TO 2010
CLIMATE RECORD PERIOD 1904 TO 2014


WEATHER ITEM   OBSERVED TIME   RECORD YEAR NORMAL DEPARTURE LAST
                VALUE   (LST)  VALUE       VALUE  FROM      YEAR
                                                  NORMAL
..................................................................
TEMPERATURE (F)
 YESTERDAY
  MAXIMUM         80    352 PM  98    1988  85     -5       82
  MINIMUM         60    455 AM  48    1968  63     -3       59
  AVERAGE         70                        74     -4       71

PRECIPITATION (IN)
  YESTERDAY        0.00          2.85 1960   0.16  -0.16     0.00
  MONTH TO DATE    4.49                      4.03   0.46     4.19
  SINCE JUN 1      6.20                      8.38  -2.18    14.98
  SINCE JAN 1     28.21                     26.19   2.02    31.12

SNOWFALL (IN)
  YESTERDAY        0.0           0.0  2002   0.0    0.0      0.0
                                      2001
                                      2000
  MONTH TO DATE    0.0                       0.0    0.0      0.0
  SINCE JUN 1      0.0                       0.0    0.0      0.0
  SINCE JUL 1      0.0                       0.0    0.0      0.0
  SNOW DEPTH       0

DEGREE DAYS
 HEATING
  YESTERDAY        0                         0      0        0
  MONTH TO DATE    0                         0      0        2
  SINCE JUN 1      6                        40    -34       35
  SINCE JUL 1      0                         0      0        2

 COOLING
  YESTERDAY        5                         9     -4        6
  MONTH TO DATE  299                       262     37      406
  SINCE JUN 1    447                       406     41      581
  SINCE JAN 1    479                       445     34      635
..................................................................


WIND (MPH)
  RESULTANT WIND SPEED   1   RESULTANT WIND DIRECTION   W (260)
  HIGHEST WIND SPEED    10   HIGHEST WIND DIRECTION     W (250)
  HIGHEST GUST SPEED    17   HIGHEST GUST DIRECTION    SW (240)
  AVERAGE WIND SPEED     3.7


SKY COVER
  POSSIBLE SUNSHINE  MM
  AVERAGE SKY COVER 0.5


WEATHER CONDITIONS
 THE FOLLOWING WEATHER WAS RECORDED YESTERDAY.
  NO SIGNIFICANT WEATHER WAS OBSERVED.


RELATIVE HUMIDITY (PERCENT)
 HIGHEST    84           100 AM
 LOWEST     32           300 PM
 AVERAGE    58

..........................................................


THE HARTFORD CT CLIMATE NORMALS FOR TODAY
                         NORMAL    RECORD    YEAR
 MAXIMUM TEMPERATURE (F)   85        97      1917
 MINIMUM TEMPERATURE (F)   63        50      1956


SUNRISE AND SUNSET
JULY 31 2014..........SUNRISE   543 AM EDT   SUNSET   810 PM EDT
AUGUST  1 2014........SUNRISE   544 AM EDT   SUNSET   809 PM EDT


-  INDICATES NEGATIVE NUMBERS.
R  INDICATES RECORD WAS SET OR TIED.
MM INDICATES DATA IS MISSING.
T  INDICATES TRACE AMOUNT.




$$
