000
CDUS41 KBOX 220529
CLIBDL


CLIMATE REPORT
NATIONAL WEATHER SERVICE TAUNTON MA
1229 AM EST THU FEB 22 2018


...................................

...THE HARTFORD CT CLIMATE SUMMARY FOR FEBRUARY 21 2018...

CLIMATE NORMAL PERIOD 1981 TO 2010
CLIMATE RECORD PERIOD 1904 TO 2018


WEATHER ITEM   OBSERVED TIME   RECORD YEAR NORMAL DEPARTURE LAST
                VALUE   (LST)  VALUE       VALUE  FROM      YEAR
                                                  NORMAL
..................................................................
TEMPERATURE (F)
 YESTERDAY
  MAXIMUM         77R   424 PM  63    1930  40     37       45
  MINIMUM         46    327 AM  -9    2015  22     24       22
  AVERAGE         62                        31     31       34

PRECIPITATION (IN)
  YESTERDAY        0.00          1.76 1912   0.09  -0.09     0.00
  MONTH TO DATE    3.93                      2.13   1.80     2.09
  SINCE DEC 1     10.20                      8.80   1.40     8.31
  SINCE JAN 1      7.79                      5.36   2.43     5.58

SNOWFALL (IN)
  YESTERDAY        0.0           8.7  1947   0.3   -0.3      0.0
  MONTH TO DATE    7.7                       8.8   -1.1     22.6
  SINCE DEC 1     31.2                      28.5    2.7     41.2
  SINCE JUL 1     31.2                      30.5    0.7     42.7
  SNOW DEPTH       0

DEGREE DAYS
 HEATING
  YESTERDAY        3                        34    -31       31
  MONTH TO DATE  655                       758   -103      729
  SINCE DEC 1   3041                      3001     40     2732
  SINCE JUL 1   4032                      4208   -176     3769

 COOLING
  YESTERDAY        0                         0      0        0
  MONTH TO DATE    0                         0      0        0
  SINCE DEC 1      0                         0      0        0
  SINCE JAN 1      0                         0      0        0
..................................................................


WIND (MPH)
  RESULTANT WIND SPEED   5   RESULTANT WIND DIRECTION   S (200)
  HIGHEST WIND SPEED    25   HIGHEST WIND DIRECTION    NW (310)
  HIGHEST GUST SPEED    33   HIGHEST GUST DIRECTION    NW (320)
  AVERAGE WIND SPEED    10.5


SKY COVER
  POSSIBLE SUNSHINE  MM
  AVERAGE SKY COVER 0.7


WEATHER CONDITIONS
 THE FOLLOWING WEATHER WAS RECORDED YESTERDAY.
  FOG
  FOG W/VISIBILITY <= 1/4 MILE


RELATIVE HUMIDITY (PERCENT)
 HIGHEST   100           200 AM
 LOWEST     57           200 PM
 AVERAGE    79

..........................................................


THE HARTFORD CT CLIMATE NORMALS FOR TODAY
                         NORMAL    RECORD    YEAR
 MAXIMUM TEMPERATURE (F)   40        69      1997
 MINIMUM TEMPERATURE (F)   22        -2      1916


SUNRISE AND SUNSET
FEBRUARY 22 2018......SUNRISE   637 AM EST   SUNSET   532 PM EST
FEBRUARY 23 2018......SUNRISE   635 AM EST   SUNSET   534 PM EST


-  INDICATES NEGATIVE NUMBERS.
R  INDICATES RECORD WAS SET OR TIED.
MM INDICATES DATA IS MISSING.
T  INDICATES TRACE AMOUNT.




$$
