000
CDUS41 KBOX 212139
CLIBDL


CLIMATE REPORT
NATIONAL WEATHER SERVICE TAUNTON MA
529 PM EDT THU SEP 21 2017


...................................

...THE HARTFORD CT CLIMATE SUMMARY FOR SEPTEMBER 21 2017...
VALID AS OF 0500 PM LOCAL TIME.

CLIMATE NORMAL PERIOD 1981 TO 2010
CLIMATE RECORD PERIOD 1904 TO 2017


WEATHER ITEM   OBSERVED TIME   RECORD YEAR NORMAL DEPARTURE LAST
                VALUE   (LST)  VALUE       VALUE  FROM      YEAR
                                                  NORMAL
..................................................................
TEMPERATURE (F)
 TODAY
  MAXIMUM         77    242 PM  91    1965  73      4       82
                                      1914
  MINIMUM         70    637 AM  31    1962  51     19       58
  AVERAGE         74                        62     12       70

PRECIPITATION (IN)
  TODAY            0.00          3.22 1938   0.13  -0.13     0.00
  MONTH TO DATE    2.19                      2.55  -0.36     1.32
  SINCE SEP 1      2.19                      2.55  -0.36     1.32
  SINCE JAN 1     33.30                     32.82   0.48    23.66

SNOWFALL (IN)
  TODAY            0.0           0.0  2002   0.0    0.0      0.0
                                      2001
                                      2000
  MONTH TO DATE    0.0                       0.0    0.0      0.0
  SINCE SEP 1      0.0                       0.0    0.0      0.0
  SINCE JUL 1      0.0                       0.0    0.0      0.0
  SNOW DEPTH       0

DEGREE DAYS
 HEATING
  TODAY            0                         5     -5        0
  MONTH TO DATE   39                        52    -13        9
  SINCE SEP 1     39                        52    -13        9
  SINCE JUL 1     55                        64     -9        9

 COOLING
  TODAY            9                         2      7        5
  MONTH TO DATE   81                        67     14      119
  SINCE SEP 1     81                        67     14      119
  SINCE JAN 1    768                       742     26     1049
..................................................................


WIND (MPH)
  HIGHEST WIND SPEED    24   HIGHEST WIND DIRECTION     N (20)
  HIGHEST GUST SPEED    30   HIGHEST GUST DIRECTION     N (10)
  AVERAGE WIND SPEED    12.9


SKY COVER
  POSSIBLE SUNSHINE  MM
  AVERAGE SKY COVER 0.8


WEATHER CONDITIONS
 THE FOLLOWING WEATHER WAS RECORDED TODAY.
  NO SIGNIFICANT WEATHER WAS OBSERVED.


RELATIVE HUMIDITY (PERCENT)
 HIGHEST    78           200 AM
 LOWEST     50           300 PM
 AVERAGE    64

..........................................................


THE HARTFORD CT CLIMATE NORMALS FOR TOMORROW
                         NORMAL    RECORD    YEAR
 MAXIMUM TEMPERATURE (F)   73        94      1970
 MINIMUM TEMPERATURE (F)   50        32      1962


SUNRISE AND SUNSET
SEPTEMBER 21 2017.....SUNRISE   637 AM EDT   SUNSET   649 PM EDT
SEPTEMBER 22 2017.....SUNRISE   638 AM EDT   SUNSET   648 PM EDT


-  INDICATES NEGATIVE NUMBERS.
R  INDICATES RECORD WAS SET OR TIED.
MM INDICATES DATA IS MISSING.
T  INDICATES TRACE AMOUNT.




$$
