000
CDUS41 KBOX 252132
CLIBDL


CLIMATE REPORT
NATIONAL WEATHER SERVICE TAUNTON MA
531 PM EDT MON SEP 25 2017


...................................

...THE HARTFORD CT CLIMATE SUMMARY FOR SEPTEMBER 25 2017...
VALID AS OF 0500 PM LOCAL TIME.

CLIMATE NORMAL PERIOD 1981 TO 2010
CLIMATE RECORD PERIOD 1904 TO 2017


WEATHER ITEM   OBSERVED TIME   RECORD YEAR NORMAL DEPARTURE LAST
                VALUE   (LST)  VALUE       VALUE  FROM      YEAR
                                                  NORMAL
..................................................................
TEMPERATURE (F)
 TODAY
  MAXIMUM         91R   117 PM  90    2007  71     20       68
  MINIMUM         65    520 AM  30    1963  49     16       41
  AVERAGE         78                        60     18       55

PRECIPITATION (IN)
  TODAY            0.00          3.25 1991   0.14  -0.14     0.00
  MONTH TO DATE    2.19                      3.12  -0.93     1.74
  SINCE SEP 1      2.19                      3.12  -0.93     1.74
  SINCE JAN 1     33.30                     33.39  -0.09    24.08

SNOWFALL (IN)
  TODAY            0.0           0.0  2002   0.0    0.0      0.0
                                      2001
                                      2000
  MONTH TO DATE    0.0                       0.0    0.0      0.0
  SINCE SEP 1      0.0                       0.0    0.0      0.0
  SINCE JUL 1      0.0                       0.0    0.0      0.0
  SNOW DEPTH       0

DEGREE DAYS
 HEATING
  TODAY            0                         6     -6       10
  MONTH TO DATE   39                        74    -35       26
  SINCE SEP 1     39                        74    -35       26
  SINCE JUL 1     55                        86    -31       26

 COOLING
  TODAY           13                         1     12        0
  MONTH TO DATE  117                        71     46      126
  SINCE SEP 1    117                        71     46      126
  SINCE JAN 1    804                       746     58     1056
..................................................................


WIND (MPH)
  HIGHEST WIND SPEED     9   HIGHEST WIND DIRECTION    NE (30)
  HIGHEST GUST SPEED    12   HIGHEST GUST DIRECTION    NE (30)
  AVERAGE WIND SPEED     3.4


SKY COVER
  POSSIBLE SUNSHINE  MM
  AVERAGE SKY COVER 0.1


WEATHER CONDITIONS
 THE FOLLOWING WEATHER WAS RECORDED TODAY.
  NO SIGNIFICANT WEATHER WAS OBSERVED.


RELATIVE HUMIDITY (PERCENT)
 HIGHEST   100           300 AM
 LOWEST     52          1200 PM
 AVERAGE    76

..........................................................


THE HARTFORD CT CLIMATE NORMALS FOR TOMORROW
                         NORMAL    RECORD    YEAR
 MAXIMUM TEMPERATURE (F)   71        93      2007
 MINIMUM TEMPERATURE (F)   48        33      1978


SUNRISE AND SUNSET
SEPTEMBER 25 2017.....SUNRISE   641 AM EDT   SUNSET   642 PM EDT
SEPTEMBER 26 2017.....SUNRISE   643 AM EDT   SUNSET   641 PM EDT


-  INDICATES NEGATIVE NUMBERS.
R  INDICATES RECORD WAS SET OR TIED.
MM INDICATES DATA IS MISSING.
T  INDICATES TRACE AMOUNT.




$$
