000
CDUS41 KBOX 210544
CLIBDL


CLIMATE REPORT
NATIONAL WEATHER SERVICE TAUNTON MA
134 AM EDT FRI JUL 21 2017


...................................

...THE HARTFORD CT CLIMATE SUMMARY FOR JULY 20 2017...

CLIMATE NORMAL PERIOD 1981 TO 2010
CLIMATE RECORD PERIOD 1904 TO 2017


WEATHER ITEM   OBSERVED TIME   RECORD YEAR NORMAL DEPARTURE LAST
                VALUE   (LST)  VALUE       VALUE  FROM      YEAR
                                                  NORMAL
..................................................................
TEMPERATURE (F)
 YESTERDAY
  MAXIMUM         93    341 PM 100    1991  85      8       85
  MINIMUM         70   1159 PM  50    1929  63      7       54
  AVERAGE         82                        74      8       70

PRECIPITATION (IN)
  YESTERDAY        0.50          2.25 1949   0.13   0.37     0.00
  MONTH TO DATE    5.19                      2.57   2.62     1.17
  SINCE JUN 1      8.80                      6.92   1.88     3.18
  SINCE JAN 1     27.07                     24.73   2.34    17.12

SNOWFALL (IN)
  YESTERDAY        0.0           0.0  2002   0.0    0.0      0.0
                                      2001
                                      2000
  MONTH TO DATE    0.0                       0.0    0.0      0.0
  SINCE JUN 1      0.0                       0.0    0.0      0.0
  SINCE JUL 1      0.0                       0.0    0.0      0.0
  SNOW DEPTH       0

DEGREE DAYS
 HEATING
  YESTERDAY        0                         0      0        0
  MONTH TO DATE    3                         0      3        0
  SINCE JUN 1     47                        40      7       16
  SINCE JUL 1      3                         0      3        0

 COOLING
  YESTERDAY       17                         9      8        5
  MONTH TO DATE  199                       172     27      203
  SINCE JUN 1    365                       316     49      352
  SINCE JAN 1    425                       355     70      426
..................................................................


WIND (MPH)
  RESULTANT WIND SPEED   4   RESULTANT WIND DIRECTION   W (260)
  HIGHEST WIND SPEED    25   HIGHEST WIND DIRECTION    NW (320)
  HIGHEST GUST SPEED    33   HIGHEST GUST DIRECTION    NW (320)
  AVERAGE WIND SPEED     5.5


SKY COVER
  POSSIBLE SUNSHINE  MM
  AVERAGE SKY COVER 0.6


WEATHER CONDITIONS
 THE FOLLOWING WEATHER WAS RECORDED YESTERDAY.
  THUNDERSTORM
  HEAVY RAIN
  RAIN
  FOG
  HAZE


RELATIVE HUMIDITY (PERCENT)
 HIGHEST    90           500 AM
 LOWEST     44           100 PM
 AVERAGE    67

..........................................................


THE HARTFORD CT CLIMATE NORMALS FOR TODAY
                         NORMAL    RECORD    YEAR
 MAXIMUM TEMPERATURE (F)   85       101      1991
                                             1977
 MINIMUM TEMPERATURE (F)   63        50      1974
                                             1966


SUNRISE AND SUNSET
JULY 21 2017..........SUNRISE   534 AM EDT   SUNSET   820 PM EDT
JULY 22 2017..........SUNRISE   535 AM EDT   SUNSET   819 PM EDT


-  INDICATES NEGATIVE NUMBERS.
R  INDICATES RECORD WAS SET OR TIED.
MM INDICATES DATA IS MISSING.
T  INDICATES TRACE AMOUNT.




$$
