000
CDUS41 KBOX 070540
CLIBDL


CLIMATE REPORT
NATIONAL WEATHER SERVICE TAUNTON MA
136 AM EDT TUE JUL 7 2015


...................................

...THE HARTFORD CT CLIMATE SUMMARY FOR JULY 6 2015...

CLIMATE NORMAL PERIOD 1981 TO 2010
CLIMATE RECORD PERIOD 1904 TO 2015


WEATHER ITEM   OBSERVED TIME   RECORD YEAR NORMAL DEPARTURE LAST
                VALUE   (LST)  VALUE       VALUE  FROM      YEAR
                                                  NORMAL
..................................................................
TEMPERATURE (F)
 YESTERDAY
  MAXIMUM         86    358 PM 102    2010  84      2       87
  MINIMUM         60    359 AM  48    1962  62     -2       58
  AVERAGE         73                        73      0       73

PRECIPITATION (IN)
  YESTERDAY        0.00          1.55 1928   0.12  -0.12     0.00
  MONTH TO DATE    0.83                      0.70   0.13     1.64
  SINCE JUN 1      7.51                      5.05   2.46     3.35
  SINCE JAN 1     21.08                     22.86  -1.78    25.36

SNOWFALL (IN)
  YESTERDAY        0.0           0.0  2002   0.0    0.0      0.0
                                      2001
                                      2000
  MONTH TO DATE    0.0                       0.0    0.0      0.0
  SINCE JUN 1      0.0                       0.0    0.0      0.0
  SINCE JUL 1      0.0                       0.0    0.0      0.0
  SNOW DEPTH       0

DEGREE DAYS
 HEATING
  YESTERDAY        0                         0      0        0
  MONTH TO DATE    1                         0      1        0
  SINCE JUN 1     49                        40      9        6
  SINCE JUL 1      1                         0      1        0

 COOLING
  YESTERDAY        8                         8      0        8
  MONTH TO DATE   28                        48    -20       70
  SINCE JUN 1    160                       192    -32      218
  SINCE JAN 1    277                       231     46      250
..................................................................


WIND (MPH)
  RESULTANT WIND SPEED   3   RESULTANT WIND DIRECTION   S (190)
  HIGHEST WIND SPEED    16   HIGHEST WIND DIRECTION     S (200)
  HIGHEST GUST SPEED    20   HIGHEST GUST DIRECTION     S (190)
  AVERAGE WIND SPEED     5.2


SKY COVER
  POSSIBLE SUNSHINE  MM
  AVERAGE SKY COVER 0.5


WEATHER CONDITIONS
 THE FOLLOWING WEATHER WAS RECORDED YESTERDAY.
  FOG
  HAZE


RELATIVE HUMIDITY (PERCENT)
 HIGHEST    97           400 AM
 LOWEST     44           300 PM
 AVERAGE    71

..........................................................


THE HARTFORD CT CLIMATE NORMALS FOR TODAY
                         NORMAL    RECORD    YEAR
 MAXIMUM TEMPERATURE (F)   84       100      2010
 MINIMUM TEMPERATURE (F)   62        46      1979


SUNRISE AND SUNSET
JULY  7 2015..........SUNRISE   523 AM EDT   SUNSET   828 PM EDT
JULY  8 2015..........SUNRISE   523 AM EDT   SUNSET   828 PM EDT


-  INDICATES NEGATIVE NUMBERS.
R  INDICATES RECORD WAS SET OR TIED.
MM INDICATES DATA IS MISSING.
T  INDICATES TRACE AMOUNT.




$$
