000
CDUS41 KBOX 240547
CLIBDL


CLIMATE REPORT
NATIONAL WEATHER SERVICE TAUNTON MA
137 AM EDT THU APR 24 2014


...................................

...THE HARTFORD CT CLIMATE SUMMARY FOR APRIL 23 2014...

CLIMATE NORMAL PERIOD 1981 TO 2010
CLIMATE RECORD PERIOD 1904 TO 2014


WEATHER ITEM   OBSERVED TIME   RECORD YEAR NORMAL DEPARTURE LAST
                VALUE   (LST)  VALUE       VALUE  FROM      YEAR
                                                  NORMAL
..................................................................
TEMPERATURE (F)
 YESTERDAY
  MAXIMUM         57    246 PM  88    2007  64     -7       46
  MINIMUM         44   1159 PM  26    1989  41      3       36
  AVERAGE         51                        52     -1       41

PRECIPITATION (IN)
  YESTERDAY        0.02          1.90 2006   0.12  -0.10     0.00
  MONTH TO DATE    2.47                      2.84  -0.37     1.67
  SINCE MAR 1      7.19                      6.46   0.73     4.27
  SINCE JAN 1     14.56                     12.58   1.98     9.78

SNOWFALL (IN)
  YESTERDAY        0.0           1.0  1956   0.0    0.0      0.0
  MONTH TO DATE    0.2                       1.3   -1.1      0.0
  SINCE MAR 1      1.0                       7.7   -6.7      9.8
  SINCE JUL 1     51.1                      40.4   10.7     56.9
  SNOW DEPTH       0

DEGREE DAYS
 HEATING
  YESTERDAY       14                        13      1       24
  MONTH TO DATE  364                       392    -28      410
  SINCE MAR 1   1403                      1235    168     1270
  SINCE JUL 1   6082                      5673    409     5422

 COOLING
  YESTERDAY        0                         0      0        0
  MONTH TO DATE    1                         0      1        0
  SINCE MAR 1      1                         0      1        0
  SINCE JAN 1      1                         0      1        0
..................................................................


WIND (MPH)
  RESULTANT WIND SPEED  13   RESULTANT WIND DIRECTION  NW (320)
  HIGHEST WIND SPEED    29   HIGHEST WIND DIRECTION    NW (310)
  HIGHEST GUST SPEED    38   HIGHEST GUST DIRECTION     W (290)
  AVERAGE WIND SPEED    14.7


SKY COVER
  POSSIBLE SUNSHINE  MM
  AVERAGE SKY COVER 0.9


WEATHER CONDITIONS
 THE FOLLOWING WEATHER WAS RECORDED YESTERDAY.
  LIGHT RAIN


RELATIVE HUMIDITY (PERCENT)
 HIGHEST    89          1200 AM
 LOWEST     43           400 PM
 AVERAGE    66

..........................................................


THE HARTFORD CT CLIMATE NORMALS FOR TODAY
                         NORMAL    RECORD    YEAR
 MAXIMUM TEMPERATURE (F)   64        88      2001
 MINIMUM TEMPERATURE (F)   41        27      1930


SUNRISE AND SUNSET
APRIL 24 2014.........SUNRISE   557 AM EDT   SUNSET   742 PM EDT
APRIL 25 2014.........SUNRISE   555 AM EDT   SUNSET   743 PM EDT


-  INDICATES NEGATIVE NUMBERS.
R  INDICATES RECORD WAS SET OR TIED.
MM INDICATES DATA IS MISSING.
T  INDICATES TRACE AMOUNT.




$$
