000
CDUS41 KBOX 052133
CLIBDL


CLIMATE REPORT
NATIONAL WEATHER SERVICE TAUNTON MA
422 PM EST MON DEC 5 2016


...................................

...THE HARTFORD CT CLIMATE SUMMARY FOR DECEMBER 5 2016...
VALID AS OF 0400 PM LOCAL TIME.

CLIMATE NORMAL PERIOD 1981 TO 2010
CLIMATE RECORD PERIOD 1904 TO 2016


WEATHER ITEM   OBSERVED TIME   RECORD YEAR NORMAL DEPARTURE LAST
                VALUE   (LST)  VALUE       VALUE  FROM      YEAR
                                                  NORMAL
..................................................................
TEMPERATURE (F)
 TODAY
  MAXIMUM         43    258 PM  68    2001  44     -1       53
  MINIMUM         29    844 AM   3    1976  27      2       27
  AVERAGE         36                        35      1       40

PRECIPITATION (IN)
  TODAY            0.04          2.24 1920   0.12  -0.08     0.00
  MONTH TO DATE    0.34                      0.63  -0.29     0.58
  SINCE DEC 1      0.34                      0.63  -0.29     0.58
  SINCE JAN 1     30.33                     43.04 -12.71    35.54

SNOWFALL (IN)
  TODAY            0.4           6.0  1926   0.2    0.2      0.0
  MONTH TO DATE    0.4                       0.8   -0.4      0.0
  SINCE DEC 1      0.4                       0.8   -0.4      0.0
  SINCE JUL 1      1.9                       2.8   -0.9       T
  SNOW DEPTH       0

DEGREE DAYS
 HEATING
  TODAY           29                        30     -1       25
  MONTH TO DATE  126                       144    -18      125
  SINCE DEC 1    126                       144    -18      125
  SINCE JUL 1   1163                      1351   -188     1109

 COOLING
  TODAY            0                         0      0        0
  MONTH TO DATE    0                         0      0        0
  SINCE DEC 1      0                         0      0        0
  SINCE JAN 1   1068                       756    312      964
..................................................................


WIND (MPH)
  HIGHEST WIND SPEED     8   HIGHEST WIND DIRECTION    NE (40)
  HIGHEST GUST SPEED    10   HIGHEST GUST DIRECTION    NE (50)
  AVERAGE WIND SPEED     2.6


SKY COVER
  POSSIBLE SUNSHINE  MM
  AVERAGE SKY COVER 0.9


WEATHER CONDITIONS
 THE FOLLOWING WEATHER WAS RECORDED TODAY.
  LIGHT SNOW
  FOG
  HAZE


RELATIVE HUMIDITY (PERCENT)
 HIGHEST    92           800 AM
 LOWEST     63          1200 AM
 AVERAGE    78

..........................................................


THE HARTFORD CT CLIMATE NORMALS FOR TOMORROW
                         NORMAL    RECORD    YEAR
 MAXIMUM TEMPERATURE (F)   43        74      2001
 MINIMUM TEMPERATURE (F)   27         8      1976


SUNRISE AND SUNSET
DECEMBER  5 2016......SUNRISE   703 AM EST   SUNSET   420 PM EST
DECEMBER  6 2016......SUNRISE   704 AM EST   SUNSET   419 PM EST


-  INDICATES NEGATIVE NUMBERS.
R  INDICATES RECORD WAS SET OR TIED.
MM INDICATES DATA IS MISSING.
T  INDICATES TRACE AMOUNT.




$$
