000
CDUS41 KBOX 192138
CLIBDL


CLIMATE REPORT
NATIONAL WEATHER SERVICE TAUNTON MA
531 PM EDT SAT AUG 19 2017


...................................

...THE HARTFORD CT CLIMATE SUMMARY FOR AUGUST 19 2017...
VALID AS OF 0500 PM LOCAL TIME.

CLIMATE NORMAL PERIOD 1981 TO 2010
CLIMATE RECORD PERIOD 1904 TO 2017


WEATHER ITEM   OBSERVED TIME   RECORD YEAR NORMAL DEPARTURE LAST
                VALUE   (LST)  VALUE       VALUE  FROM      YEAR
                                                  NORMAL
..................................................................
TEMPERATURE (F)
 TODAY
  MAXIMUM         89    220 PM  95    1966  83      6       88
  MINIMUM         69    546 AM  46    1977  61      8       67
                                      1963
  AVERAGE         79                        72      7       78

PRECIPITATION (IN)
  TODAY            0.00          7.70 1955   0.13  -0.13     0.00
  MONTH TO DATE    2.22                      2.62  -0.40     3.08
  SINCE JUN 1     12.40                     11.15   1.25     7.29
  SINCE JAN 1     30.67                     28.96   1.71    21.23

SNOWFALL (IN)
  TODAY            0.0           0.0  2002   0.0    0.0      0.0
                                      2001
                                      2000
  MONTH TO DATE    0.0                       0.0    0.0      0.0
  SINCE JUN 1      0.0                       0.0    0.0      0.0
  SINCE JUL 1      0.0                       0.0    0.0      0.0
  SNOW DEPTH       0

DEGREE DAYS
 HEATING
  TODAY            0                         0      0        0
  MONTH TO DATE    0                         0      0        0
  SINCE JUN 1     52                        43      9       16
  SINCE JUL 1      8                         3      5        0

 COOLING
  TODAY           14                         7      7       13
  MONTH TO DATE  156                       151      5      241
  SINCE JUN 1    580                       564     16      751
  SINCE JAN 1    640                       603     37      825
..................................................................


WIND (MPH)
  HIGHEST WIND SPEED    13   HIGHEST WIND DIRECTION     W (260)
  HIGHEST GUST SPEED    18   HIGHEST GUST DIRECTION     W (260)
  AVERAGE WIND SPEED     5.6


SKY COVER
  POSSIBLE SUNSHINE  MM
  AVERAGE SKY COVER 0.6


WEATHER CONDITIONS
 THE FOLLOWING WEATHER WAS RECORDED TODAY.
  FOG


RELATIVE HUMIDITY (PERCENT)
 HIGHEST   100          1200 AM
 LOWEST     43           100 PM
 AVERAGE    72

..........................................................


THE HARTFORD CT CLIMATE NORMALS FOR TOMORROW
                         NORMAL    RECORD    YEAR
 MAXIMUM TEMPERATURE (F)   82        96      1937
 MINIMUM TEMPERATURE (F)   61        46      1995
                                             1949
                                             1944


SUNRISE AND SUNSET
AUGUST 19 2017........SUNRISE   603 AM EDT   SUNSET   745 PM EDT
AUGUST 20 2017........SUNRISE   604 AM EDT   SUNSET   743 PM EDT


-  INDICATES NEGATIVE NUMBERS.
R  INDICATES RECORD WAS SET OR TIED.
MM INDICATES DATA IS MISSING.
T  INDICATES TRACE AMOUNT.




$$
