000
CDUS41 KBOX 222119
CLIBDL


CLIMATE REPORT
NATIONAL WEATHER SERVICE TAUNTON MA
419 PM EST SAT NOV 22 2014


...................................

...THE HARTFORD CT CLIMATE SUMMARY FOR NOVEMBER 22 2014...
VALID AS OF 0400 PM LOCAL TIME.

CLIMATE NORMAL PERIOD 1981 TO 2010
CLIMATE RECORD PERIOD 1904 TO 2014


WEATHER ITEM   OBSERVED TIME   RECORD YEAR NORMAL DEPARTURE LAST
                VALUE   (LST)  VALUE       VALUE  FROM      YEAR
                                                  NORMAL
..................................................................
TEMPERATURE (F)
 TODAY
  MAXIMUM         44    257 PM  72    1931  49     -5       51
  MINIMUM         19    603 AM  14    1969  32    -13       42
  AVERAGE         32                        40     -8       47

PRECIPITATION (IN)
  TODAY            0.00          2.40 1952   0.14  -0.14     0.15
  MONTH TO DATE    1.83                      2.84  -1.01     0.58
  SINCE SEP 1      7.37                     11.09  -3.72     6.35
  SINCE JAN 1     39.34                     41.36  -2.02    44.35

SNOWFALL (IN)
  TODAY            0.0           3.6  1943   0.1   -0.1      0.0
  MONTH TO DATE    T                         1.1   -1.1       T
  SINCE SEP 1      T                         1.1   -1.1       T
  SINCE JUL 1      T                         1.1   -1.1       T
  SNOW DEPTH       0

DEGREE DAYS
 HEATING
  TODAY           33                        25      8       18
  MONTH TO DATE  523                       467     56      476
  SINCE SEP 1    906                       984    -78      957
  SINCE JUL 1    908                       996    -88      959

 COOLING
  TODAY            0                         0      0        0
  MONTH TO DATE    0                         0      0        0
  SINCE SEP 1    112                        81     31       70
  SINCE JAN 1    771                       756     15      894
..................................................................


WIND (MPH)
  HIGHEST WIND SPEED    20   HIGHEST WIND DIRECTION    SW (210)
  HIGHEST GUST SPEED    25   HIGHEST GUST DIRECTION    SW (210)
  AVERAGE WIND SPEED     7.8


SKY COVER
  POSSIBLE SUNSHINE  MM
  AVERAGE SKY COVER 0.4


WEATHER CONDITIONS
 THE FOLLOWING WEATHER WAS RECORDED TODAY.
  NO SIGNIFICANT WEATHER WAS OBSERVED.


RELATIVE HUMIDITY (PERCENT)
 HIGHEST    67           600 AM
 LOWEST     22           300 PM
 AVERAGE    45

..........................................................


THE HARTFORD CT CLIMATE NORMALS FOR TOMORROW
                         NORMAL    RECORD    YEAR
 MAXIMUM TEMPERATURE (F)   49        75      1931
 MINIMUM TEMPERATURE (F)   31        12      1972


SUNRISE AND SUNSET
NOVEMBER 22 2014......SUNRISE   649 AM EST   SUNSET   425 PM EST
NOVEMBER 23 2014......SUNRISE   650 AM EST   SUNSET   424 PM EST


-  INDICATES NEGATIVE NUMBERS.
R  INDICATES RECORD WAS SET OR TIED.
MM INDICATES DATA IS MISSING.
T  INDICATES TRACE AMOUNT.




$$
