000
CDUS41 KBOX 262152
CLIBDL


CLIMATE REPORT
NATIONAL WEATHER SERVICE TAUNTON MA
542 PM EDT THU MAR 26 2015


...................................

...THE HARTFORD CT CLIMATE SUMMARY FOR MARCH 26 2015...
VALID AS OF 0500 PM LOCAL TIME.

CLIMATE NORMAL PERIOD 1981 TO 2010
CLIMATE RECORD PERIOD 1904 TO 2015


WEATHER ITEM   OBSERVED TIME   RECORD YEAR NORMAL DEPARTURE LAST
                VALUE   (LST)  VALUE       VALUE  FROM      YEAR
                                                  NORMAL
..................................................................
TEMPERATURE (F)
 TODAY
  MAXIMUM         48    325 PM  74    1922  52     -4       36
  MINIMUM         37    553 AM   6    1960  31      6       21
  AVERAGE         43                        41      2       29

PRECIPITATION (IN)
  TODAY            0.11          1.10 1970   0.12  -0.01     0.00
  MONTH TO DATE    2.14                      3.01  -0.87     1.21
  SINCE MAR 1      2.14                      3.01  -0.87     1.21
  SINCE JAN 1      8.32                      9.13  -0.81     8.58

SNOWFALL (IN)
  TODAY            0.0           1.4  1924   0.2   -0.2      0.0
  MONTH TO DATE    8.1                       5.8    2.3       T
  SINCE MAR 1      8.1                       5.8    2.3       T
  SINCE JUL 1     62.9                      38.5   24.4     50.1
  SNOW DEPTH       0

DEGREE DAYS
 HEATING
  TODAY           22                        24     -2       36
  MONTH TO DATE  863                       731    132      912
  SINCE MAR 1    863                       731    132      912
  SINCE JUL 1   5508                      5169    339     5591

 COOLING
  TODAY            0                         0      0        0
  MONTH TO DATE    0                         0      0        0
  SINCE MAR 1      0                         0      0        0
  SINCE JAN 1      0                         0      0        0
..................................................................


WIND (MPH)
  HIGHEST WIND SPEED    15   HIGHEST WIND DIRECTION     S (190)
  HIGHEST GUST SPEED    20   HIGHEST GUST DIRECTION     S (180)
  AVERAGE WIND SPEED     7.1


SKY COVER
  POSSIBLE SUNSHINE  MM
  AVERAGE SKY COVER 1.0


WEATHER CONDITIONS
 THE FOLLOWING WEATHER WAS RECORDED TODAY.
  RAIN
  LIGHT RAIN
  FOG
  FOG W/VISIBILITY <= 1/4 MILE


RELATIVE HUMIDITY (PERCENT)
 HIGHEST    93           900 AM
 LOWEST     83          1100 AM
 AVERAGE    88

..........................................................


THE HARTFORD CT CLIMATE NORMALS FOR TOMORROW
                         NORMAL    RECORD    YEAR
 MAXIMUM TEMPERATURE (F)   52        82      1998
 MINIMUM TEMPERATURE (F)   31        16      1960


SUNRISE AND SUNSET
MARCH 26 2015.........SUNRISE   644 AM EDT   SUNSET   709 PM EDT
MARCH 27 2015.........SUNRISE   643 AM EDT   SUNSET   710 PM EDT


-  INDICATES NEGATIVE NUMBERS.
R  INDICATES RECORD WAS SET OR TIED.
MM INDICATES DATA IS MISSING.
T  INDICATES TRACE AMOUNT.




$$
