000
CDUS41 KBOX 280616
CLIBDL


CLIMATE REPORT
NATIONAL WEATHER SERVICE TAUNTON MA
111 AM EST WED JAN 28 2015


...................................

...THE HARTFORD CT CLIMATE SUMMARY FOR JANUARY 27 2015...

CLIMATE NORMAL PERIOD 1981 TO 2010
CLIMATE RECORD PERIOD 1904 TO 2015


WEATHER ITEM   OBSERVED TIME   RECORD YEAR NORMAL DEPARTURE LAST
                VALUE   (LST)  VALUE       VALUE  FROM      YEAR
                                                  NORMAL
..................................................................
TEMPERATURE (F)
 YESTERDAY
  MAXIMUM         27    146 PM  67    1916  35     -8       42
  MINIMUM         13   1148 PM -10    1994  18     -5       18
  AVERAGE         20                        26     -6       30

PRECIPITATION (IN)
  YESTERDAY        0.24          2.20 1976   0.10   0.14     0.01
  MONTH TO DATE    3.19                      2.81   0.38     3.41
  SINCE DEC 1      7.74                      6.25   1.49     7.33
  SINCE JAN 1      3.19                      2.81   0.38     3.41

SNOWFALL (IN)
  YESTERDAY        6.3           9.1  2011   0.3    6.0      0.0
  MONTH TO DATE   16.8                      10.6    6.2     10.3
  SINCE DEC 1     17.5                      18.0   -0.5     23.0
  SINCE JUL 1     22.6                      20.0    2.6     23.0
  SNOW DEPTH       9

DEGREE DAYS
 HEATING
  YESTERDAY       45                        39      6       35
  MONTH TO DATE 1099                      1050     49     1073
  SINCE DEC 1   2001                      2087    -86     2137
  SINCE JUL 1   3098                      3294   -196     3369

 COOLING
  YESTERDAY        0                         0      0        0
  MONTH TO DATE    0                         0      0        0
  SINCE DEC 1      0                         0      0        0
  SINCE JAN 1      0                         0      0        0
..................................................................


WIND (MPH)
  RESULTANT WIND SPEED  18   RESULTANT WIND DIRECTION   N (350)
  HIGHEST WIND SPEED    29   HIGHEST WIND DIRECTION     N (360)
  HIGHEST GUST SPEED    38   HIGHEST GUST DIRECTION     N (360)
  AVERAGE WIND SPEED    17.9


SKY COVER
  POSSIBLE SUNSHINE  MM
  AVERAGE SKY COVER 1.0


WEATHER CONDITIONS
 THE FOLLOWING WEATHER WAS RECORDED YESTERDAY.
  HEAVY SNOW
  SNOW
  LIGHT SNOW
  FOG
  FOG W/VISIBILITY <= 1/4 MILE
  HAZE


RELATIVE HUMIDITY (PERCENT)
 HIGHEST    88           300 AM
 LOWEST     55           100 PM
 AVERAGE    72

..........................................................


THE HARTFORD CT CLIMATE NORMALS FOR TODAY
                         NORMAL    RECORD    YEAR
 MAXIMUM TEMPERATURE (F)   35        63      1916
 MINIMUM TEMPERATURE (F)   18       -12      1961


SUNRISE AND SUNSET
JANUARY 28 2015.......SUNRISE   707 AM EST   SUNSET   500 PM EST
JANUARY 29 2015.......SUNRISE   707 AM EST   SUNSET   502 PM EST


-  INDICATES NEGATIVE NUMBERS.
R  INDICATES RECORD WAS SET OR TIED.
MM INDICATES DATA IS MISSING.
T  INDICATES TRACE AMOUNT.




$$
