000
CDUS41 KBOX 062131
CLIBDL


CLIMATE REPORT
NATIONAL WEATHER SERVICE TAUNTON MA
427 PM EST SAT FEB 6 2016


...................................

...THE HARTFORD CT CLIMATE SUMMARY FOR FEBRUARY 6 2016...
VALID AS OF 0400 PM LOCAL TIME.

CLIMATE NORMAL PERIOD 1981 TO 2010
CLIMATE RECORD PERIOD 1904 TO 2016


WEATHER ITEM   OBSERVED TIME   RECORD YEAR NORMAL DEPARTURE LAST
                VALUE   (LST)  VALUE       VALUE  FROM      YEAR
                                                  NORMAL
..................................................................
TEMPERATURE (F)
 TODAY
  MAXIMUM         37    249 PM  57    1991  36      1       22
  MINIMUM         14    724 AM  -7    2015  19     -5       -7
  AVERAGE         26                        28     -2        8

PRECIPITATION (IN)
  TODAY            0.00          1.11 2004   0.11  -0.11      T
  MONTH TO DATE    1.23                      0.62   0.61     1.08
  SINCE DEC 1      7.44                      7.29   0.15     8.86
  SINCE JAN 1      3.19                      3.85  -0.66     4.31

SNOWFALL (IN)
  TODAY            0.0          12.8  1978   0.5   -0.5       T
  MONTH TO DATE    6.6                       2.7    3.9     11.4
  SINCE DEC 1      9.5                      22.4  -12.9     29.2
  SINCE JUL 1      9.5                      24.4  -14.9     34.3
  SNOW DEPTH       6

DEGREE DAYS
 HEATING
  TODAY           39                        37      2       57
  MONTH TO DATE  151                       225    -74      286
  SINCE DEC 1   1892                      2468   -576     2473
  SINCE JUL 1   2876                      3675   -799     3570

 COOLING
  TODAY            0                         0      0        0
  MONTH TO DATE    0                         0      0        0
  SINCE DEC 1      0                         0      0        0
  SINCE JAN 1      0                         0      0        0
..................................................................


WIND (MPH)
  HIGHEST WIND SPEED    20   HIGHEST WIND DIRECTION     S (160)
  HIGHEST GUST SPEED    23   HIGHEST GUST DIRECTION     S (170)
  AVERAGE WIND SPEED     6.5


SKY COVER
  POSSIBLE SUNSHINE  MM
  AVERAGE SKY COVER 0.4


WEATHER CONDITIONS
 THE FOLLOWING WEATHER WAS RECORDED TODAY.
  NO SIGNIFICANT WEATHER WAS OBSERVED.


RELATIVE HUMIDITY (PERCENT)
 HIGHEST    88           700 AM
 LOWEST     48           200 PM
 AVERAGE    68

..........................................................


THE HARTFORD CT CLIMATE NORMALS FOR TOMORROW
                         NORMAL    RECORD    YEAR
 MAXIMUM TEMPERATURE (F)   37        55      1951
 MINIMUM TEMPERATURE (F)   20        -9      1995


SUNRISE AND SUNSET
FEBRUARY  6 2016......SUNRISE   658 AM EST   SUNSET   512 PM EST
FEBRUARY  7 2016......SUNRISE   657 AM EST   SUNSET   513 PM EST


-  INDICATES NEGATIVE NUMBERS.
R  INDICATES RECORD WAS SET OR TIED.
MM INDICATES DATA IS MISSING.
T  INDICATES TRACE AMOUNT.




$$
