000
CDUS41 KBOX 250535
CLIBDL


CLIMATE REPORT
NATIONAL WEATHER SERVICE TAUNTON MA
135 AM EDT MON APR 25 2016


...................................

...THE HARTFORD CT CLIMATE SUMMARY FOR APRIL 24 2016...

CLIMATE NORMAL PERIOD 1981 TO 2010
CLIMATE RECORD PERIOD 1904 TO 2016


WEATHER ITEM   OBSERVED TIME   RECORD YEAR NORMAL DEPARTURE LAST
                VALUE   (LST)  VALUE       VALUE  FROM      YEAR
                                                  NORMAL
..................................................................
TEMPERATURE (F)
 YESTERDAY
  MAXIMUM         64    323 PM  88    2001  64      0       46
  MINIMUM         38    453 AM  27    1930  41     -3       36
  AVERAGE         51                        53     -2       41

PRECIPITATION (IN)
  YESTERDAY        0.00          2.25 1944   0.13  -0.13      T
  MONTH TO DATE    2.17                      2.97  -0.80     3.40
  SINCE MAR 1      4.37                      6.59  -2.22     6.06
  SINCE JAN 1     11.20                     12.71  -1.51    12.24

SNOWFALL (IN)
  YESTERDAY        0.0           1.1  1967   0.1   -0.1       T
  MONTH TO DATE    6.9                       1.4    5.5       T
  SINCE MAR 1      9.8                       7.8    2.0      9.0
  SINCE JUL 1     26.9                      40.5  -13.6     63.8
  SNOW DEPTH       0

DEGREE DAYS
 HEATING
  YESTERDAY       14                        13      1       24
  MONTH TO DATE  432                       405     27      387
  SINCE MAR 1   1076                      1248   -172     1385
  SINCE JUL 1   4752                      5686   -934     6030

 COOLING
  YESTERDAY        0                         0      0        0
  MONTH TO DATE    2                         0      2        0
  SINCE MAR 1      2                         0      2        0
  SINCE JAN 1      2                         0      2        0
..................................................................


WIND (MPH)
  RESULTANT WIND SPEED   6   RESULTANT WIND DIRECTION   N (0)
  HIGHEST WIND SPEED    18   HIGHEST WIND DIRECTION    NW (310)
  HIGHEST GUST SPEED    25   HIGHEST GUST DIRECTION    NW (310)
  AVERAGE WIND SPEED     6.6


SKY COVER
  POSSIBLE SUNSHINE  MM
  AVERAGE SKY COVER 0.4


WEATHER CONDITIONS
 THE FOLLOWING WEATHER WAS RECORDED YESTERDAY.
  NO SIGNIFICANT WEATHER WAS OBSERVED.


RELATIVE HUMIDITY (PERCENT)
 HIGHEST    48           500 AM
 LOWEST     11           200 PM
 AVERAGE    30

..........................................................


THE HARTFORD CT CLIMATE NORMALS FOR TODAY
                         NORMAL    RECORD    YEAR
 MAXIMUM TEMPERATURE (F)   65        91      2009
 MINIMUM TEMPERATURE (F)   42        26      1956


SUNRISE AND SUNSET
APRIL 25 2016.........SUNRISE   555 AM EDT   SUNSET   743 PM EDT
APRIL 26 2016.........SUNRISE   553 AM EDT   SUNSET   744 PM EDT


-  INDICATES NEGATIVE NUMBERS.
R  INDICATES RECORD WAS SET OR TIED.
MM INDICATES DATA IS MISSING.
T  INDICATES TRACE AMOUNT.




$$
