000
CDUS41 KBOX 302131
CLIBDL


CLIMATE REPORT
NATIONAL WEATHER SERVICE TAUNTON MA
530 PM EDT SUN AUG 30 2015


...................................

...THE HARTFORD CT CLIMATE SUMMARY FOR AUGUST 30 2015...
VALID TODAY AS OF 0500 PM LOCAL TIME.

CLIMATE NORMAL PERIOD 1981 TO 2010
CLIMATE RECORD PERIOD 1904 TO 2015


WEATHER ITEM   OBSERVED TIME   RECORD YEAR NORMAL DEPARTURE LAST
                VALUE   (LST)  VALUE       VALUE  FROM      YEAR
                                                  NORMAL
..................................................................
TEMPERATURE (F)
 TODAY
  MAXIMUM         88    235 PM  98    1973  80      8       81
  MINIMUM         61    558 AM  39    1965  59      2       53
  AVERAGE         75                        70      5       67

PRECIPITATION (IN)
  TODAY            0.00          1.42 1917   0.10  -0.10     0.00
  MONTH TO DATE    1.95                      3.83  -1.88     3.53
  SINCE JUN 1     11.71                     12.36  -0.65     9.73
  SINCE JAN 1     25.28                     30.17  -4.89    31.74

SNOWFALL (IN)
  TODAY            0.0           0.0  2002   0.0    0.0      0.0
                                      2001
                                      2000
  MONTH TO DATE    0.0                       0.0    0.0      0.0
  SINCE JUN 1      0.0                       0.0    0.0      0.0
  SINCE JUL 1      0.0                       0.0    0.0      0.0
  SNOW DEPTH       0

DEGREE DAYS
 HEATING
  TODAY            0                         1     -1        0
  MONTH TO DATE    0                         5     -5        2
  SINCE JUN 1     49                        48      1        8
  SINCE JUL 1      1                         8     -7        2

 COOLING
  TODAY           10                         5      5        2
  MONTH TO DATE  269                       218     51      161
  SINCE JUN 1    685                       631     54      613
  SINCE JAN 1    802                       670    132      645
..................................................................


WIND (MPH)
  HIGHEST WIND SPEED    10   HIGHEST WIND DIRECTION    SW (230)
  HIGHEST GUST SPEED    14   HIGHEST GUST DIRECTION     W (260)
  AVERAGE WIND SPEED     3.9


SKY COVER
  POSSIBLE SUNSHINE  MM
  AVERAGE SKY COVER 0.6


WEATHER CONDITIONS
 THE FOLLOWING WEATHER WAS RECORDED TODAY.
  NO SIGNIFICANT WEATHER WAS OBSERVED.


RELATIVE HUMIDITY (PERCENT)
 HIGHEST    93           500 AM
 LOWEST     42           300 PM
 AVERAGE    68

..........................................................


THE HARTFORD CT CLIMATE NORMALS FOR TOMORROW
                         NORMAL    RECORD    YEAR
 MAXIMUM TEMPERATURE (F)   80        98      1953
 MINIMUM TEMPERATURE (F)   58        36      1965


SUNRISE AND SUNSET
AUGUST 30 2015........SUNRISE   614 AM EDT   SUNSET   728 PM EDT
AUGUST 31 2015........SUNRISE   615 AM EDT   SUNSET   726 PM EDT


-  INDICATES NEGATIVE NUMBERS.
R  INDICATES RECORD WAS SET OR TIED.
MM INDICATES DATA IS MISSING.
T  INDICATES TRACE AMOUNT.




$$
