000
CDUS41 KBOX 150527
CLIBDL


CLIMATE REPORT
NATIONAL WEATHER SERVICE TAUNTON MA
1226 AM EST MON JAN 15 2018


...................................

...THE HARTFORD CT CLIMATE SUMMARY FOR JANUARY 14 2018...

CLIMATE NORMAL PERIOD 1981 TO 2010
CLIMATE RECORD PERIOD 1904 TO 2018


WEATHER ITEM   OBSERVED TIME   RECORD YEAR NORMAL DEPARTURE LAST
                VALUE   (LST)  VALUE       VALUE  FROM      YEAR
                                                  NORMAL
..................................................................
TEMPERATURE (F)
 YESTERDAY
  MAXIMUM         25    323 PM  70    1932  34     -9       29
  MINIMUM         11   1159 PM -12    1957  17     -6       17
                                      1912
  AVERAGE         18                        26     -8       23

PRECIPITATION (IN)
  YESTERDAY        0.00          1.54 1940   0.11  -0.11     0.00
  MONTH TO DATE    2.64                      1.43   1.21     1.66
  SINCE DEC 1      5.05                      4.87   0.18     4.39
  SINCE JAN 1      2.64                      1.43   1.21     1.66

SNOWFALL (IN)
  YESTERDAY        0.0           6.3  2008   0.4   -0.4      0.0
  MONTH TO DATE   10.2                       5.5    4.7      4.1
  SINCE DEC 1     20.0                      12.9    7.1     14.3
  SINCE JUL 1     20.0                      14.9    5.1     15.8
  SNOW DEPTH       0

DEGREE DAYS
 HEATING
  YESTERDAY       47                        39      8       42
  MONTH TO DATE  624                       543     81      495
  SINCE DEC 1   1783                      1580    203     1505
  SINCE JUL 1   2774                      2787    -13     2542

 COOLING
  YESTERDAY        0                         0      0        0
  MONTH TO DATE    0                         0      0        0
  SINCE DEC 1      0                         0      0        0
  SINCE JAN 1      0                         0      0        0
..................................................................


WIND (MPH)
  RESULTANT WIND SPEED  10   RESULTANT WIND DIRECTION   N (350)
  HIGHEST WIND SPEED    16   HIGHEST WIND DIRECTION    NW (320)
  HIGHEST GUST SPEED    22   HIGHEST GUST DIRECTION    NW (330)
  AVERAGE WIND SPEED    10.1


SKY COVER
  POSSIBLE SUNSHINE  MM
  AVERAGE SKY COVER 0.2


WEATHER CONDITIONS
 THE FOLLOWING WEATHER WAS RECORDED YESTERDAY.
  NO SIGNIFICANT WEATHER WAS OBSERVED.


RELATIVE HUMIDITY (PERCENT)
 HIGHEST    67           100 AM
 LOWEST     35           300 PM
 AVERAGE    51

..........................................................


THE HARTFORD CT CLIMATE NORMALS FOR TODAY
                         NORMAL    RECORD    YEAR
 MAXIMUM TEMPERATURE (F)   34        63      1995
 MINIMUM TEMPERATURE (F)   17       -15      1957


SUNRISE AND SUNSET
JANUARY 15 2018.......SUNRISE   716 AM EST   SUNSET   445 PM EST
JANUARY 16 2018.......SUNRISE   716 AM EST   SUNSET   446 PM EST


-  INDICATES NEGATIVE NUMBERS.
R  INDICATES RECORD WAS SET OR TIED.
MM INDICATES DATA IS MISSING.
T  INDICATES TRACE AMOUNT.




$$
