000
CDUS41 KBOX 182205
CLIBDL


CLIMATE REPORT
NATIONAL WEATHER SERVICE TAUNTON MA
604 PM EDT THU AUG 18 2016


...................................

...THE HARTFORD CT CLIMATE SUMMARY FOR AUGUST 18 2016...
VALID AS OF 0600 PM LOCAL TIME.

CLIMATE NORMAL PERIOD 1981 TO 2010
CLIMATE RECORD PERIOD 1904 TO 2016


WEATHER ITEM   OBSERVED TIME   RECORD YEAR NORMAL DEPARTURE LAST
                VALUE   (LST)  VALUE       VALUE  FROM      YEAR
                                                  NORMAL
..................................................................
TEMPERATURE (F)
 TODAY
  MAXIMUM         89    352 PM  96    2002  83      6       91
  MINIMUM         67    543 AM  45    1941  61      6       68
  AVERAGE         78                        72      6       80

PRECIPITATION (IN)
  TODAY            0.02          6.27 1955   0.12  -0.10     0.46
  MONTH TO DATE    3.08                      2.49   0.59     1.57
  SINCE JUN 1      7.29                     11.02  -3.73    11.33
  SINCE JAN 1     21.23                     28.83  -7.60    24.90

SNOWFALL (IN)
  TODAY            0.0           0.0  2002   0.0    0.0      0.0
                                      2001
                                      2000
  MONTH TO DATE    0.0                       0.0    0.0      0.0
  SINCE JUN 1      0.0                       0.0    0.0      0.0
  SINCE JUL 1      0.0                       0.0    0.0      0.0
  SNOW DEPTH       0

DEGREE DAYS
 HEATING
  TODAY            0                         0      0        0
  MONTH TO DATE    0                         0      0        0
  SINCE JUN 1     16                        43    -27       49
  SINCE JUL 1      0                         3     -3        1

 COOLING
  TODAY           13                         7      6       15
  MONTH TO DATE  228                       144     84      168
  SINCE JUN 1    738                       557    181      584
  SINCE JAN 1    812                       596    216      701
..................................................................


WIND (MPH)
  HIGHEST WIND SPEED    13   HIGHEST WIND DIRECTION    SW (240)
  HIGHEST GUST SPEED    17   HIGHEST GUST DIRECTION     W (270)
  AVERAGE WIND SPEED     3.3


SKY COVER
  POSSIBLE SUNSHINE  MM
  AVERAGE SKY COVER 0.5


WEATHER CONDITIONS
 THE FOLLOWING WEATHER WAS RECORDED TODAY.
  LIGHT RAIN
  FOG


RELATIVE HUMIDITY (PERCENT)
 HIGHEST    93           400 AM
 LOWEST     40           200 PM
 AVERAGE    67

..........................................................


THE HARTFORD CT CLIMATE NORMALS FOR TOMORROW
                         NORMAL    RECORD    YEAR
 MAXIMUM TEMPERATURE (F)   83        95      1966
 MINIMUM TEMPERATURE (F)   61        46      1977
                                             1963


SUNRISE AND SUNSET
AUGUST 18 2016........SUNRISE   602 AM EDT   SUNSET   746 PM EDT
AUGUST 19 2016........SUNRISE   603 AM EDT   SUNSET   744 PM EDT


-  INDICATES NEGATIVE NUMBERS.
R  INDICATES RECORD WAS SET OR TIED.
MM INDICATES DATA IS MISSING.
T  INDICATES TRACE AMOUNT.




$$
