000
CDUS41 KBOX 260539
CLIBDL


CLIMATE REPORT
NATIONAL WEATHER SERVICE TAUNTON MA
138 AM EDT TUE MAY 26 2015


...................................

...THE HARTFORD CT CLIMATE SUMMARY FOR MAY 25 2015...

CLIMATE NORMAL PERIOD 1981 TO 2010
CLIMATE RECORD PERIOD 1904 TO 2015


WEATHER ITEM   OBSERVED TIME   RECORD YEAR NORMAL DEPARTURE LAST
                VALUE   (LST)  VALUE       VALUE  FROM      YEAR
                                                  NORMAL
..................................................................
TEMPERATURE (F)
 YESTERDAY
  MAXIMUM         86    231 PM  93    2007  74     12       79
  MINIMUM         57    156 AM  33    1956  50      7       51
  AVERAGE         72                        62     10       65

PRECIPITATION (IN)
  YESTERDAY        0.00          2.55 1967   0.16  -0.16     0.00
  MONTH TO DATE    0.60                      3.39  -2.79     4.00
  SINCE MAR 1      6.66                     10.73  -4.07    14.18
  SINCE JAN 1     12.84                     16.85  -4.01    21.55

SNOWFALL (IN)
  YESTERDAY        0.0           T    1967   0.0    0.0      0.0
  MONTH TO DATE    0.0                       0.0    0.0      0.0
  SINCE MAR 1      9.0                       7.8    1.2      1.0
  SINCE JUL 1     63.8                      40.5   23.3     51.1
  SNOW DEPTH       0

DEGREE DAYS
 HEATING
  YESTERDAY        0                         5     -5        0
  MONTH TO DATE   74                       181   -107      125
  SINCE MAR 1   1532                      1496     36     1643
  SINCE JUL 1   6177                      5934    243     6322

 COOLING
  YESTERDAY        7                         2      5        0
  MONTH TO DATE   73                        20     53       20
  SINCE MAR 1     73                        26     47       21
  SINCE JAN 1     73                        26     47       21
..................................................................


WIND (MPH)
  RESULTANT WIND SPEED  10   RESULTANT WIND DIRECTION   S (180)
  HIGHEST WIND SPEED    23   HIGHEST WIND DIRECTION     S (180)
  HIGHEST GUST SPEED    29   HIGHEST GUST DIRECTION     S (180)
  AVERAGE WIND SPEED     9.9


SKY COVER
  POSSIBLE SUNSHINE  MM
  AVERAGE SKY COVER 0.9


WEATHER CONDITIONS
 THE FOLLOWING WEATHER WAS RECORDED YESTERDAY.
  NO SIGNIFICANT WEATHER WAS OBSERVED.


RELATIVE HUMIDITY (PERCENT)
 HIGHEST    77           200 AM
 LOWEST     37           200 PM
 AVERAGE    57

..........................................................


THE HARTFORD CT CLIMATE NORMALS FOR TODAY
                         NORMAL    RECORD    YEAR
 MAXIMUM TEMPERATURE (F)   74        99      2010
 MINIMUM TEMPERATURE (F)   51        36      1992
                                             1972


SUNRISE AND SUNSET
MAY 26 2015...........SUNRISE   522 AM EDT   SUNSET   814 PM EDT
MAY 27 2015...........SUNRISE   521 AM EDT   SUNSET   815 PM EDT


-  INDICATES NEGATIVE NUMBERS.
R  INDICATES RECORD WAS SET OR TIED.
MM INDICATES DATA IS MISSING.
T  INDICATES TRACE AMOUNT.




$$
