000
CDUS41 KBOX 022129
CLIBDL


CLIMATE REPORT
NATIONAL WEATHER SERVICE TAUNTON MA
528 PM EDT SUN AUG 2 2015


...................................

...THE HARTFORD CT CLIMATE SUMMARY FOR AUGUST 2 2015...
VALID AS OF 0500 PM LOCAL TIME.

CLIMATE NORMAL PERIOD 1981 TO 2010
CLIMATE RECORD PERIOD 1904 TO 2015


WEATHER ITEM   OBSERVED TIME   RECORD YEAR NORMAL DEPARTURE LAST
                VALUE   (LST)  VALUE       VALUE  FROM      YEAR
                                                  NORMAL
..................................................................
TEMPERATURE (F)
 TODAY
  MAXIMUM         87    359 PM 101    1975  84      3       75
  MINIMUM         57    501 AM  50    1947  63     -6       61
  AVERAGE         72                        74     -2       68

PRECIPITATION (IN)
  TODAY            0.00          1.39 1995   0.15  -0.15     0.05
  MONTH TO DATE    T                         0.30  -0.30     0.37
  SINCE JUN 1      9.76                      8.83   0.93     6.57
  SINCE JAN 1     23.33                     26.64  -3.31    28.58

SNOWFALL (IN)
  TODAY            0.0           0.0  2002   0.0    0.0      0.0
                                      2001
                                      2000
  MONTH TO DATE    0.0                       0.0    0.0      0.0
  SINCE JUN 1      0.0                       0.0    0.0      0.0
  SINCE JUL 1      0.0                       0.0    0.0      0.0
  SNOW DEPTH       0

DEGREE DAYS
 HEATING
  TODAY            0                         0      0        0
  MONTH TO DATE    0                         0      0        0
  SINCE JUN 1     49                        43      6        6
  SINCE JUL 1      1                         3     -2        0

 COOLING
  TODAY            7                         9     -2        3
  MONTH TO DATE   18                        18      0       14
  SINCE JUN 1    434                       431      3      466
  SINCE JAN 1    551                       470     81      498
..................................................................


WIND (MPH)
  HIGHEST WIND SPEED    17   HIGHEST WIND DIRECTION    SW (240)
  HIGHEST GUST SPEED    23   HIGHEST GUST DIRECTION    SW (240)
  AVERAGE WIND SPEED     6.0


SKY COVER
  POSSIBLE SUNSHINE  MM
  AVERAGE SKY COVER 0.2


WEATHER CONDITIONS
 THE FOLLOWING WEATHER WAS RECORDED TODAY.
  NO SIGNIFICANT WEATHER WAS OBSERVED.


RELATIVE HUMIDITY (PERCENT)
 HIGHEST    93           500 AM
 LOWEST     31           400 PM
 AVERAGE    62

..........................................................


THE HARTFORD CT CLIMATE NORMALS FOR TOMORROW
                         NORMAL    RECORD    YEAR
 MAXIMUM TEMPERATURE (F)   84        98      1930
 MINIMUM TEMPERATURE (F)   63        46      1956


SUNRISE AND SUNSET
AUGUST  2 2015........SUNRISE   545 AM EDT   SUNSET   808 PM EDT
AUGUST  3 2015........SUNRISE   546 AM EDT   SUNSET   807 PM EDT


-  INDICATES NEGATIVE NUMBERS.
R  INDICATES RECORD WAS SET OR TIED.
MM INDICATES DATA IS MISSING.
T  INDICATES TRACE AMOUNT.




$$
