000
CDUS41 KBOX 110553
CLIBDL


CLIMATE REPORT
NATIONAL WEATHER SERVICE TAUNTON MA
147 AM EDT FRI APR 11 2014


...................................

...THE HARTFORD CT CLIMATE SUMMARY FOR APRIL 10 2014...

CLIMATE NORMAL PERIOD 1981 TO 2010
CLIMATE RECORD PERIOD 1904 TO 2014


WEATHER ITEM   OBSERVED TIME   RECORD YEAR NORMAL DEPARTURE LAST
                VALUE   (LST)  VALUE       VALUE  FROM      YEAR
                                                  NORMAL
..................................................................
TEMPERATURE (F)
 YESTERDAY
  MAXIMUM         61    123 PM  84    1922  58      3       67
  MINIMUM         29    525 AM  21    1985  37     -8       48
  AVERAGE         45                        47     -2       58

PRECIPITATION (IN)
  YESTERDAY        T             2.47 1983   0.13  -0.13     0.29
  MONTH TO DATE    0.80                      1.26  -0.46     0.32
  SINCE MAR 1      5.52                      4.88   0.64     2.92
  SINCE JAN 1     12.89                     11.00   1.89     8.43

SNOWFALL (IN)
  YESTERDAY        0.0           6.0  1996   0.1   -0.1      0.0
  MONTH TO DATE    0.0                       0.8   -0.8      0.0
  SINCE MAR 1      0.8                       7.2   -6.4      9.8
  SINCE JUL 1     50.9                      39.9   11.0     56.9
  SNOW DEPTH       0

DEGREE DAYS
 HEATING
  YESTERDAY       20                        18      2        7
  MONTH TO DATE  178                       196    -18      184
  SINCE MAR 1   1217                      1039    178     1044
  SINCE JUL 1   5896                      5477    419     5196

 COOLING
  YESTERDAY        0                         0      0        0
  MONTH TO DATE    0                         0      0        0
  SINCE MAR 1      0                         0      0        0
  SINCE JAN 1      0                         0      0        0
..................................................................


WIND (MPH)
  RESULTANT WIND SPEED  11   RESULTANT WIND DIRECTION   S (190)
  HIGHEST WIND SPEED    26   HIGHEST WIND DIRECTION     S (190)
  HIGHEST GUST SPEED    38   HIGHEST GUST DIRECTION     S (200)
  AVERAGE WIND SPEED    12.0


SKY COVER
  POSSIBLE SUNSHINE  MM
  AVERAGE SKY COVER 0.2


WEATHER CONDITIONS
 THE FOLLOWING WEATHER WAS RECORDED YESTERDAY.
  LIGHT RAIN


RELATIVE HUMIDITY (PERCENT)
 HIGHEST    69           500 AM
 LOWEST     20          1200 PM
 AVERAGE    45

..........................................................


THE HARTFORD CT CLIMATE NORMALS FOR TODAY
                         NORMAL    RECORD    YEAR
 MAXIMUM TEMPERATURE (F)   59        79      1955
 MINIMUM TEMPERATURE (F)   37        23      1960
                                             1909


SUNRISE AND SUNSET
APRIL 11 2014.........SUNRISE   617 AM EDT   SUNSET   727 PM EDT
APRIL 12 2014.........SUNRISE   615 AM EDT   SUNSET   728 PM EDT


-  INDICATES NEGATIVE NUMBERS.
R  INDICATES RECORD WAS SET OR TIED.
MM INDICATES DATA IS MISSING.
T  INDICATES TRACE AMOUNT.




$$
