000
CDUS41 KBOX 190615
CLIBDL


CLIMATE REPORT
NATIONAL WEATHER SERVICE TAUNTON MA
105 AM EST SUN NOV 19 2017


...................................

...THE HARTFORD CT CLIMATE SUMMARY FOR NOVEMBER 18 2017...

CLIMATE NORMAL PERIOD 1981 TO 2010
CLIMATE RECORD PERIOD 1904 TO 2017


WEATHER ITEM   OBSERVED TIME   RECORD YEAR NORMAL DEPARTURE LAST
                VALUE   (LST)  VALUE       VALUE  FROM      YEAR
                                                  NORMAL
..................................................................
TEMPERATURE (F)
 YESTERDAY
  MAXIMUM         39    306 PM  73    1963  51    -12       64
                                      1953
  MINIMUM         21    626 AM  15    1936  33    -12       36
                                      1924
  AVERAGE         30                        42    -12       50

PRECIPITATION (IN)
  YESTERDAY        0.08          1.23 1929   0.14  -0.06     0.00
  MONTH TO DATE    0.57                      2.29  -1.72     0.72
  SINCE SEP 1     11.59                     10.54   1.05     5.31
  SINCE JAN 1     42.70                     40.81   1.89    27.65

SNOWFALL (IN)
  YESTERDAY        0.0           5.9  1980   0.0    0.0      0.0
  MONTH TO DATE    T                         0.8   -0.8      0.0
  SINCE SEP 1      T                         0.8   -0.8      1.5
  SINCE JUL 1      T                         0.8   -0.8      1.5
  SNOW DEPTH       0

DEGREE DAYS
 HEATING
  YESTERDAY       35                        23     12       15
  MONTH TO DATE  431                       370     61      317
  SINCE SEP 1    676                       887   -211      726
  SINCE JUL 1    692                       899   -207      726

 COOLING
  YESTERDAY        0                         0      0        0
  MONTH TO DATE    0                         0      0        0
  SINCE SEP 1    178                        81     97      138
  SINCE JAN 1    865                       756    109     1068
..................................................................


WIND (MPH)
  RESULTANT WIND SPEED   1   RESULTANT WIND DIRECTION  NW (310)
  HIGHEST WIND SPEED     9   HIGHEST WIND DIRECTION    NE (40)
  HIGHEST GUST SPEED    10   HIGHEST GUST DIRECTION    NE (40)
  AVERAGE WIND SPEED     1.4


SKY COVER
  POSSIBLE SUNSHINE  MM
  AVERAGE SKY COVER 0.7


WEATHER CONDITIONS
 THE FOLLOWING WEATHER WAS RECORDED YESTERDAY.
  RAIN
  LIGHT RAIN
  FOG


RELATIVE HUMIDITY (PERCENT)
 HIGHEST   100          1000 PM
 LOWEST     52          1200 PM
 AVERAGE    76

..........................................................


THE HARTFORD CT CLIMATE NORMALS FOR TODAY
                         NORMAL    RECORD    YEAR
 MAXIMUM TEMPERATURE (F)   50        71      1941
 MINIMUM TEMPERATURE (F)   33        12      1924


SUNRISE AND SUNSET
NOVEMBER 19 2017......SUNRISE   646 AM EST   SUNSET   426 PM EST
NOVEMBER 20 2017......SUNRISE   647 AM EST   SUNSET   426 PM EST


-  INDICATES NEGATIVE NUMBERS.
R  INDICATES RECORD WAS SET OR TIED.
MM INDICATES DATA IS MISSING.
T  INDICATES TRACE AMOUNT.




$$
