000
CDUS41 KBOX 220546
CLIBDL


CLIMATE REPORT
NATIONAL WEATHER SERVICE TAUNTON MA
1235 AM EST THU JAN 22 2015


...................................

...THE HARTFORD CT CLIMATE SUMMARY FOR JANUARY 21 2015...

CLIMATE NORMAL PERIOD 1981 TO 2010
CLIMATE RECORD PERIOD 1904 TO 2015


WEATHER ITEM   OBSERVED TIME   RECORD YEAR NORMAL DEPARTURE LAST
                VALUE   (LST)  VALUE       VALUE  FROM      YEAR
                                                  NORMAL
..................................................................
TEMPERATURE (F)
 YESTERDAY
  MAXIMUM         32    344 PM  61    2006  34     -2       22
  MINIMUM         15    723 AM -13    1961  17     -2        9
  AVERAGE         24                        26     -2       16

PRECIPITATION (IN)
  YESTERDAY        0.00          2.17 1979   0.11  -0.11     0.04
  MONTH TO DATE    2.41                      2.18   0.23     3.36
  SINCE DEC 1      6.96                      5.62   1.34     7.28
  SINCE JAN 1      2.41                      2.18   0.23     3.36

SNOWFALL (IN)
  YESTERDAY        0.0           6.5  2001   0.4   -0.4      0.6
  MONTH TO DATE    4.1                       8.2   -4.1      9.8
  SINCE DEC 1      4.8                      15.6  -10.8     22.5
  SINCE JUL 1      9.9                      17.6   -7.7     22.5
  SNOW DEPTH       0

DEGREE DAYS
 HEATING
  YESTERDAY       41                        39      2       49
  MONTH TO DATE  868                       816     52      784
  SINCE DEC 1   1770                      1853    -83     1848
  SINCE JUL 1   2867                      3060   -193     3080

 COOLING
  YESTERDAY        0                         0      0        0
  MONTH TO DATE    0                         0      0        0
  SINCE DEC 1      0                         0      0        0
  SINCE JAN 1      0                         0      0        0
..................................................................


WIND (MPH)
  RESULTANT WIND SPEED   4   RESULTANT WIND DIRECTION   N (10)
  HIGHEST WIND SPEED    10   HIGHEST WIND DIRECTION     N (20)
  HIGHEST GUST SPEED    13   HIGHEST GUST DIRECTION     N (360)
  AVERAGE WIND SPEED     4.1


SKY COVER
  POSSIBLE SUNSHINE  MM
  AVERAGE SKY COVER 0.5


WEATHER CONDITIONS
 THE FOLLOWING WEATHER WAS RECORDED YESTERDAY.
  NO SIGNIFICANT WEATHER WAS OBSERVED.


RELATIVE HUMIDITY (PERCENT)
 HIGHEST    67           500 AM
 LOWEST     31           300 PM
 AVERAGE    49

..........................................................


THE HARTFORD CT CLIMATE NORMALS FOR TODAY
                         NORMAL    RECORD    YEAR
 MAXIMUM TEMPERATURE (F)   34        58      1906
 MINIMUM TEMPERATURE (F)   18       -26      1961


SUNRISE AND SUNSET
JANUARY 22 2015.......SUNRISE   712 AM EST   SUNSET   453 PM EST
JANUARY 23 2015.......SUNRISE   711 AM EST   SUNSET   454 PM EST


-  INDICATES NEGATIVE NUMBERS.
R  INDICATES RECORD WAS SET OR TIED.
MM INDICATES DATA IS MISSING.
T  INDICATES TRACE AMOUNT.




$$
