000
CDUS41 KBOX 170535
CLIBDL


CLIMATE REPORT
NATIONAL WEATHER SERVICE TAUNTON MA
135 AM EDT TUE OCT 17 2017


...................................

...THE HARTFORD CT CLIMATE SUMMARY FOR OCTOBER 16 2017...

CLIMATE NORMAL PERIOD 1981 TO 2010
CLIMATE RECORD PERIOD 1904 TO 2017


WEATHER ITEM   OBSERVED TIME   RECORD YEAR NORMAL DEPARTURE LAST
                VALUE   (LST)  VALUE       VALUE  FROM      YEAR
                                                  NORMAL
..................................................................
TEMPERATURE (F)
 YESTERDAY
  MAXIMUM         66   1228 AM  84    1956  63      3       73
                                      1947
  MINIMUM         41   1159 PM  23    1978  41      0       41
  AVERAGE         54                        52      2       57

PRECIPITATION (IN)
  YESTERDAY        0.02          3.68 1955   0.14  -0.12     0.00
  MONTH TO DATE    0.91                      2.39  -1.48     0.45
  SINCE SEP 1      3.16                      6.27  -3.11     2.87
  SINCE JAN 1     34.27                     36.54  -2.27    25.21

SNOWFALL (IN)
  YESTERDAY        0.0           T    2009   0.0    0.0      0.0
  MONTH TO DATE    0.0                       0.0    0.0      0.0
  SINCE SEP 1      0.0                       0.0    0.0      0.0
  SINCE JUL 1      0.0                       0.0    0.0      0.0
  SNOW DEPTH       0

DEGREE DAYS
 HEATING
  YESTERDAY       11                        13     -2        8
  MONTH TO DATE   68                       172   -104      161
  SINCE SEP 1    127                       282   -155      219
  SINCE JUL 1    143                       294   -151      219

 COOLING
  YESTERDAY        0                         0      0        0
  MONTH TO DATE   31                         5     26        0
  SINCE SEP 1    173                        79     94      126
  SINCE JAN 1    860                       754    106     1056
..................................................................


WIND (MPH)
  RESULTANT WIND SPEED  11   RESULTANT WIND DIRECTION  NW (320)
  HIGHEST WIND SPEED    20   HIGHEST WIND DIRECTION    NW (330)
  HIGHEST GUST SPEED    28   HIGHEST GUST DIRECTION    NW (310)
  AVERAGE WIND SPEED    11.3


SKY COVER
  POSSIBLE SUNSHINE  MM
  AVERAGE SKY COVER 0.8


WEATHER CONDITIONS
 THE FOLLOWING WEATHER WAS RECORDED YESTERDAY.
  LIGHT RAIN
  FOG


RELATIVE HUMIDITY (PERCENT)
 HIGHEST    93           100 AM
 LOWEST     54           300 PM
 AVERAGE    74

..........................................................


THE HARTFORD CT CLIMATE NORMALS FOR TODAY
                         NORMAL    RECORD    YEAR
 MAXIMUM TEMPERATURE (F)   63        90      1908
 MINIMUM TEMPERATURE (F)   41        25      1978


SUNRISE AND SUNSET
OCTOBER 17 2017.......SUNRISE   706 AM EDT   SUNSET   606 PM EDT
OCTOBER 18 2017.......SUNRISE   707 AM EDT   SUNSET   604 PM EDT


-  INDICATES NEGATIVE NUMBERS.
R  INDICATES RECORD WAS SET OR TIED.
MM INDICATES DATA IS MISSING.
T  INDICATES TRACE AMOUNT.




$$
