000
CDUS41 KBOX 290532
CLIBDL


CLIMATE REPORT
NATIONAL WEATHER SERVICE TAUNTON MA
1231 AM EST TUE NOV 29 2016


...................................

...THE HARTFORD CT CLIMATE SUMMARY FOR NOVEMBER 28 2016...

CLIMATE NORMAL PERIOD 1981 TO 2010
CLIMATE RECORD PERIOD 1904 TO 2016


WEATHER ITEM   OBSERVED TIME   RECORD YEAR NORMAL DEPARTURE LAST
                VALUE   (LST)  VALUE       VALUE  FROM      YEAR
                                                  NORMAL
..................................................................
TEMPERATURE (F)
 YESTERDAY
  MAXIMUM         50    234 PM  71    1990  47      3       57
  MINIMUM         21    711 AM  12    2002  30     -9       39
  AVERAGE         36                        38     -2       48

PRECIPITATION (IN)
  YESTERDAY        0.00          3.34 1937   0.14  -0.14     0.20
  MONTH TO DATE    1.38                      3.63  -2.25     2.20
  SINCE SEP 1      5.97                     11.88  -5.91     9.55
  SINCE JAN 1     28.31                     42.15 -13.84    34.96

SNOWFALL (IN)
  YESTERDAY        0.0           1.3  1994   0.1   -0.1      0.0
  MONTH TO DATE    T                         1.7   -1.7      0.0
  SINCE SEP 1      1.5                       1.7   -0.2       T
  SINCE JUL 1      1.5                       1.7   -0.2       T
  SNOW DEPTH       0

DEGREE DAYS
 HEATING
  YESTERDAY       29                        27      2       17
  MONTH TO DATE  586                       623    -37      490
  SINCE SEP 1    995                      1140   -145      922
  SINCE JUL 1    995                      1152   -157      923

 COOLING
  YESTERDAY        0                         0      0        0
  MONTH TO DATE    0                         0      0        2
  SINCE SEP 1    138                        81     57      150
  SINCE JAN 1   1068                       756    312      964
..................................................................


WIND (MPH)
  RESULTANT WIND SPEED   1   RESULTANT WIND DIRECTION   W (260)
  HIGHEST WIND SPEED    10   HIGHEST WIND DIRECTION     W (260)
  HIGHEST GUST SPEED    13   HIGHEST GUST DIRECTION     W (260)
  AVERAGE WIND SPEED     2.3


SKY COVER
  POSSIBLE SUNSHINE  MM
  AVERAGE SKY COVER 0.1


WEATHER CONDITIONS
 THE FOLLOWING WEATHER WAS RECORDED YESTERDAY.
  NO SIGNIFICANT WEATHER WAS OBSERVED.


RELATIVE HUMIDITY (PERCENT)
 HIGHEST    88           400 AM
 LOWEST     42           300 PM
 AVERAGE    65

..........................................................


THE HARTFORD CT CLIMATE NORMALS FOR TODAY
                         NORMAL    RECORD    YEAR
 MAXIMUM TEMPERATURE (F)   46        66      2011
 MINIMUM TEMPERATURE (F)   29        13      1996
                                             1940


SUNRISE AND SUNSET
NOVEMBER 29 2016......SUNRISE   657 AM EST   SUNSET   421 PM EST
NOVEMBER 30 2016......SUNRISE   658 AM EST   SUNSET   421 PM EST


-  INDICATES NEGATIVE NUMBERS.
R  INDICATES RECORD WAS SET OR TIED.
MM INDICATES DATA IS MISSING.
T  INDICATES TRACE AMOUNT.




$$
