000
CDUS41 KBOX 090558
CLIBDL


CLIMATE REPORT
NATIONAL WEATHER SERVICE TAUNTON MA
155 AM EDT WED APR 9 2014


...................................

...THE HARTFORD CT CLIMATE SUMMARY FOR APRIL 8 2014...

CLIMATE NORMAL PERIOD 1981 TO 2010
CLIMATE RECORD PERIOD 1904 TO 2014


WEATHER ITEM   OBSERVED TIME   RECORD YEAR NORMAL DEPARTURE LAST
                VALUE   (LST)  VALUE       VALUE  FROM      YEAR
                                                  NORMAL
..................................................................
TEMPERATURE (F)
 YESTERDAY
  MAXIMUM         67    222 PM  89    1991  57     10       68
  MINIMUM         45   1138 PM  20    1982  36      9       37
  AVERAGE         56                        47      9       53

PRECIPITATION (IN)
  YESTERDAY        0.45          1.44 1940   0.13   0.32     0.00
  MONTH TO DATE    0.80                      1.00  -0.20     0.03
  SINCE MAR 1      5.52                      4.62   0.90     2.63
  SINCE JAN 1     12.89                     10.74   2.15     8.14

SNOWFALL (IN)
  YESTERDAY        0.0           4.3  1956   0.0    0.0      0.0
  MONTH TO DATE    0.0                       0.6   -0.6      0.0
  SINCE MAR 1      0.8                       7.0   -6.2      9.8
  SINCE JUL 1     50.9                      39.7   11.2     56.9
  SNOW DEPTH       0

DEGREE DAYS
 HEATING
  YESTERDAY        9                        19    -10       12
  MONTH TO DATE  142                       160    -18      173
  SINCE MAR 1   1181                      1003    178     1033
  SINCE JUL 1   5860                      5441    419     5185

 COOLING
  YESTERDAY        0                         0      0        0
  MONTH TO DATE    0                         0      0        0
  SINCE MAR 1      0                         0      0        0
  SINCE JAN 1      0                         0      0        0
..................................................................


WIND (MPH)
  RESULTANT WIND SPEED   8   RESULTANT WIND DIRECTION   W (260)
  HIGHEST WIND SPEED    26   HIGHEST WIND DIRECTION     W (260)
  HIGHEST GUST SPEED    38   HIGHEST GUST DIRECTION     W (270)
  AVERAGE WIND SPEED     9.3


SKY COVER
  POSSIBLE SUNSHINE  MM
  AVERAGE SKY COVER 0.8


WEATHER CONDITIONS
 THE FOLLOWING WEATHER WAS RECORDED YESTERDAY.
  RAIN
  LIGHT RAIN
  FOG


RELATIVE HUMIDITY (PERCENT)
 HIGHEST    93           100 AM
 LOWEST     40           400 PM
 AVERAGE    67

..........................................................


THE HARTFORD CT CLIMATE NORMALS FOR TODAY
                         NORMAL    RECORD    YEAR
 MAXIMUM TEMPERATURE (F)   58        85      1991
 MINIMUM TEMPERATURE (F)   36        23      1977


SUNRISE AND SUNSET
APRIL  9 2014.........SUNRISE   620 AM EDT   SUNSET   725 PM EDT
APRIL 10 2014.........SUNRISE   619 AM EDT   SUNSET   726 PM EDT


-  INDICATES NEGATIVE NUMBERS.
R  INDICATES RECORD WAS SET OR TIED.
MM INDICATES DATA IS MISSING.
T  INDICATES TRACE AMOUNT.




$$
