000
CDUS41 KBOX 190537
CLIBDL


CLIMATE REPORT
NATIONAL WEATHER SERVICE TAUNTON MA
136 AM EDT SAT APR 19 2014


...................................

...THE HARTFORD CT CLIMATE SUMMARY FOR APRIL 18 2014...

CLIMATE NORMAL PERIOD 1981 TO 2010
CLIMATE RECORD PERIOD 1904 TO 2014


WEATHER ITEM   OBSERVED TIME   RECORD YEAR NORMAL DEPARTURE LAST
                VALUE   (LST)  VALUE       VALUE  FROM      YEAR
                                                  NORMAL
..................................................................
TEMPERATURE (F)
 YESTERDAY
  MAXIMUM         49    442 PM  95    1976  62    -13       62
  MINIMUM         26    446 AM  24    1962  39    -13       36
  AVERAGE         38                        51    -13       49

PRECIPITATION (IN)
  YESTERDAY        0.00          0.95 1924   0.11  -0.11     0.00
  MONTH TO DATE    2.44                      2.25   0.19     0.94
  SINCE MAR 1      7.16                      5.87   1.29     3.54
  SINCE JAN 1     14.53                     11.99   2.54     9.05

SNOWFALL (IN)
  YESTERDAY        0.0           1.7  1965   0.0    0.0      0.0
  MONTH TO DATE    0.2                       1.2   -1.0      0.0
  SINCE MAR 1      1.0                       7.6   -6.6      9.8
  SINCE JUL 1     51.1                      40.3   10.8     56.9
  SNOW DEPTH       0

DEGREE DAYS
 HEATING
  YESTERDAY       27                        15     12       16
  MONTH TO DATE  297                       324    -27      324
  SINCE MAR 1   1336                      1167    169     1184
  SINCE JUL 1   6015                      5605    410     5336

 COOLING
  YESTERDAY        0                         0      0        0
  MONTH TO DATE    1                         0      1        0
  SINCE MAR 1      1                         0      1        0
  SINCE JAN 1      1                         0      1        0
..................................................................


WIND (MPH)
  RESULTANT WIND SPEED   1   RESULTANT WIND DIRECTION   N (350)
  HIGHEST WIND SPEED    10   HIGHEST WIND DIRECTION     S (200)
  HIGHEST GUST SPEED    13   HIGHEST GUST DIRECTION     S (190)
  AVERAGE WIND SPEED     5.4


SKY COVER
  POSSIBLE SUNSHINE  MM
  AVERAGE SKY COVER 0.8


WEATHER CONDITIONS
 THE FOLLOWING WEATHER WAS RECORDED YESTERDAY.
  NO SIGNIFICANT WEATHER WAS OBSERVED.


RELATIVE HUMIDITY (PERCENT)
 HIGHEST    84           500 AM
 LOWEST     42           400 PM
 AVERAGE    63

..........................................................


THE HARTFORD CT CLIMATE NORMALS FOR TODAY
                         NORMAL    RECORD    YEAR
 MAXIMUM TEMPERATURE (F)   62        96      1976
 MINIMUM TEMPERATURE (F)   40        26      1926


SUNRISE AND SUNSET
APRIL 19 2014.........SUNRISE   604 AM EDT   SUNSET   736 PM EDT
APRIL 20 2014.........SUNRISE   603 AM EDT   SUNSET   737 PM EDT


-  INDICATES NEGATIVE NUMBERS.
R  INDICATES RECORD WAS SET OR TIED.
MM INDICATES DATA IS MISSING.
T  INDICATES TRACE AMOUNT.




$$
