000
CDUS41 KBOX 250543
CLIBDL


CLIMATE REPORT
NATIONAL WEATHER SERVICE TAUNTON MA
1238 AM EST THU DEC 25 2014


...................................

...THE HARTFORD CT CLIMATE SUMMARY FOR DECEMBER 24 2014...

CLIMATE NORMAL PERIOD 1981 TO 2010
CLIMATE RECORD PERIOD 1904 TO 2014


WEATHER ITEM   OBSERVED TIME   RECORD YEAR NORMAL DEPARTURE LAST
                VALUE   (LST)  VALUE       VALUE  FROM      YEAR
                                                  NORMAL
..................................................................
TEMPERATURE (F)
 YESTERDAY
  MAXIMUM         43   1159 PM  59    1996  37      6       37
                                      1990
  MINIMUM         40    345 AM  -9    1989  21     19       22
  AVERAGE         42                        29     13       30

PRECIPITATION (IN)
  YESTERDAY        0.45          1.76 1994   0.10   0.35     0.00
  MONTH TO DATE    4.47                      2.73   1.74     2.73
  SINCE DEC 1      4.47                      2.73   1.74     2.73
  SINCE JAN 1     45.75                     45.14   0.61    50.52

SNOWFALL (IN)
  YESTERDAY        0.0           7.0  1912   0.3   -0.3      0.0
  MONTH TO DATE    0.7                       5.2   -4.5     12.4
  SINCE DEC 1      0.7                       5.2   -4.5     12.4
  SINCE JUL 1      5.8                       7.2   -1.4     12.4
  SNOW DEPTH       0

DEGREE DAYS
 HEATING
  YESTERDAY       23                        36    -13       35
  MONTH TO DATE  705                       776    -71      799
  SINCE DEC 1    705                       776    -71      799
  SINCE JUL 1   1802                      1983   -181     2031

 COOLING
  YESTERDAY        0                         0      0        0
  MONTH TO DATE    0                         0      0        0
  SINCE DEC 1      0                         0      0        0
  SINCE JAN 1    771                       756     15      894
..................................................................


WIND (MPH)
  RESULTANT WIND SPEED   6   RESULTANT WIND DIRECTION   N (0)
  HIGHEST WIND SPEED    12   HIGHEST WIND DIRECTION     N (10)
  HIGHEST GUST SPEED    15   HIGHEST GUST DIRECTION     N (20)
  AVERAGE WIND SPEED     6.0


SKY COVER
  POSSIBLE SUNSHINE  MM
  AVERAGE SKY COVER 0.9


WEATHER CONDITIONS
 THE FOLLOWING WEATHER WAS RECORDED YESTERDAY.
  RAIN
  LIGHT RAIN
  FOG


RELATIVE HUMIDITY (PERCENT)
 HIGHEST    96           200 PM
 LOWEST     86           400 AM
 AVERAGE    91

..........................................................


THE HARTFORD CT CLIMATE NORMALS FOR TODAY
                         NORMAL    RECORD    YEAR
 MAXIMUM TEMPERATURE (F)   37        64      1964
 MINIMUM TEMPERATURE (F)   20       -13      1980


SUNRISE AND SUNSET
DECEMBER 25 2014......SUNRISE   717 AM EST   SUNSET   425 PM EST
DECEMBER 26 2014......SUNRISE   717 AM EST   SUNSET   425 PM EST


-  INDICATES NEGATIVE NUMBERS.
R  INDICATES RECORD WAS SET OR TIED.
MM INDICATES DATA IS MISSING.
T  INDICATES TRACE AMOUNT.




$$
