000
CDUS41 KBOX 301235
CLIBDL


CLIMATE REPORT
NATIONAL WEATHER SERVICE TAUNTON MA
835 AM EDT SAT MAY 30 2015


...................................

...THE HARTFORD CT CLIMATE SUMMARY FOR MAY 29 2015...

CLIMATE NORMAL PERIOD 1981 TO 2010
CLIMATE RECORD PERIOD 1904 TO 2015


WEATHER ITEM   OBSERVED TIME   RECORD YEAR NORMAL DEPARTURE LAST
                VALUE   (LST)  VALUE       VALUE  FROM      YEAR
                                                  NORMAL
..................................................................
TEMPERATURE (F)
 YESTERDAY
  MAXIMUM         84    409 PM  93    2012  75      9       69
                                      1987
  MINIMUM         56    454 AM  37    1962  52      4       40
  AVERAGE         70                        63      7       55

PRECIPITATION (IN)
  YESTERDAY        0.00          2.60 1984   0.16  -0.16     0.00
  MONTH TO DATE    1.04                      4.02  -2.98     4.41
  SINCE MAR 1      7.10                     11.36  -4.26    14.59
  SINCE JAN 1     13.28                     17.48  -4.20    21.96

SNOWFALL (IN)
  YESTERDAY        0.0           0.0  2002   0.0    0.0      0.0
                                      2001
                                      2000
  MONTH TO DATE    0.0                       0.0    0.0      0.0
  SINCE MAR 1      9.0                       7.8    1.2      1.0
  SINCE JUL 1     63.8                      40.5   23.3     51.1
  SNOW DEPTH       0

DEGREE DAYS
 HEATING
  YESTERDAY        0                         4     -4       10
  MONTH TO DATE   74                       197   -123      148
  SINCE MAR 1   1532                      1512     20     1666
  SINCE JUL 1   6177                      5950    227     6345

 COOLING
  YESTERDAY        5                         2      3        0
  MONTH TO DATE  108                        28     80       31
  SINCE MAR 1    108                        34     74       32
  SINCE JAN 1    108                        34     74       32
..................................................................


WIND (MPH)
  RESULTANT WIND SPEED   2   RESULTANT WIND DIRECTION   S (170)
  HIGHEST WIND SPEED    15   HIGHEST WIND DIRECTION     S (180)
  HIGHEST GUST SPEED    17   HIGHEST GUST DIRECTION     S (180)
  AVERAGE WIND SPEED     5.5


SKY COVER
  POSSIBLE SUNSHINE  MM
  AVERAGE SKY COVER 0.4


WEATHER CONDITIONS
 THE FOLLOWING WEATHER WAS RECORDED YESTERDAY.
  NO SIGNIFICANT WEATHER WAS OBSERVED.


RELATIVE HUMIDITY (PERCENT)
 HIGHEST    93           500 AM
 LOWEST     40           300 PM
 AVERAGE    67

..........................................................


THE HARTFORD CT CLIMATE NORMALS FOR TODAY
                         NORMAL    RECORD    YEAR
 MAXIMUM TEMPERATURE (F)   75        93      1987
 MINIMUM TEMPERATURE (F)   52        37      1961
                                             1949


SUNRISE AND SUNSET
MAY 30 2015...........SUNRISE   519 AM EDT   SUNSET   818 PM EDT
MAY 31 2015...........SUNRISE   519 AM EDT   SUNSET   819 PM EDT


-  INDICATES NEGATIVE NUMBERS.
R  INDICATES RECORD WAS SET OR TIED.
MM INDICATES DATA IS MISSING.
T  INDICATES TRACE AMOUNT.




$$
