000
CDUS41 KBOX 270553
CLIBDL


CLIMATE REPORT
NATIONAL WEATHER SERVICE TAUNTON MA
149 AM EDT SUN JUL 27 2014


...................................

...THE HARTFORD CT CLIMATE SUMMARY FOR JULY 26 2014...

CLIMATE NORMAL PERIOD 1981 TO 2010
CLIMATE RECORD PERIOD 1904 TO 2014


WEATHER ITEM   OBSERVED TIME   RECORD YEAR NORMAL DEPARTURE LAST
                VALUE   (LST)  VALUE       VALUE  FROM      YEAR
                                                  NORMAL
..................................................................
TEMPERATURE (F)
 YESTERDAY
  MAXIMUM         84   1052 AM  95    1989  85     -1       77
                                      1940
  MINIMUM         63    436 AM  50    1984  63      0       62
                                      1978
                                      1976
  AVERAGE         74                        74      0       70

PRECIPITATION (IN)
  YESTERDAY        T             1.16 1937   0.15  -0.15     0.25
  MONTH TO DATE    3.71                      3.42   0.29     4.19
  SINCE JUN 1      5.42                      7.77  -2.35    14.98
  SINCE JAN 1     27.43                     25.58   1.85    31.12

SNOWFALL (IN)
  YESTERDAY        0.0           0.0  2002   0.0    0.0      0.0
                                      2001
                                      2000
  MONTH TO DATE    0.0                       0.0    0.0      0.0
  SINCE JUN 1      0.0                       0.0    0.0      0.0
  SINCE JUL 1      0.0                       0.0    0.0      0.0
  SNOW DEPTH       0

DEGREE DAYS
 HEATING
  YESTERDAY        0                         0      0        0
  MONTH TO DATE    0                         0      0        2
  SINCE JUN 1      6                        40    -34       35
  SINCE JUL 1      0                         0      0        2

 COOLING
  YESTERDAY        9                         9      0        5
  MONTH TO DATE  269                       226     43      374
  SINCE JUN 1    417                       370     47      549
  SINCE JAN 1    449                       409     40      603
..................................................................


WIND (MPH)
  RESULTANT WIND SPEED   8   RESULTANT WIND DIRECTION   S (200)
  HIGHEST WIND SPEED    16   HIGHEST WIND DIRECTION    SW (210)
  HIGHEST GUST SPEED    22   HIGHEST GUST DIRECTION     W (280)
  AVERAGE WIND SPEED     8.4


SKY COVER
  POSSIBLE SUNSHINE  MM
  AVERAGE SKY COVER 0.5


WEATHER CONDITIONS
 THE FOLLOWING WEATHER WAS RECORDED YESTERDAY.
  LIGHT RAIN


RELATIVE HUMIDITY (PERCENT)
 HIGHEST    90           400 AM
 LOWEST     37          1100 AM
 AVERAGE    64

..........................................................


THE HARTFORD CT CLIMATE NORMALS FOR TODAY
                         NORMAL    RECORD    YEAR
 MAXIMUM TEMPERATURE (F)   85        96      1964
 MINIMUM TEMPERATURE (F)   63        49      2001
                                             1977


SUNRISE AND SUNSET
JULY 27 2014..........SUNRISE   539 AM EDT   SUNSET   815 PM EDT
JULY 28 2014..........SUNRISE   540 AM EDT   SUNSET   813 PM EDT


-  INDICATES NEGATIVE NUMBERS.
R  INDICATES RECORD WAS SET OR TIED.
MM INDICATES DATA IS MISSING.
T  INDICATES TRACE AMOUNT.




$$
