000
CDUS41 KBOX 100533
CLIBDL


CLIMATE REPORT
NATIONAL WEATHER SERVICE TAUNTON MA
133 AM EDT THU AUG 10 2017


...................................

...THE HARTFORD CT CLIMATE SUMMARY FOR AUGUST 9 2017...

CLIMATE NORMAL PERIOD 1981 TO 2010
CLIMATE RECORD PERIOD 1904 TO 2017


WEATHER ITEM   OBSERVED TIME   RECORD YEAR NORMAL DEPARTURE LAST
                VALUE   (LST)  VALUE       VALUE  FROM      YEAR
                                                  NORMAL
..................................................................
TEMPERATURE (F)
 YESTERDAY
  MAXIMUM         86    410 PM 102    2001  84      2       90
  MINIMUM         53    502 AM  48    1989  62     -9       55
  AVERAGE         70                        73     -3       73

PRECIPITATION (IN)
  YESTERDAY        0.00          3.79 2013   0.14  -0.14     0.00
  MONTH TO DATE    1.74                      1.32   0.42     0.41
  SINCE JUN 1     11.92                      9.85   2.07     4.62
  SINCE JAN 1     30.19                     27.66   2.53    18.56

SNOWFALL (IN)
  YESTERDAY        0.0           0.0  2002   0.0    0.0      0.0
                                      2001
                                      2000
  MONTH TO DATE    0.0                       0.0    0.0      0.0
  SINCE JUN 1      0.0                       0.0    0.0      0.0
  SINCE JUL 1      0.0                       0.0    0.0      0.0
  SNOW DEPTH       0

DEGREE DAYS
 HEATING
  YESTERDAY        0                         0      0        0
  MONTH TO DATE    0                         0      0        0
  SINCE JUN 1     52                        43      9       16
  SINCE JUL 1      8                         3      5        0

 COOLING
  YESTERDAY        5                         8     -3        8
  MONTH TO DATE   71                        75     -4       83
  SINCE JUN 1    495                       488      7      593
  SINCE JAN 1    555                       527     28      667
..................................................................


WIND (MPH)
  RESULTANT WIND SPEED   4   RESULTANT WIND DIRECTION  SW (230)
  HIGHEST WIND SPEED    12   HIGHEST WIND DIRECTION    SW (220)
  HIGHEST GUST SPEED    16   HIGHEST GUST DIRECTION     W (260)
  AVERAGE WIND SPEED     4.3


SKY COVER
  POSSIBLE SUNSHINE  MM
  AVERAGE SKY COVER 0.2


WEATHER CONDITIONS
 THE FOLLOWING WEATHER WAS RECORDED YESTERDAY.
  NO SIGNIFICANT WEATHER WAS OBSERVED.


RELATIVE HUMIDITY (PERCENT)
 HIGHEST    93           500 AM
 LOWEST     37           200 PM
 AVERAGE    65

..........................................................


THE HARTFORD CT CLIMATE NORMALS FOR TODAY
                         NORMAL    RECORD    YEAR
 MAXIMUM TEMPERATURE (F)   84       100      1949
 MINIMUM TEMPERATURE (F)   62        45      1964


SUNRISE AND SUNSET
AUGUST 10 2017........SUNRISE   554 AM EDT   SUNSET   758 PM EDT
AUGUST 11 2017........SUNRISE   555 AM EDT   SUNSET   756 PM EDT


-  INDICATES NEGATIVE NUMBERS.
R  INDICATES RECORD WAS SET OR TIED.
MM INDICATES DATA IS MISSING.
T  INDICATES TRACE AMOUNT.




$$
