000
CDUS41 KBOX 260611
CLIBDL


CLIMATE REPORT
NATIONAL WEATHER SERVICE TAUNTON MA
200 AM EDT FRI SEP 26 2014


...................................

...THE HARTFORD CT CLIMATE SUMMARY FOR SEPTEMBER 25 2014...

CLIMATE NORMAL PERIOD 1981 TO 2010
CLIMATE RECORD PERIOD 1904 TO 2014


WEATHER ITEM   OBSERVED TIME   RECORD YEAR NORMAL DEPARTURE LAST
                VALUE   (LST)  VALUE       VALUE  FROM      YEAR
                                                  NORMAL
..................................................................
TEMPERATURE (F)
 YESTERDAY
  MAXIMUM         65    257 PM  90    2007  71     -6       72
  MINIMUM         54    442 AM  30    1963  49      5       41
  AVERAGE         60                        60      0       57

PRECIPITATION (IN)
  YESTERDAY        0.02          3.25 1991   0.14  -0.12     0.00
  MONTH TO DATE    1.60                      3.12  -1.52     3.58
  SINCE SEP 1      1.60                      3.12  -1.52     3.58
  SINCE JAN 1     33.57                     33.39   0.18    41.58

SNOWFALL (IN)
  YESTERDAY        0.0           0.0  2002   0.0    0.0      0.0
                                      2001
                                      2000
  MONTH TO DATE    0.0                       0.0    0.0      0.0
  SINCE SEP 1      0.0                       0.0    0.0      0.0
  SINCE JUL 1      0.0                       0.0    0.0      0.0
  SNOW DEPTH       0

DEGREE DAYS
 HEATING
  YESTERDAY        5                         6     -1        8
  MONTH TO DATE   81                        74      7       99
  SINCE SEP 1     81                        74      7       99
  SINCE JUL 1     83                        86     -3      101

 COOLING
  YESTERDAY        0                         1     -1        0
  MONTH TO DATE   85                        71     14       65
  SINCE SEP 1     85                        71     14       65
  SINCE JAN 1    744                       746     -2      889
..................................................................


WIND (MPH)
  RESULTANT WIND SPEED   7   RESULTANT WIND DIRECTION   N (20)
  HIGHEST WIND SPEED    14   HIGHEST WIND DIRECTION    NE (40)
  HIGHEST GUST SPEED    17   HIGHEST GUST DIRECTION    NE (30)
  AVERAGE WIND SPEED     7.3


SKY COVER
  POSSIBLE SUNSHINE  MM
  AVERAGE SKY COVER 1.0


WEATHER CONDITIONS
 THE FOLLOWING WEATHER WAS RECORDED YESTERDAY.
  LIGHT RAIN


RELATIVE HUMIDITY (PERCENT)
 HIGHEST    86          1200 AM
 LOWEST     56          1200 PM
 AVERAGE    71

..........................................................


THE HARTFORD CT CLIMATE NORMALS FOR TODAY
                         NORMAL    RECORD    YEAR
 MAXIMUM TEMPERATURE (F)   71        93      2007
 MINIMUM TEMPERATURE (F)   48        33      1978


SUNRISE AND SUNSET
SEPTEMBER 26 2014.....SUNRISE   642 AM EDT   SUNSET   641 PM EDT
SEPTEMBER 27 2014.....SUNRISE   643 AM EDT   SUNSET   639 PM EDT


-  INDICATES NEGATIVE NUMBERS.
R  INDICATES RECORD WAS SET OR TIED.
MM INDICATES DATA IS MISSING.
T  INDICATES TRACE AMOUNT.




$$
