000
CDUS41 KBOX 102208
CLIBDL


CLIMATE REPORT
NATIONAL WEATHER SERVICE TAUNTON MA
606 PM EDT SUN SEP 10 2017


...................................

...THE HARTFORD CT CLIMATE SUMMARY FOR SEPTEMBER 10 2017...
VALID AS OF 0600 PM LOCAL TIME.

CLIMATE NORMAL PERIOD 1981 TO 2010
CLIMATE RECORD PERIOD 1904 TO 2017


WEATHER ITEM   OBSERVED TIME   RECORD YEAR NORMAL DEPARTURE LAST
                VALUE   (LST)  VALUE       VALUE  FROM      YEAR
                                                  NORMAL
..................................................................
TEMPERATURE (F)
 TODAY
  MAXIMUM         75    210 PM  95    1931  77     -2       90
  MINIMUM         49    427 AM  37    1978  55     -6       69
  AVERAGE         62                        66     -4       80

PRECIPITATION (IN)
  TODAY            0.00          2.78 1999   0.11  -0.11      T
  MONTH TO DATE    2.09                      1.09   0.00     0.52
  SINCE SEP 1      2.09                      1.09   0.00     0.52
  SINCE JAN 1     33.20                     31.36   1.84    22.86

SNOWFALL (IN)
  TODAY            0.0           0.0  2002   0.0    0.0      0.0
                                      2001
                                      2000
  MONTH TO DATE    0.0                       0.0    0.0      0.0
  SINCE SEP 1      0.0                       0.0    0.0      0.0
  SINCE JUL 1      0.0                       0.0    0.0      0.0
  SNOW DEPTH       0

DEGREE DAYS
 HEATING
  TODAY            3                         2      1        0
  MONTH TO DATE   37                        14     23        0
  SINCE SEP 1     37                        14     23        0
  SINCE JUL 1     53                        26     27        0

 COOLING
  TODAY            0                         3     -3       15
  MONTH TO DATE   15                        41    -26       77
  SINCE SEP 1     15                        41    -26       77
  SINCE JAN 1    702                       716    -14     1007
..................................................................


WIND (MPH)
  HIGHEST WIND SPEED    17   HIGHEST WIND DIRECTION    NE (30)
  HIGHEST GUST SPEED    23   HIGHEST GUST DIRECTION     N (20)
  AVERAGE WIND SPEED     8.2


SKY COVER
  POSSIBLE SUNSHINE  MM
  AVERAGE SKY COVER 0.2


WEATHER CONDITIONS
 THE FOLLOWING WEATHER WAS RECORDED TODAY.
  NO SIGNIFICANT WEATHER WAS OBSERVED.


RELATIVE HUMIDITY (PERCENT)
 HIGHEST    93           300 AM
 LOWEST     38           300 PM
 AVERAGE    66

..........................................................


THE HARTFORD CT CLIMATE NORMALS FOR TOMORROW
                         NORMAL    RECORD    YEAR
 MAXIMUM TEMPERATURE (F)   77        99      1983
 MINIMUM TEMPERATURE (F)   55        36      1917


SUNRISE AND SUNSET
SEPTEMBER 10 2017.....SUNRISE   626 AM EDT   SUNSET   709 PM EDT
SEPTEMBER 11 2017.....SUNRISE   627 AM EDT   SUNSET   707 PM EDT


-  INDICATES NEGATIVE NUMBERS.
R  INDICATES RECORD WAS SET OR TIED.
MM INDICATES DATA IS MISSING.
T  INDICATES TRACE AMOUNT.




$$
