000
CDUS41 KBOX 140552
CLIBDL


CLIMATE REPORT
NATIONAL WEATHER SERVICE TAUNTON MA
1252 AM EST WED FEB 14 2018


...................................

...THE HARTFORD CT CLIMATE SUMMARY FOR FEBRUARY 13 2018...

CLIMATE NORMAL PERIOD 1981 TO 2010
CLIMATE RECORD PERIOD 1904 TO 2018


WEATHER ITEM   OBSERVED TIME   RECORD YEAR NORMAL DEPARTURE LAST
                VALUE   (LST)  VALUE       VALUE  FROM      YEAR
                                                  NORMAL
..................................................................
TEMPERATURE (F)
 YESTERDAY
  MAXIMUM         35    347 PM  59    1937  38     -3       34
  MINIMUM         20    707 AM  -7    1967  21     -1       21
  AVERAGE         28                        29     -1       28

PRECIPITATION (IN)
  YESTERDAY        0.00          2.53 2008   0.10  -0.10     0.01
  MONTH TO DATE    3.20                      1.32   1.88     2.06
  SINCE DEC 1      9.47                      7.99   1.48     8.28
  SINCE JAN 1      7.06                      4.55   2.51     5.55

SNOWFALL (IN)
  YESTERDAY        0.0           7.9  1943   0.4   -0.4      0.1
  MONTH TO DATE    2.4                       5.6   -3.2     22.6
  SINCE DEC 1     25.9                      25.3    0.6     41.2
  SINCE JUL 1     25.9                      27.3   -1.4     42.7
  SNOW DEPTH       0

DEGREE DAYS
 HEATING
  YESTERDAY       37                        36      1       37
  MONTH TO DATE  473                       480     -7      475
  SINCE DEC 1   2859                      2723    136     2478
  SINCE JUL 1   3850                      3930    -80     3515

 COOLING
  YESTERDAY        0                         0      0        0
  MONTH TO DATE    0                         0      0        0
  SINCE DEC 1      0                         0      0        0
  SINCE JAN 1      0                         0      0        0
..................................................................


WIND (MPH)
  RESULTANT WIND SPEED   2   RESULTANT WIND DIRECTION  NW (310)
  HIGHEST WIND SPEED    17   HIGHEST WIND DIRECTION    NW (320)
  HIGHEST GUST SPEED    22   HIGHEST GUST DIRECTION    NW (310)
  AVERAGE WIND SPEED     7.2


SKY COVER
  POSSIBLE SUNSHINE  MM
  AVERAGE SKY COVER 0.5


WEATHER CONDITIONS
 THE FOLLOWING WEATHER WAS RECORDED YESTERDAY.
  NO SIGNIFICANT WEATHER WAS OBSERVED.


RELATIVE HUMIDITY (PERCENT)
 HIGHEST    75          1100 PM
 LOWEST     32           300 PM
 AVERAGE    54

..........................................................


THE HARTFORD CT CLIMATE NORMALS FOR TODAY
                         NORMAL    RECORD    YEAR
 MAXIMUM TEMPERATURE (F)   38        55      2011
                                             1949
 MINIMUM TEMPERATURE (F)   21       -12      2016


SUNRISE AND SUNSET
FEBRUARY 14 2018......SUNRISE   648 AM EST   SUNSET   522 PM EST
FEBRUARY 15 2018......SUNRISE   647 AM EST   SUNSET   524 PM EST


-  INDICATES NEGATIVE NUMBERS.
R  INDICATES RECORD WAS SET OR TIED.
MM INDICATES DATA IS MISSING.
T  INDICATES TRACE AMOUNT.




$$
