304
CDUS41 KBOX 281235
CLIBDL


CLIMATE REPORT
NATIONAL WEATHER SERVICE TAUNTON MA
835 AM EDT WED SEP 28 2016


...................................

...THE HARTFORD CT CLIMATE SUMMARY FOR SEPTEMBER 27 2016...

CLIMATE NORMAL PERIOD 1981 TO 2010
CLIMATE RECORD PERIOD 1904 TO 2016


WEATHER ITEM   OBSERVED TIME   RECORD YEAR NORMAL DEPARTURE LAST
                VALUE   (LST)  VALUE       VALUE  FROM      YEAR
                                                  NORMAL
..................................................................
TEMPERATURE (F)
 YESTERDAY
  MAXIMUM         75    309 PM  88    1998  71      4       73
  MINIMUM         55   1159 PM  30    1978  48      7       40
                                      1957
                                      1947
  AVERAGE         65                        59      6       57

PRECIPITATION (IN)
  YESTERDAY        0.48          1.62 1958   0.15   0.33     0.00
  MONTH TO DATE    2.22                      3.42  -1.20     2.43
  SINCE SEP 1      2.22                      3.42  -1.20     2.43
  SINCE JAN 1     24.56                     33.69  -9.13    27.84

SNOWFALL (IN)
  YESTERDAY        0.0           0.0  2002   0.0    0.0      0.0
                                      2001
                                      2000
  MONTH TO DATE    0.0                       0.0    0.0      0.0
  SINCE SEP 1      0.0                       0.0    0.0      0.0
  SINCE JUL 1      0.0                       0.0    0.0      0.0
  SNOW DEPTH       0

DEGREE DAYS
 HEATING
  YESTERDAY        0                         7     -7        8
  MONTH TO DATE   37                        87    -50       35
  SINCE SEP 1     37                        87    -50       35
  SINCE JUL 1     37                        99    -62       36

 COOLING
  YESTERDAY        0                         1     -1        0
  MONTH TO DATE  126                        73     53      138
  SINCE SEP 1    126                        73     53      138
  SINCE JAN 1   1056                       748    308      952
..................................................................


WIND (MPH)
  RESULTANT WIND SPEED   1   RESULTANT WIND DIRECTION  SE (150)
  HIGHEST WIND SPEED     8   HIGHEST WIND DIRECTION    SE (150)
  HIGHEST GUST SPEED    10   HIGHEST GUST DIRECTION    NW (320)
  AVERAGE WIND SPEED     2.6


SKY COVER
  POSSIBLE SUNSHINE  MM
  AVERAGE SKY COVER 0.7


WEATHER CONDITIONS
 THE FOLLOWING WEATHER WAS RECORDED YESTERDAY.
  RAIN
  LIGHT RAIN
  FOG


RELATIVE HUMIDITY (PERCENT)
 HIGHEST    97           400 AM
 LOWEST     49           200 PM
 AVERAGE    73

..........................................................


THE HARTFORD CT CLIMATE NORMALS FOR TODAY
                         NORMAL    RECORD    YEAR
 MAXIMUM TEMPERATURE (F)   70        87      2014
 MINIMUM TEMPERATURE (F)   48        30      1947


SUNRISE AND SUNSET
SEPTEMBER 28 2016.....SUNRISE   645 AM EDT   SUNSET   637 PM EDT
SEPTEMBER 29 2016.....SUNRISE   646 AM EDT   SUNSET   635 PM EDT


-  INDICATES NEGATIVE NUMBERS.
R  INDICATES RECORD WAS SET OR TIED.
MM INDICATES DATA IS MISSING.
T  INDICATES TRACE AMOUNT.




$$
