000
CDUS41 KBOX 170532
CLIBDL


CLIMATE REPORT
NATIONAL WEATHER SERVICE TAUNTON MA
132 AM EDT MON JUL 17 2017


...................................

...THE HARTFORD CT CLIMATE SUMMARY FOR JULY 16 2017...

CLIMATE NORMAL PERIOD 1981 TO 2010
CLIMATE RECORD PERIOD 1904 TO 2017


WEATHER ITEM   OBSERVED TIME   RECORD YEAR NORMAL DEPARTURE LAST
                VALUE   (LST)  VALUE       VALUE  FROM      YEAR
                                                  NORMAL
..................................................................
TEMPERATURE (F)
 YESTERDAY
  MAXIMUM         88    345 PM  96    1983  85      3       93
                                      1980
                                      1968
  MINIMUM         62    508 AM  50    1946  63     -1       65
  AVERAGE         75                        74      1       79

PRECIPITATION (IN)
  YESTERDAY        0.00          1.33 1910   0.13  -0.13     0.00
  MONTH TO DATE    4.69                      2.02   2.67     1.16
  SINCE JUN 1      8.30                      6.37   1.93     3.17
  SINCE JAN 1     26.57                     24.18   2.39    17.11

SNOWFALL (IN)
  YESTERDAY        0.0           0.0  2002   0.0    0.0      0.0
                                      2001
                                      2000
  MONTH TO DATE    0.0                       0.0    0.0      0.0
  SINCE JUN 1      0.0                       0.0    0.0      0.0
  SINCE JUL 1      0.0                       0.0    0.0      0.0
  SNOW DEPTH       0

DEGREE DAYS
 HEATING
  YESTERDAY        0                         0      0        0
  MONTH TO DATE    3                         0      3        0
  SINCE JUN 1     47                        40      7       16
  SINCE JUL 1      3                         0      3        0

 COOLING
  YESTERDAY       10                         9      1       14
  MONTH TO DATE  138                       136      2      157
  SINCE JUN 1    304                       280     24      306
  SINCE JAN 1    364                       319     45      380
..................................................................


WIND (MPH)
  RESULTANT WIND SPEED   1   RESULTANT WIND DIRECTION   S (190)
  HIGHEST WIND SPEED     9   HIGHEST WIND DIRECTION     S (180)
  HIGHEST GUST SPEED    14   HIGHEST GUST DIRECTION    SW (210)
  AVERAGE WIND SPEED     3.6


SKY COVER
  POSSIBLE SUNSHINE  MM
  AVERAGE SKY COVER 0.3


WEATHER CONDITIONS
 THE FOLLOWING WEATHER WAS RECORDED YESTERDAY.
  NO SIGNIFICANT WEATHER WAS OBSERVED.


RELATIVE HUMIDITY (PERCENT)
 HIGHEST    93           200 AM
 LOWEST     40           300 PM
 AVERAGE    67

..........................................................


THE HARTFORD CT CLIMATE NORMALS FOR TODAY
                         NORMAL    RECORD    YEAR
 MAXIMUM TEMPERATURE (F)   85        97      1999
 MINIMUM TEMPERATURE (F)   63        49      1954
                                             1946


SUNRISE AND SUNSET
JULY 17 2017..........SUNRISE   531 AM EDT   SUNSET   823 PM EDT
JULY 18 2017..........SUNRISE   531 AM EDT   SUNSET   822 PM EDT


-  INDICATES NEGATIVE NUMBERS.
R  INDICATES RECORD WAS SET OR TIED.
MM INDICATES DATA IS MISSING.
T  INDICATES TRACE AMOUNT.




$$
