000
CDUS41 KBOX 160556
CLIBDL


CLIMATE REPORT
NATIONAL WEATHER SERVICE TAUNTON MA
1245 AM EST TUE JAN 16 2018


...................................

...THE HARTFORD CT CLIMATE SUMMARY FOR JANUARY 15 2018...

CLIMATE NORMAL PERIOD 1981 TO 2010
CLIMATE RECORD PERIOD 1904 TO 2018


WEATHER ITEM   OBSERVED TIME   RECORD YEAR NORMAL DEPARTURE LAST
                VALUE   (LST)  VALUE       VALUE  FROM      YEAR
                                                  NORMAL
..................................................................
TEMPERATURE (F)
 YESTERDAY
  MAXIMUM         22   1050 PM  63    1995  34    -12       40
  MINIMUM         10    306 AM -15    1957  17     -7       19
  AVERAGE         16                        26    -10       30

PRECIPITATION (IN)
  YESTERDAY        T             1.78 1940   0.11  -0.11     0.00
  MONTH TO DATE    2.64                      1.54   1.10     1.66
  SINCE DEC 1      5.05                      4.98   0.07     4.39
  SINCE JAN 1      2.64                      1.54   1.10     1.66

SNOWFALL (IN)
  YESTERDAY        T             6.8  1983   0.4   -0.4      0.0
  MONTH TO DATE   10.2                       5.9    4.3      4.1
  SINCE DEC 1     20.0                      13.3    6.7     14.3
  SINCE JUL 1     20.0                      15.3    4.7     15.8
  SNOW DEPTH       0

DEGREE DAYS
 HEATING
  YESTERDAY       49                        39     10       35
  MONTH TO DATE  673                       582     91      530
  SINCE DEC 1   1832                      1619    213     1540
  SINCE JUL 1   2823                      2826     -3     2577

 COOLING
  YESTERDAY        0                         0      0        0
  MONTH TO DATE    0                         0      0        0
  SINCE DEC 1      0                         0      0        0
  SINCE JAN 1      0                         0      0        0
..................................................................


WIND (MPH)
  RESULTANT WIND SPEED   8   RESULTANT WIND DIRECTION   N (10)
  HIGHEST WIND SPEED    16   HIGHEST WIND DIRECTION     N (10)
  HIGHEST GUST SPEED    19   HIGHEST GUST DIRECTION     N (10)
  AVERAGE WIND SPEED     8.6


SKY COVER
  POSSIBLE SUNSHINE  MM
  AVERAGE SKY COVER 0.9


WEATHER CONDITIONS
 THE FOLLOWING WEATHER WAS RECORDED YESTERDAY.
  LIGHT SNOW


RELATIVE HUMIDITY (PERCENT)
 HIGHEST    66          1200 AM
 LOWEST     45           500 PM
 AVERAGE    56

..........................................................


THE HARTFORD CT CLIMATE NORMALS FOR TODAY
                         NORMAL    RECORD    YEAR
 MAXIMUM TEMPERATURE (F)   34        62      1995
 MINIMUM TEMPERATURE (F)   17        -8      1994
                                             1984


SUNRISE AND SUNSET
JANUARY 16 2018.......SUNRISE   716 AM EST   SUNSET   446 PM EST
JANUARY 17 2018.......SUNRISE   715 AM EST   SUNSET   447 PM EST


-  INDICATES NEGATIVE NUMBERS.
R  INDICATES RECORD WAS SET OR TIED.
MM INDICATES DATA IS MISSING.
T  INDICATES TRACE AMOUNT.




$$
