000
CDUS41 KBOX 180527
CLIBDL


CLIMATE REPORT
NATIONAL WEATHER SERVICE TAUNTON MA
127 AM EDT TUE APR 18 2017


...................................

...THE HARTFORD CT CLIMATE SUMMARY FOR APRIL 17 2017...

CLIMATE NORMAL PERIOD 1981 TO 2010
CLIMATE RECORD PERIOD 1904 TO 2017


WEATHER ITEM   OBSERVED TIME   RECORD YEAR NORMAL DEPARTURE LAST
                VALUE   (LST)  VALUE       VALUE  FROM      YEAR
                                                  NORMAL
..................................................................
TEMPERATURE (F)
 YESTERDAY
  MAXIMUM         73   1132 AM  95    2002  61     12       74
  MINIMUM         50   1159 PM  25    1908  39     11       32
  AVERAGE         62                        50     12       53

PRECIPITATION (IN)
  YESTERDAY        0.00          1.74 1954   0.12  -0.12     0.00
  MONTH TO DATE    2.34                      2.14   0.20     1.60
  SINCE MAR 1      6.27                      5.76   0.51     3.80
  SINCE JAN 1     12.25                     11.88   0.37    10.63

SNOWFALL (IN)
  YESTERDAY        0.0           0.7  1935   0.1   -0.1      0.0
  MONTH TO DATE    0.5                       1.2   -0.7      6.9
  SINCE MAR 1     19.6                       7.6   12.0      9.8
  SINCE JUL 1     62.3                      40.3   22.0     26.9
  SNOW DEPTH       0

DEGREE DAYS
 HEATING
  YESTERDAY        3                        15    -12       12
  MONTH TO DATE  238                       309    -71      372
  SINCE MAR 1   1215                      1152     63     1016
  SINCE JUL 1   5108                      5590   -482     4692

 COOLING
  YESTERDAY        0                         0      0        0
  MONTH TO DATE    9                         0      9        0
  SINCE MAR 1      9                         0      9        0
  SINCE JAN 1      9                         0      9        0
..................................................................


WIND (MPH)
  RESULTANT WIND SPEED  11   RESULTANT WIND DIRECTION  NW (310)
  HIGHEST WIND SPEED    26   HIGHEST WIND DIRECTION    NW (320)
  HIGHEST GUST SPEED    37   HIGHEST GUST DIRECTION    NW (320)
  AVERAGE WIND SPEED    12.6


SKY COVER
  POSSIBLE SUNSHINE  MM
  AVERAGE SKY COVER 0.6


WEATHER CONDITIONS
 THE FOLLOWING WEATHER WAS RECORDED YESTERDAY.
  NO SIGNIFICANT WEATHER WAS OBSERVED.


RELATIVE HUMIDITY (PERCENT)
 HIGHEST    90          1200 AM
 LOWEST     22           400 PM
 AVERAGE    56

..........................................................


THE HARTFORD CT CLIMATE NORMALS FOR TODAY
                         NORMAL    RECORD    YEAR
 MAXIMUM TEMPERATURE (F)   62        95      1976
 MINIMUM TEMPERATURE (F)   39        24      1962


SUNRISE AND SUNSET
APRIL 18 2017.........SUNRISE   605 AM EDT   SUNSET   735 PM EDT
APRIL 19 2017.........SUNRISE   604 AM EDT   SUNSET   736 PM EDT


-  INDICATES NEGATIVE NUMBERS.
R  INDICATES RECORD WAS SET OR TIED.
MM INDICATES DATA IS MISSING.
T  INDICATES TRACE AMOUNT.




$$
