000
CDUS41 KBOX 130549
CLIBDL


CLIMATE REPORT
NATIONAL WEATHER SERVICE TAUNTON MA
145 AM EDT TUE JUN 13 2017


...................................

...THE HARTFORD CT CLIMATE SUMMARY FOR JUNE 12 2017...

CLIMATE NORMAL PERIOD 1981 TO 2010
CLIMATE RECORD PERIOD 1904 TO 2017


WEATHER ITEM   OBSERVED TIME   RECORD YEAR NORMAL DEPARTURE LAST
                VALUE   (LST)  VALUE       VALUE  FROM      YEAR
                                                  NORMAL
..................................................................
TEMPERATURE (F)
 YESTERDAY
  MAXIMUM         96    240 PM  97    1973  79     17       78
  MINIMUM         64    438 AM  40    1980  56      8       56
                                      1972
  AVERAGE         80                        68     12       67

PRECIPITATION (IN)
  YESTERDAY        0.00          2.31 1905   0.16  -0.16     0.00
  MONTH TO DATE    1.19                      2.02  -0.83     1.67
  SINCE JUN 1      1.19                      2.02  -0.83     1.67
  SINCE JAN 1     19.46                     19.83  -0.37    15.61

SNOWFALL (IN)
  YESTERDAY        0.0           0.0  2002   0.0    0.0      0.0
                                      2001
                                      2000
  MONTH TO DATE    0.0                       0.0    0.0      0.0
  SINCE JUN 1      0.0                       0.0    0.0      0.0
  SINCE JUL 1     62.3                      40.5   21.8     26.9
  SNOW DEPTH       0

DEGREE DAYS
 HEATING
  YESTERDAY        0                         2     -2        0
  MONTH TO DATE   43                        29     14       14
  SINCE JUN 1     43                        29     14       14
  SINCE JUL 1   5514                      5987   -473     5058

 COOLING
  YESTERDAY       15                         4     11        2
  MONTH TO DATE   36                        39     -3       37
  SINCE JUN 1     36                        39     -3       37
  SINCE JAN 1     96                        78     18      111
..................................................................


WIND (MPH)
  RESULTANT WIND SPEED   5   RESULTANT WIND DIRECTION  SW (230)
  HIGHEST WIND SPEED    17   HIGHEST WIND DIRECTION    SW (240)
  HIGHEST GUST SPEED    23   HIGHEST GUST DIRECTION    SW (230)
  AVERAGE WIND SPEED     6.4


SKY COVER
  POSSIBLE SUNSHINE  MM
  AVERAGE SKY COVER 0.1


WEATHER CONDITIONS
 THE FOLLOWING WEATHER WAS RECORDED YESTERDAY.
  NO SIGNIFICANT WEATHER WAS OBSERVED.


RELATIVE HUMIDITY (PERCENT)
 HIGHEST    87           400 AM
 LOWEST     30           200 PM
 AVERAGE    59

..........................................................


THE HARTFORD CT CLIMATE NORMALS FOR TODAY
                         NORMAL    RECORD    YEAR
 MAXIMUM TEMPERATURE (F)   79        96      1984
 MINIMUM TEMPERATURE (F)   57        43      1980
                                             1974


SUNRISE AND SUNSET
JUNE 13 2017..........SUNRISE   515 AM EDT   SUNSET   827 PM EDT
JUNE 14 2017..........SUNRISE   515 AM EDT   SUNSET   828 PM EDT


-  INDICATES NEGATIVE NUMBERS.
R  INDICATES RECORD WAS SET OR TIED.
MM INDICATES DATA IS MISSING.
T  INDICATES TRACE AMOUNT.




$$
