000
CDUS41 KBOX 180557
CLIBDL


CLIMATE REPORT
NATIONAL WEATHER SERVICE TAUNTON MA
153 AM EDT MON AUG 18 2014


...................................

...THE HARTFORD CT CLIMATE SUMMARY FOR AUGUST 17 2014...

CLIMATE NORMAL PERIOD 1981 TO 2010
CLIMATE RECORD PERIOD 1904 TO 2014


WEATHER ITEM   OBSERVED TIME   RECORD YEAR NORMAL DEPARTURE LAST
                VALUE   (LST)  VALUE       VALUE  FROM      YEAR
                                                  NORMAL
..................................................................
TEMPERATURE (F)
 YESTERDAY
  MAXIMUM         80    418 PM  96    1913  83     -3       83
  MINIMUM         59   1143 PM  45    1979  61     -2       55
  AVERAGE         70                        72     -2       69

PRECIPITATION (IN)
  YESTERDAY        0.02          2.85 1962   0.13  -0.11     0.00
  MONTH TO DATE    3.32                      2.37   0.95     5.31
  SINCE JUN 1      9.52                     10.90  -1.38    20.29
  SINCE JAN 1     31.53                     28.71   2.82    36.43

SNOWFALL (IN)
  YESTERDAY        0.0           0.0  2002   0.0    0.0      0.0
                                      2001
                                      2000
  MONTH TO DATE    0.0                       0.0    0.0      0.0
  SINCE JUN 1      0.0                       0.0    0.0      0.0
  SINCE JUL 1      0.0                       0.0    0.0      0.0
  SNOW DEPTH       0

DEGREE DAYS
 HEATING
  YESTERDAY        0                         0      0        0
  MONTH TO DATE    2                         0      2        0
  SINCE JUN 1      8                        43    -35       35
  SINCE JUL 1      2                         3     -1        2

 COOLING
  YESTERDAY        5                         7     -2        4
  MONTH TO DATE   98                       137    -39       80
  SINCE JUN 1    550                       550      0      668
  SINCE JAN 1    582                       589     -7      722
..................................................................


WIND (MPH)
  RESULTANT WIND SPEED   4   RESULTANT WIND DIRECTION   W (290)
  HIGHEST WIND SPEED    21   HIGHEST WIND DIRECTION    NW (310)
  HIGHEST GUST SPEED    25   HIGHEST GUST DIRECTION    NW (320)
  AVERAGE WIND SPEED     6.0


SKY COVER
  POSSIBLE SUNSHINE  MM
  AVERAGE SKY COVER 0.6


WEATHER CONDITIONS
 THE FOLLOWING WEATHER WAS RECORDED YESTERDAY.
  LIGHT RAIN


RELATIVE HUMIDITY (PERCENT)
 HIGHEST    90           500 AM
 LOWEST     39           400 PM
 AVERAGE    65

..........................................................


THE HARTFORD CT CLIMATE NORMALS FOR TODAY
                         NORMAL    RECORD    YEAR
 MAXIMUM TEMPERATURE (F)   83        96      2002
 MINIMUM TEMPERATURE (F)   61        45      1941


SUNRISE AND SUNSET
AUGUST 18 2014........SUNRISE   602 AM EDT   SUNSET   747 PM EDT
AUGUST 19 2014........SUNRISE   603 AM EDT   SUNSET   745 PM EDT


-  INDICATES NEGATIVE NUMBERS.
R  INDICATES RECORD WAS SET OR TIED.
MM INDICATES DATA IS MISSING.
T  INDICATES TRACE AMOUNT.




$$
