000
CDUS41 KBOX 160546
CLIBDL


CLIMATE REPORT
NATIONAL WEATHER SERVICE TAUNTON MA
140 AM EDT THU OCT 16 2014


...................................

...THE HARTFORD CT CLIMATE SUMMARY FOR OCTOBER 15 2014...

CLIMATE NORMAL PERIOD 1981 TO 2010
CLIMATE RECORD PERIOD 1904 TO 2014


WEATHER ITEM   OBSERVED TIME   RECORD YEAR NORMAL DEPARTURE LAST
                VALUE   (LST)  VALUE       VALUE  FROM      YEAR
                                                  NORMAL
..................................................................
TEMPERATURE (F)
 YESTERDAY
  MAXIMUM         80    134 PM  85    1975  63     17       72
  MINIMUM         63    448 AM  26    1978  41     22       48
  AVERAGE         72                        52     20       60

PRECIPITATION (IN)
  YESTERDAY        0.02          2.25 1955   0.15  -0.13     0.00
  MONTH TO DATE    1.89                      2.25  -0.36     1.97
  SINCE SEP 1      3.51                      6.13  -2.62     5.55
  SINCE JAN 1     35.48                     36.40  -0.92    43.55

SNOWFALL (IN)
  YESTERDAY        0.0           T    2009   0.0    0.0      0.0
  MONTH TO DATE    0.0                       0.0    0.0      0.0
  SINCE SEP 1      0.0                       0.0    0.0      0.0
  SINCE JUL 1      0.0                       0.0    0.0      0.0
  SNOW DEPTH       0

DEGREE DAYS
 HEATING
  YESTERDAY        0                        13    -13        5
  MONTH TO DATE  121                       159    -38       92
  SINCE SEP 1    205                       269    -64      223
  SINCE JUL 1    207                       281    -74      225

 COOLING
  YESTERDAY        7                         0      7        0
  MONTH TO DATE   12                         5      7        5
  SINCE SEP 1    109                        79     30       70
  SINCE JAN 1    768                       754     14      894
..................................................................


WIND (MPH)
  RESULTANT WIND SPEED   9   RESULTANT WIND DIRECTION   S (170)
  HIGHEST WIND SPEED    21   HIGHEST WIND DIRECTION     S (170)
  HIGHEST GUST SPEED    26   HIGHEST GUST DIRECTION     S (160)
  AVERAGE WIND SPEED     8.5


SKY COVER
  POSSIBLE SUNSHINE  MM
  AVERAGE SKY COVER 0.9


WEATHER CONDITIONS
 THE FOLLOWING WEATHER WAS RECORDED YESTERDAY.
  LIGHT RAIN
  FOG


RELATIVE HUMIDITY (PERCENT)
 HIGHEST    93          1200 AM
 LOWEST     62           100 PM
 AVERAGE    78

..........................................................


THE HARTFORD CT CLIMATE NORMALS FOR TODAY
                         NORMAL    RECORD    YEAR
 MAXIMUM TEMPERATURE (F)   63        84      1956
                                             1947
 MINIMUM TEMPERATURE (F)   41        23      1978


SUNRISE AND SUNSET
OCTOBER 16 2014.......SUNRISE   704 AM EDT   SUNSET   608 PM EDT
OCTOBER 17 2014.......SUNRISE   705 AM EDT   SUNSET   606 PM EDT


-  INDICATES NEGATIVE NUMBERS.
R  INDICATES RECORD WAS SET OR TIED.
MM INDICATES DATA IS MISSING.
T  INDICATES TRACE AMOUNT.




$$
