925
CDUS41 KBOX 141005
CLIBDL


CLIMATE REPORT
NATIONAL WEATHER SERVICE TAUNTON MA
505 AM EST SAT JAN 14 2017


...................................

...THE HARTFORD CT CLIMATE SUMMARY FOR JANUARY 12 2017...

CLIMATE NORMAL PERIOD 1981 TO 2010
CLIMATE RECORD PERIOD 1904 TO 2017


WEATHER ITEM   OBSERVED TIME   RECORD YEAR NORMAL DEPARTURE LAST
                VALUE   (LST)  VALUE       VALUE  FROM      YEAR
                                                  NORMAL
..................................................................
TEMPERATURE (F)
 YESTERDAY
  MAXIMUM         56    305 PM  57    1913  34     22       37
  MINIMUM         39    252 AM -14    1981  17     22       16
  AVERAGE         48                        26     22       27

PRECIPITATION (IN)
  YESTERDAY        0.19          1.38 2011   0.11   0.08     0.05
  MONTH TO DATE    1.66                      1.22   0.44     1.51
  SINCE DEC 1      4.39                      4.66  -0.27     5.76
  SINCE JAN 1      1.66                      1.22   0.44     1.51

SNOWFALL (IN)
  YESTERDAY        0.0          24.0  2011   0.4   -0.4      0.3
  MONTH TO DATE    4.1                       4.7   -0.6      0.3
  SINCE DEC 1     14.3                      12.1    2.2      1.3
  SINCE JUL 1     15.8                      14.1    1.7      1.3
  SNOW DEPTH       0

DEGREE DAYS
 HEATING
  YESTERDAY       17                        39    -22       38
  MONTH TO DATE  426                       465    -39      411
  SINCE DEC 1   1436                      1502    -66     1081
  SINCE JUL 1   2473                      2709   -236     2065

 COOLING
  YESTERDAY        0                         0      0        0
  MONTH TO DATE    0                         0      0        0
  SINCE DEC 1      0                         0      0        0
  SINCE JAN 1      0                         0      0        0
..................................................................


WIND (MPH)
  RESULTANT WIND SPEED  10   RESULTANT WIND DIRECTION   S (180)
  HIGHEST WIND SPEED    16   HIGHEST WIND DIRECTION     S (170)
  HIGHEST GUST SPEED    20   HIGHEST GUST DIRECTION     S (170)
  AVERAGE WIND SPEED     8.6


SKY COVER
  POSSIBLE SUNSHINE  MM
  AVERAGE SKY COVER 0.9


WEATHER CONDITIONS
 THE FOLLOWING WEATHER WAS RECORDED YESTERDAY.
  RAIN
  LIGHT RAIN
  FOG


RELATIVE HUMIDITY (PERCENT)
 HIGHEST   100           100 AM
 LOWEST     86           200 PM
 AVERAGE    93

..........................................................


THE HARTFORD CT CLIMATE NORMALS FOR TODAY
                         NORMAL    RECORD    YEAR
 MAXIMUM TEMPERATURE (F)   34        59      1932
 MINIMUM TEMPERATURE (F)   17        -9      1981


SUNRISE AND SUNSET
JANUARY 13 2017.......SUNRISE   717 AM EST   SUNSET   443 PM EST
JANUARY 14 2017.......SUNRISE   716 AM EST   SUNSET   444 PM EST


-  INDICATES NEGATIVE NUMBERS.
R  INDICATES RECORD WAS SET OR TIED.
MM INDICATES DATA IS MISSING.
T  INDICATES TRACE AMOUNT.




$$
