000
CDUS41 KBOX 112120
CLIBDL


CLIMATE REPORT
NATIONAL WEATHER SERVICE TAUNTON MA
520 PM EDT TUE APR 11 2017


...................................

...THE HARTFORD CT CLIMATE SUMMARY FOR APRIL 11 2017...
VALID AS OF 0500 PM LOCAL TIME.

CLIMATE NORMAL PERIOD 1981 TO 2010
CLIMATE RECORD PERIOD 1904 TO 2017


WEATHER ITEM   OBSERVED TIME   RECORD YEAR NORMAL DEPARTURE LAST
                VALUE   (LST)  VALUE       VALUE  FROM      YEAR
                                                  NORMAL
..................................................................
TEMPERATURE (F)
 TODAY
  MAXIMUM         88R   242 PM  79    1955  59     29       60
  MINIMUM         50    403 AM  23    1960  37     13       42
                                      1909
  AVERAGE         69                        48     21       51

PRECIPITATION (IN)
  TODAY            0.00          1.29 1913   0.13  -0.13     0.04
  MONTH TO DATE    2.18                      1.39   0.79     1.34
  SINCE MAR 1      6.11                      5.01   1.10     3.54
  SINCE JAN 1     12.09                     11.13   0.96    10.37

SNOWFALL (IN)
  TODAY            0.0           4.2  1958   0.0    0.0      0.0
  MONTH TO DATE    0.5                       0.8   -0.3      6.9
  SINCE MAR 1     19.6                       7.2   12.4      9.8
  SINCE JUL 1     62.3                      39.9   22.4     26.9
  SNOW DEPTH       0

DEGREE DAYS
 HEATING
  TODAY            0                        17    -17       14
  MONTH TO DATE  187                       213    -26      268
  SINCE MAR 1   1164                      1056    108      912
  SINCE JUL 1   5057                      5494   -437     4588

 COOLING
  TODAY            4                         0      4        0
  MONTH TO DATE    4                         0      4        0
  SINCE MAR 1      4                         0      4        0
  SINCE JAN 1      4                         0      4        0
..................................................................


WIND (MPH)
  HIGHEST WIND SPEED    22   HIGHEST WIND DIRECTION     S (190)
  HIGHEST GUST SPEED    27   HIGHEST GUST DIRECTION     S (180)
  AVERAGE WIND SPEED     8.9


SKY COVER
  POSSIBLE SUNSHINE  MM
  AVERAGE SKY COVER 0.5


WEATHER CONDITIONS
 THE FOLLOWING WEATHER WAS RECORDED TODAY.
  NO SIGNIFICANT WEATHER WAS OBSERVED.


RELATIVE HUMIDITY (PERCENT)
 HIGHEST    77           400 AM
 LOWEST     21           200 PM
 AVERAGE    49

..........................................................


THE HARTFORD CT CLIMATE NORMALS FOR TOMORROW
                         NORMAL    RECORD    YEAR
 MAXIMUM TEMPERATURE (F)   59        88      1977
 MINIMUM TEMPERATURE (F)   37        22      1976
                                             1926


SUNRISE AND SUNSET
APRIL 11 2017.........SUNRISE   616 AM EDT   SUNSET   728 PM EDT
APRIL 12 2017.........SUNRISE   615 AM EDT   SUNSET   729 PM EDT


-  INDICATES NEGATIVE NUMBERS.
R  INDICATES RECORD WAS SET OR TIED.
MM INDICATES DATA IS MISSING.
T  INDICATES TRACE AMOUNT.




$$
