000
CDUS41 KBOX 210608
CLIBDL


CLIMATE REPORT
NATIONAL WEATHER SERVICE TAUNTON MA
1257 AM EST WED JAN 21 2015


...................................

...THE HARTFORD CT CLIMATE SUMMARY FOR JANUARY 20 2015...

CLIMATE NORMAL PERIOD 1981 TO 2010
CLIMATE RECORD PERIOD 1904 TO 2015


WEATHER ITEM   OBSERVED TIME   RECORD YEAR NORMAL DEPARTURE LAST
                VALUE   (LST)  VALUE       VALUE  FROM      YEAR
                                                  NORMAL
..................................................................
TEMPERATURE (F)
 YESTERDAY
  MAXIMUM         37    330 PM  60    1951  34      3       45
  MINIMUM         24   1159 PM -13    1971  17      7       22
  AVERAGE         31                        26      5       34

PRECIPITATION (IN)
  YESTERDAY        0.00          1.41 1978   0.11  -0.11     0.02
  MONTH TO DATE    2.41                      2.07   0.34     3.32
  SINCE DEC 1      6.96                      5.51   1.45     7.24
  SINCE JAN 1      2.41                      2.07   0.34     3.32

SNOWFALL (IN)
  YESTERDAY        0.0          14.1  1978   0.4   -0.4      0.3
  MONTH TO DATE    4.1                       7.8   -3.7      9.2
  SINCE DEC 1      4.8                      15.2  -10.4     21.9
  SINCE JUL 1      9.9                      17.2   -7.3     21.9
  SNOW DEPTH       0

DEGREE DAYS
 HEATING
  YESTERDAY       34                        39     -5       31
  MONTH TO DATE  827                       777     50      735
  SINCE DEC 1   1729                      1814    -85     1799
  SINCE JUL 1   2826                      3021   -195     3031

 COOLING
  YESTERDAY        0                         0      0        0
  MONTH TO DATE    0                         0      0        0
  SINCE DEC 1      0                         0      0        0
  SINCE JAN 1      0                         0      0        0
..................................................................


WIND (MPH)
  RESULTANT WIND SPEED  10   RESULTANT WIND DIRECTION  NW (300)
  HIGHEST WIND SPEED    23   HIGHEST WIND DIRECTION    NW (300)
  HIGHEST GUST SPEED    28   HIGHEST GUST DIRECTION    NW (300)
  AVERAGE WIND SPEED    10.3


SKY COVER
  POSSIBLE SUNSHINE  MM
  AVERAGE SKY COVER 0.7


WEATHER CONDITIONS
 THE FOLLOWING WEATHER WAS RECORDED YESTERDAY.
  NO SIGNIFICANT WEATHER WAS OBSERVED.


RELATIVE HUMIDITY (PERCENT)
 HIGHEST    59          1200 AM
 LOWEST     34           900 PM
 AVERAGE    47

..........................................................


THE HARTFORD CT CLIMATE NORMALS FOR TODAY
                         NORMAL    RECORD    YEAR
 MAXIMUM TEMPERATURE (F)   34        61      2006
 MINIMUM TEMPERATURE (F)   17       -13      1961


SUNRISE AND SUNSET
JANUARY 21 2015.......SUNRISE   713 AM EST   SUNSET   452 PM EST
JANUARY 22 2015.......SUNRISE   712 AM EST   SUNSET   453 PM EST


-  INDICATES NEGATIVE NUMBERS.
R  INDICATES RECORD WAS SET OR TIED.
MM INDICATES DATA IS MISSING.
T  INDICATES TRACE AMOUNT.




$$
