000
CDUS41 KBOX 250542
CLIBDL


CLIMATE REPORT
NATIONAL WEATHER SERVICE TAUNTON MA
140 AM EDT SUN SEP 25 2016


...................................

...THE HARTFORD CT CLIMATE SUMMARY FOR SEPTEMBER 24 2016...

CLIMATE NORMAL PERIOD 1981 TO 2010
CLIMATE RECORD PERIOD 1904 TO 2016


WEATHER ITEM   OBSERVED TIME   RECORD YEAR NORMAL DEPARTURE LAST
                VALUE   (LST)  VALUE       VALUE  FROM      YEAR
                                                  NORMAL
..................................................................
TEMPERATURE (F)
 YESTERDAY
  MAXIMUM         69    225 PM  89    1959  72     -3       80
  MINIMUM         47   1159 PM  30    1974  49     -2       48
  AVERAGE         58                        61     -3       64

PRECIPITATION (IN)
  YESTERDAY        0.01          2.45 1975   0.15  -0.14     0.00
  MONTH TO DATE    1.74                      2.98  -1.24     2.43
  SINCE SEP 1      1.74                      2.98  -1.24     2.43
  SINCE JAN 1     24.08                     33.25  -9.17    27.84

SNOWFALL (IN)
  YESTERDAY        0.0           0.0  2002   0.0    0.0      0.0
                                      2001
                                      2000
  MONTH TO DATE    0.0                       0.0    0.0      0.0
  SINCE SEP 1      0.0                       0.0    0.0      0.0
  SINCE JUL 1      0.0                       0.0    0.0      0.0
  SNOW DEPTH       0

DEGREE DAYS
 HEATING
  YESTERDAY        7                         6      1        1
  MONTH TO DATE   16                        68    -52       15
  SINCE SEP 1     16                        68    -52       15
  SINCE JUL 1     16                        80    -64       16

 COOLING
  YESTERDAY        0                         1     -1        0
  MONTH TO DATE  126                        70     56      138
  SINCE SEP 1    126                        70     56      138
  SINCE JAN 1   1056                       745    311      952
..................................................................


WIND (MPH)
  RESULTANT WIND SPEED   6   RESULTANT WIND DIRECTION   N (350)
  HIGHEST WIND SPEED    22   HIGHEST WIND DIRECTION    NE (50)
  HIGHEST GUST SPEED    25   HIGHEST GUST DIRECTION    NE (30)
  AVERAGE WIND SPEED     6.5


SKY COVER
  POSSIBLE SUNSHINE  MM
  AVERAGE SKY COVER 0.5


WEATHER CONDITIONS
 THE FOLLOWING WEATHER WAS RECORDED YESTERDAY.
  LIGHT RAIN


RELATIVE HUMIDITY (PERCENT)
 HIGHEST    93           200 AM
 LOWEST     37           300 PM
 AVERAGE    65

..........................................................


THE HARTFORD CT CLIMATE NORMALS FOR TODAY
                         NORMAL    RECORD    YEAR
 MAXIMUM TEMPERATURE (F)   71        90      2007
 MINIMUM TEMPERATURE (F)   49        30      1963


SUNRISE AND SUNSET
SEPTEMBER 25 2016.....SUNRISE   642 AM EDT   SUNSET   642 PM EDT
SEPTEMBER 26 2016.....SUNRISE   643 AM EDT   SUNSET   640 PM EDT


-  INDICATES NEGATIVE NUMBERS.
R  INDICATES RECORD WAS SET OR TIED.
MM INDICATES DATA IS MISSING.
T  INDICATES TRACE AMOUNT.




$$
