000
CDUS41 KBOX 110545
CLIBDL


CLIMATE REPORT
NATIONAL WEATHER SERVICE TAUNTON MA
142 AM EDT SUN JUN 11 2017


...................................

...THE HARTFORD CT CLIMATE SUMMARY FOR JUNE 10 2017...

CLIMATE NORMAL PERIOD 1981 TO 2010
CLIMATE RECORD PERIOD 1904 TO 2017


WEATHER ITEM   OBSERVED TIME   RECORD YEAR NORMAL DEPARTURE LAST
                VALUE   (LST)  VALUE       VALUE  FROM      YEAR
                                                  NORMAL
..................................................................
TEMPERATURE (F)
 YESTERDAY
  MAXIMUM         86    349 PM  98    2008  78      8       76
  MINIMUM         55    453 AM  38    1957  56     -1       50
  AVERAGE         71                        67      4       63

PRECIPITATION (IN)
  YESTERDAY        0.00          1.59 1966   0.16  -0.16     0.00
  MONTH TO DATE    1.19                      1.70  -0.51     1.21
  SINCE JUN 1      1.19                      1.70  -0.51     1.21
  SINCE JAN 1     19.46                     19.51  -0.05    15.15

SNOWFALL (IN)
  YESTERDAY        0.0           0.0  2002   0.0    0.0      0.0
                                      2001
                                      2000
  MONTH TO DATE    0.0                       0.0    0.0      0.0
  SINCE JUN 1      0.0                       0.0    0.0      0.0
  SINCE JUL 1     62.3                      40.5   21.8     26.9
  SNOW DEPTH       0

DEGREE DAYS
 HEATING
  YESTERDAY        0                         2     -2        2
  MONTH TO DATE   43                        25     18        8
  SINCE JUN 1     43                        25     18        8
  SINCE JUL 1   5514                      5983   -469     5052

 COOLING
  YESTERDAY        6                         4      2        0
  MONTH TO DATE    7                        31    -24       35
  SINCE JUN 1      7                        31    -24       35
  SINCE JAN 1     67                        70     -3      109
..................................................................


WIND (MPH)
  RESULTANT WIND SPEED   6   RESULTANT WIND DIRECTION  SW (210)
  HIGHEST WIND SPEED    21   HIGHEST WIND DIRECTION     W (250)
  HIGHEST GUST SPEED    26   HIGHEST GUST DIRECTION    SW (240)
  AVERAGE WIND SPEED     7.6


SKY COVER
  POSSIBLE SUNSHINE  MM
  AVERAGE SKY COVER 0.3


WEATHER CONDITIONS
 THE FOLLOWING WEATHER WAS RECORDED YESTERDAY.
  NO SIGNIFICANT WEATHER WAS OBSERVED.


RELATIVE HUMIDITY (PERCENT)
 HIGHEST    86           200 AM
 LOWEST     34          1100 AM
 AVERAGE    60

..........................................................


THE HARTFORD CT CLIMATE NORMALS FOR TODAY
                         NORMAL    RECORD    YEAR
 MAXIMUM TEMPERATURE (F)   79        98      1973
 MINIMUM TEMPERATURE (F)   56        40      1980


SUNRISE AND SUNSET
JUNE 11 2017..........SUNRISE   515 AM EDT   SUNSET   826 PM EDT
JUNE 12 2017..........SUNRISE   515 AM EDT   SUNSET   827 PM EDT


-  INDICATES NEGATIVE NUMBERS.
R  INDICATES RECORD WAS SET OR TIED.
MM INDICATES DATA IS MISSING.
T  INDICATES TRACE AMOUNT.




$$
