000
CDUS41 KBOX 110602
CLIBDL


CLIMATE REPORT
NATIONAL WEATHER SERVICE TAUNTON MA
1251 AM EST SUN FEB 11 2018


...................................

...THE HARTFORD CT CLIMATE SUMMARY FOR FEBRUARY 10 2018...

CLIMATE NORMAL PERIOD 1981 TO 2010
CLIMATE RECORD PERIOD 1904 TO 2018


WEATHER ITEM   OBSERVED TIME   RECORD YEAR NORMAL DEPARTURE LAST
                VALUE   (LST)  VALUE       VALUE  FROM      YEAR
                                                  NORMAL
..................................................................
TEMPERATURE (F)
 YESTERDAY
  MAXIMUM         44    125 PM  55    1909  37      7       27
  MINIMUM         28    309 AM  -7    1979  20      8        4
                                      1948
  AVERAGE         36                        29      7       16

PRECIPITATION (IN)
  YESTERDAY        0.52          1.31 1970   0.10   0.42     0.04
  MONTH TO DATE    2.24                      1.02   1.22     1.34
  SINCE DEC 1      8.51                      7.69   0.82     7.56
  SINCE JAN 1      6.10                      4.25   1.85     4.83

SNOWFALL (IN)
  YESTERDAY        0.0          12.5  1926   0.4   -0.4      0.7
  MONTH TO DATE    2.4                       4.3   -1.9     16.9
  SINCE DEC 1     25.9                      24.0    1.9     35.5
  SINCE JUL 1     25.9                      26.0   -0.1     37.0
  SNOW DEPTH       1

DEGREE DAYS
 HEATING
  YESTERDAY       29                        36     -7       49
  MONTH TO DATE  380                       372      8      358
  SINCE DEC 1   2766                      2615    151     2361
  SINCE JUL 1   3757                      3822    -65     3398

 COOLING
  YESTERDAY        0                         0      0        0
  MONTH TO DATE    0                         0      0        0
  SINCE DEC 1      0                         0      0        0
  SINCE JAN 1      0                         0      0        0
..................................................................


WIND (MPH)
  RESULTANT WIND SPEED   3   RESULTANT WIND DIRECTION   S (180)
  HIGHEST WIND SPEED     9   HIGHEST WIND DIRECTION     S (200)
  HIGHEST GUST SPEED    12   HIGHEST GUST DIRECTION     S (200)
  AVERAGE WIND SPEED     3.2


SKY COVER
  POSSIBLE SUNSHINE  MM
  AVERAGE SKY COVER 1.0


WEATHER CONDITIONS
 THE FOLLOWING WEATHER WAS RECORDED YESTERDAY.
  RAIN
  LIGHT RAIN
  FOG
  FOG W/VISIBILITY <= 1/4 MILE


RELATIVE HUMIDITY (PERCENT)
 HIGHEST   100           500 PM
 LOWEST     83           100 PM
 AVERAGE    92

..........................................................


THE HARTFORD CT CLIMATE NORMALS FOR TODAY
                         NORMAL    RECORD    YEAR
 MAXIMUM TEMPERATURE (F)   38        61      1981
 MINIMUM TEMPERATURE (F)   20        -9      1979
                                             1948


SUNRISE AND SUNSET
FEBRUARY 11 2018......SUNRISE   652 AM EST   SUNSET   519 PM EST
FEBRUARY 12 2018......SUNRISE   651 AM EST   SUNSET   520 PM EST


-  INDICATES NEGATIVE NUMBERS.
R  INDICATES RECORD WAS SET OR TIED.
MM INDICATES DATA IS MISSING.
T  INDICATES TRACE AMOUNT.




$$
