000
CDUS41 KBOX 070542
CLIBDL


CLIMATE REPORT
NATIONAL WEATHER SERVICE TAUNTON MA
1237 AM EST SAT JAN 7 2017


...................................

...THE HARTFORD CT CLIMATE SUMMARY FOR JANUARY 6 2017...

CLIMATE NORMAL PERIOD 1981 TO 2010
CLIMATE RECORD PERIOD 1904 TO 2017


WEATHER ITEM   OBSERVED TIME   RECORD YEAR NORMAL DEPARTURE LAST
                VALUE   (LST)  VALUE       VALUE  FROM      YEAR
                                                  NORMAL
..................................................................
TEMPERATURE (F)
 YESTERDAY
  MAXIMUM         31    137 PM  72    2007  35     -4       43
  MINIMUM         21   1151 PM  -6    1976  18      3        6
  AVERAGE         26                        26      0       25

PRECIPITATION (IN)
  YESTERDAY        0.04          2.18 1962   0.11  -0.07     0.00
  MONTH TO DATE    0.98                      0.61   0.37      T
  SINCE DEC 1      3.71                      4.05  -0.34     4.25
  SINCE JAN 1      0.98                      0.61   0.37      T

SNOWFALL (IN)
  YESTERDAY        0.8           4.7  2005   0.4    0.4      0.0
  MONTH TO DATE    0.8                       2.3   -1.5       T
  SINCE DEC 1     11.0                       9.7    1.3      1.0
  SINCE JUL 1     12.5                      11.7    0.8      1.0
  SNOW DEPTH       0

DEGREE DAYS
 HEATING
  YESTERDAY       39                        39      0       40
  MONTH TO DATE  196                       231    -35      224
  SINCE DEC 1   1206                      1268    -62      894
  SINCE JUL 1   2243                      2475   -232     1878

 COOLING
  YESTERDAY        0                         0      0        0
  MONTH TO DATE    0                         0      0        0
  SINCE DEC 1      0                         0      0        0
  SINCE JAN 1      0                         0      0        0
..................................................................


WIND (MPH)
  RESULTANT WIND SPEED   5   RESULTANT WIND DIRECTION  NW (320)
  HIGHEST WIND SPEED    14   HIGHEST WIND DIRECTION    NW (310)
  HIGHEST GUST SPEED    18   HIGHEST GUST DIRECTION     W (290)
  AVERAGE WIND SPEED     7.1


SKY COVER
  POSSIBLE SUNSHINE  MM
  AVERAGE SKY COVER 0.8


WEATHER CONDITIONS
 THE FOLLOWING WEATHER WAS RECORDED YESTERDAY.
  LIGHT SNOW
  FOG


RELATIVE HUMIDITY (PERCENT)
 HIGHEST    88           700 AM
 LOWEST     40           800 PM
 AVERAGE    64

..........................................................


THE HARTFORD CT CLIMATE NORMALS FOR TODAY
                         NORMAL    RECORD    YEAR
 MAXIMUM TEMPERATURE (F)   34        62      1907
 MINIMUM TEMPERATURE (F)   18         1      1912


SUNRISE AND SUNSET
JANUARY  7 2017.......SUNRISE   718 AM EST   SUNSET   436 PM EST
JANUARY  8 2017.......SUNRISE   718 AM EST   SUNSET   437 PM EST


-  INDICATES NEGATIVE NUMBERS.
R  INDICATES RECORD WAS SET OR TIED.
MM INDICATES DATA IS MISSING.
T  INDICATES TRACE AMOUNT.




$$
