000
CDUS41 KBOX 180527
CLIBDL


CLIMATE REPORT
NATIONAL WEATHER SERVICE TAUNTON MA
126 AM EDT SUN JUN 18 2017


...................................

...THE HARTFORD CT CLIMATE SUMMARY FOR JUNE 17 2017...

CLIMATE NORMAL PERIOD 1981 TO 2010
CLIMATE RECORD PERIOD 1904 TO 2017


WEATHER ITEM   OBSERVED TIME   RECORD YEAR NORMAL DEPARTURE LAST
                VALUE   (LST)  VALUE       VALUE  FROM      YEAR
                                                  NORMAL
..................................................................
TEMPERATURE (F)
 YESTERDAY
  MAXIMUM         76    451 PM  95    1957  80     -4       83
  MINIMUM         62    701 AM  42    1926  58      4       60
  AVERAGE         69                        69      0       72

PRECIPITATION (IN)
  YESTERDAY        0.03          2.50 1920   0.13  -0.10     0.00
  MONTH TO DATE    1.34                      2.75  -1.41     1.67
  SINCE JUN 1      1.34                      2.75  -1.41     1.67
  SINCE JAN 1     19.61                     20.56  -0.95    15.61

SNOWFALL (IN)
  YESTERDAY        0.0           0.0  2016   0.0    0.0      0.0
  MONTH TO DATE    0.0                       0.0    0.0      0.0
  SINCE JUN 1      0.0                       0.0    0.0      0.0
  SINCE JUL 1     62.3                      40.5   21.8     26.9
  SNOW DEPTH       0

DEGREE DAYS
 HEATING
  YESTERDAY        0                         1     -1        0
  MONTH TO DATE   43                        34      9       16
  SINCE JUN 1     43                        34      9       16
  SINCE JUL 1   5514                      5992   -478     5060

 COOLING
  YESTERDAY        4                         5     -1        7
  MONTH TO DATE   65                        62      3       58
  SINCE JUN 1     65                        62      3       58
  SINCE JAN 1    125                       101     24      132
..................................................................


WIND (MPH)
  RESULTANT WIND SPEED   2   RESULTANT WIND DIRECTION   S (200)
  HIGHEST WIND SPEED    14   HIGHEST WIND DIRECTION     S (200)
  HIGHEST GUST SPEED    18   HIGHEST GUST DIRECTION     S (200)
  AVERAGE WIND SPEED     5.6


SKY COVER
  POSSIBLE SUNSHINE  MM
  AVERAGE SKY COVER 1.0


WEATHER CONDITIONS
 THE FOLLOWING WEATHER WAS RECORDED YESTERDAY.
  LIGHT RAIN
  FOG


RELATIVE HUMIDITY (PERCENT)
 HIGHEST   100           700 AM
 LOWEST     74           300 PM
 AVERAGE    87

..........................................................


THE HARTFORD CT CLIMATE NORMALS FOR TODAY
                         NORMAL    RECORD    YEAR
 MAXIMUM TEMPERATURE (F)   80        95      1994
                                             1957
 MINIMUM TEMPERATURE (F)   58        40      1958


SUNRISE AND SUNSET
JUNE 18 2017..........SUNRISE   515 AM EDT   SUNSET   829 PM EDT
JUNE 19 2017..........SUNRISE   515 AM EDT   SUNSET   829 PM EDT


-  INDICATES NEGATIVE NUMBERS.
R  INDICATES RECORD WAS SET OR TIED.
MM INDICATES DATA IS MISSING.
T  INDICATES TRACE AMOUNT.




$$
