000
CDUS41 KBOX 130536
CLIBDL


CLIMATE REPORT
NATIONAL WEATHER SERVICE TAUNTON MA
136 AM EDT WED SEP 13 2017


...................................

...THE HARTFORD CT CLIMATE SUMMARY FOR SEPTEMBER 12 2017...

CLIMATE NORMAL PERIOD 1981 TO 2010
CLIMATE RECORD PERIOD 1904 TO 2017


WEATHER ITEM   OBSERVED TIME   RECORD YEAR NORMAL DEPARTURE LAST
                VALUE   (LST)  VALUE       VALUE  FROM      YEAR
                                                  NORMAL
..................................................................
TEMPERATURE (F)
 YESTERDAY
  MAXIMUM         86    243 PM  92    1961  76     10       79
  MINIMUM         50    525 AM  36    1958  54     -4       49
  AVERAGE         68                        65      3       64

PRECIPITATION (IN)
  YESTERDAY        0.00          5.10 1960   0.12  -0.12     0.00
  MONTH TO DATE    2.09                      1.33   0.76     0.98
  SINCE SEP 1      2.09                      1.33   0.76     0.98
  SINCE JAN 1     33.20                     31.60   1.60    23.32

SNOWFALL (IN)
  YESTERDAY        0.0           0.0  2002   0.0    0.0      0.0
                                      2001
                                      2000
  MONTH TO DATE    0.0                       0.0    0.0      0.0
  SINCE SEP 1      0.0                       0.0    0.0      0.0
  SINCE JUL 1      0.0                       0.0    0.0      0.0
  SNOW DEPTH       0

DEGREE DAYS
 HEATING
  YESTERDAY        0                         3     -3        1
  MONTH TO DATE   39                        19     20        1
  SINCE SEP 1     39                        19     20        1
  SINCE JUL 1     55                        31     24        1

 COOLING
  YESTERDAY        3                         3      0        0
  MONTH TO DATE   18                        47    -29       82
  SINCE SEP 1     18                        47    -29       82
  SINCE JAN 1    705                       722    -17     1012
..................................................................


WIND (MPH)
  RESULTANT WIND SPEED   2   RESULTANT WIND DIRECTION  SW (240)
  HIGHEST WIND SPEED    14   HIGHEST WIND DIRECTION     W (250)
  HIGHEST GUST SPEED    17   HIGHEST GUST DIRECTION     W (260)
  AVERAGE WIND SPEED     3.9


SKY COVER
  POSSIBLE SUNSHINE  MM
  AVERAGE SKY COVER 0.6


WEATHER CONDITIONS
 THE FOLLOWING WEATHER WAS RECORDED YESTERDAY.
  NO SIGNIFICANT WEATHER WAS OBSERVED.


RELATIVE HUMIDITY (PERCENT)
 HIGHEST   100           300 AM
 LOWEST     31           300 PM
 AVERAGE    66

..........................................................


THE HARTFORD CT CLIMATE NORMALS FOR TODAY
                         NORMAL    RECORD    YEAR
 MAXIMUM TEMPERATURE (F)   76        91      2005
                                             1974
                                             1957
 MINIMUM TEMPERATURE (F)   54        40      1985
                                             1958
                                             1943


SUNRISE AND SUNSET
SEPTEMBER 13 2017.....SUNRISE   629 AM EDT   SUNSET   703 PM EDT
SEPTEMBER 14 2017.....SUNRISE   630 AM EDT   SUNSET   702 PM EDT


-  INDICATES NEGATIVE NUMBERS.
R  INDICATES RECORD WAS SET OR TIED.
MM INDICATES DATA IS MISSING.
T  INDICATES TRACE AMOUNT.




$$
