000
CDUS41 KBOX 060554
CLIBDL


CLIMATE REPORT
NATIONAL WEATHER SERVICE TAUNTON MA
1247 AM EST WED DEC 6 2017


...................................

...THE HARTFORD CT CLIMATE SUMMARY FOR DECEMBER 5 2017...

CLIMATE NORMAL PERIOD 1981 TO 2010
CLIMATE RECORD PERIOD 1904 TO 2017


WEATHER ITEM   OBSERVED TIME   RECORD YEAR NORMAL DEPARTURE LAST
                VALUE   (LST)  VALUE       VALUE  FROM      YEAR
                                                  NORMAL
..................................................................
TEMPERATURE (F)
 YESTERDAY
  MAXIMUM         59    939 PM  68    2001  44     15       43
  MINIMUM         36    224 AM   3    1976  27      9       29
  AVERAGE         48                        35     13       36

PRECIPITATION (IN)
  YESTERDAY        0.46          2.24 1920   0.12   0.34     0.04
  MONTH TO DATE    0.49                      0.63  -0.14     0.34
  SINCE DEC 1      0.49                      0.63  -0.14     0.34
  SINCE JAN 1     43.66                     43.04   0.62    30.33

SNOWFALL (IN)
  YESTERDAY        0.0           6.0  1926   0.2   -0.2      0.4
  MONTH TO DATE    0.0                       0.8   -0.8      0.4
  SINCE DEC 1      0.0                       0.8   -0.8      0.4
  SINCE JUL 1      T                         2.8   -2.8      1.9
  SNOW DEPTH       0

DEGREE DAYS
 HEATING
  YESTERDAY       17                        30    -13       29
  MONTH TO DATE  132                       144    -12      126
  SINCE DEC 1    132                       144    -12      126
  SINCE JUL 1   1123                      1351   -228     1163

 COOLING
  YESTERDAY        0                         0      0        0
  MONTH TO DATE    0                         0      0        0
  SINCE DEC 1      0                         0      0        0
  SINCE JAN 1    865                       756    109     1068
..................................................................


WIND (MPH)
  RESULTANT WIND SPEED   7   RESULTANT WIND DIRECTION   S (170)
  HIGHEST WIND SPEED    17   HIGHEST WIND DIRECTION    SW (210)
  HIGHEST GUST SPEED    30   HIGHEST GUST DIRECTION     S (200)
  AVERAGE WIND SPEED     7.3


SKY COVER
  POSSIBLE SUNSHINE  MM
  AVERAGE SKY COVER 1.0


WEATHER CONDITIONS
 THE FOLLOWING WEATHER WAS RECORDED YESTERDAY.
  RAIN
  LIGHT RAIN
  FOG


RELATIVE HUMIDITY (PERCENT)
 HIGHEST   100           200 PM
 LOWEST     76           700 AM
 AVERAGE    88

..........................................................


THE HARTFORD CT CLIMATE NORMALS FOR TODAY
                         NORMAL    RECORD    YEAR
 MAXIMUM TEMPERATURE (F)   43        74      2001
 MINIMUM TEMPERATURE (F)   27         8      1976


SUNRISE AND SUNSET
DECEMBER  6 2017......SUNRISE   704 AM EST   SUNSET   419 PM EST
DECEMBER  7 2017......SUNRISE   705 AM EST   SUNSET   419 PM EST


-  INDICATES NEGATIVE NUMBERS.
R  INDICATES RECORD WAS SET OR TIED.
MM INDICATES DATA IS MISSING.
T  INDICATES TRACE AMOUNT.




$$
