000
CDUS41 KBOX 240540
CLIBDL


CLIMATE REPORT
NATIONAL WEATHER SERVICE TAUNTON MA
140 AM EDT SUN AUG 24 2014


...................................

...THE HARTFORD CT CLIMATE SUMMARY FOR AUGUST 23 2014...

CLIMATE NORMAL PERIOD 1981 TO 2010
CLIMATE RECORD PERIOD 1904 TO 2014


WEATHER ITEM   OBSERVED TIME   RECORD YEAR NORMAL DEPARTURE LAST
                VALUE   (LST)  VALUE       VALUE  FROM      YEAR
                                                  NORMAL
..................................................................
TEMPERATURE (F)
 YESTERDAY
  MAXIMUM         76   1250 PM  91    1916  82     -6       82
  MINIMUM         57   1159 PM  42    1988  60     -3       61
  AVERAGE         67                        71     -4       72

PRECIPITATION (IN)
  YESTERDAY        0.00          1.13 1970   0.12  -0.12     0.00
  MONTH TO DATE    3.49                      3.09   0.40     5.39
  SINCE JUN 1      9.69                     11.62  -1.93    20.37
  SINCE JAN 1     31.70                     29.43   2.27    36.51

SNOWFALL (IN)
  YESTERDAY        0.0           0.0  2002   0.0    0.0      0.0
                                      2001
                                      2000
  MONTH TO DATE    0.0                       0.0    0.0      0.0
  SINCE JUN 1      0.0                       0.0    0.0      0.0
  SINCE JUL 1      0.0                       0.0    0.0      0.0
  SNOW DEPTH       0

DEGREE DAYS
 HEATING
  YESTERDAY        0                         0      0        0
  MONTH TO DATE    2                         0      2        0
  SINCE JUN 1      8                        43    -35       35
  SINCE JUL 1      2                         3     -1        2

 COOLING
  YESTERDAY        2                         6     -4        7
  MONTH TO DATE  119                       178    -59      121
  SINCE JUN 1    571                       591    -20      709
  SINCE JAN 1    603                       630    -27      763
..................................................................


WIND (MPH)
  RESULTANT WIND SPEED   5   RESULTANT WIND DIRECTION   N (20)
  HIGHEST WIND SPEED    14   HIGHEST WIND DIRECTION    NE (30)
  HIGHEST GUST SPEED    17   HIGHEST GUST DIRECTION    NE (30)
  AVERAGE WIND SPEED     5.6


SKY COVER
  POSSIBLE SUNSHINE  MM
  AVERAGE SKY COVER 0.7


WEATHER CONDITIONS
 THE FOLLOWING WEATHER WAS RECORDED YESTERDAY.
  NO SIGNIFICANT WEATHER WAS OBSERVED.


RELATIVE HUMIDITY (PERCENT)
 HIGHEST    93          1200 AM
 LOWEST     50           100 PM
 AVERAGE    72

..........................................................


THE HARTFORD CT CLIMATE NORMALS FOR TODAY
                         NORMAL    RECORD    YEAR
 MAXIMUM TEMPERATURE (F)   82        94      1969
 MINIMUM TEMPERATURE (F)   60        43      1971
                                             1957


SUNRISE AND SUNSET
AUGUST 24 2014........SUNRISE   608 AM EDT   SUNSET   737 PM EDT
AUGUST 25 2014........SUNRISE   609 AM EDT   SUNSET   736 PM EDT


-  INDICATES NEGATIVE NUMBERS.
R  INDICATES RECORD WAS SET OR TIED.
MM INDICATES DATA IS MISSING.
T  INDICATES TRACE AMOUNT.




$$
