000
CDUS41 KBOX 120541
CLIBDL


CLIMATE REPORT
NATIONAL WEATHER SERVICE TAUNTON MA
1239 AM EST SUN MAR 12 2017


...................................

...THE HARTFORD CT CLIMATE SUMMARY FOR MARCH 11 2017...

CLIMATE NORMAL PERIOD 1981 TO 2010
CLIMATE RECORD PERIOD 1904 TO 2017


WEATHER ITEM   OBSERVED TIME   RECORD YEAR NORMAL DEPARTURE LAST
                VALUE   (LST)  VALUE       VALUE  FROM      YEAR
                                                  NORMAL
..................................................................
TEMPERATURE (F)
 YESTERDAY
  MAXIMUM         22    430 PM  75    1977  46    -24       60
  MINIMUM         10    658 AM   3    1996  26    -16       38
  AVERAGE         16                        36    -20       49

PRECIPITATION (IN)
  YESTERDAY        T             1.21 2000   0.11  -0.11     0.03
  MONTH TO DATE    0.35                      1.22  -0.87     0.59
  SINCE MAR 1      0.35                      1.22  -0.87     0.59
  SINCE JAN 1      6.33                      7.34  -1.01     7.42

SNOWFALL (IN)
  YESTERDAY        T             6.1  1997   0.2   -0.2      0.0
  MONTH TO DATE    2.3                       2.8   -0.5      0.2
  SINCE MAR 1      2.3                       2.8   -0.5      0.2
  SINCE JUL 1     45.0                      35.5    9.5     17.3
  SNOW DEPTH       2

DEGREE DAYS
 HEATING
  YESTERDAY       49                        29     20       16
  MONTH TO DATE  337                       336      1      254
  SINCE MAR 1    337                       336      1      254
  SINCE JUL 1   4230                      4774   -544     3930

 COOLING
  YESTERDAY        0                         0      0        0
  MONTH TO DATE    0                         0      0        0
  SINCE MAR 1      0                         0      0        0
  SINCE JAN 1      0                         0      0        0
..................................................................


WIND (MPH)
  RESULTANT WIND SPEED  19   RESULTANT WIND DIRECTION  NW (300)
  HIGHEST WIND SPEED    36   HIGHEST WIND DIRECTION     W (290)
  HIGHEST GUST SPEED    44   HIGHEST GUST DIRECTION     W (290)
  AVERAGE WIND SPEED    18.7


SKY COVER
  POSSIBLE SUNSHINE  MM
  AVERAGE SKY COVER 0.4


WEATHER CONDITIONS
 THE FOLLOWING WEATHER WAS RECORDED YESTERDAY.
  LIGHT SNOW


RELATIVE HUMIDITY (PERCENT)
 HIGHEST    56           900 PM
 LOWEST     36           100 PM
 AVERAGE    46

..........................................................


THE HARTFORD CT CLIMATE NORMALS FOR TODAY
                         NORMAL    RECORD    YEAR
 MAXIMUM TEMPERATURE (F)   46        74      2012
 MINIMUM TEMPERATURE (F)   27         6      1984


SUNRISE AND SUNSET
MARCH 12 2017.........SUNRISE   707 AM EDT   SUNSET   654 PM EDT
MARCH 13 2017.........SUNRISE   706 AM EDT   SUNSET   655 PM EDT


-  INDICATES NEGATIVE NUMBERS.
R  INDICATES RECORD WAS SET OR TIED.
MM INDICATES DATA IS MISSING.
T  INDICATES TRACE AMOUNT.




$$
