000
CDUS41 KBOX 230545
CLIBDL


CLIMATE REPORT
NATIONAL WEATHER SERVICE TAUNTON MA
145 AM EDT TUE AUG 23 2016


...................................

...THE HARTFORD CT CLIMATE SUMMARY FOR AUGUST 22 2016...

CLIMATE NORMAL PERIOD 1981 TO 2010
CLIMATE RECORD PERIOD 1904 TO 2016


WEATHER ITEM   OBSERVED TIME   RECORD YEAR NORMAL DEPARTURE LAST
                VALUE   (LST)  VALUE       VALUE  FROM      YEAR
                                                  NORMAL
..................................................................
TEMPERATURE (F)
 YESTERDAY
  MAXIMUM         77    307 PM  93    1976  82     -5       84
                                      1916
  MINIMUM         57   1017 PM  41    1982  60     -3       61
  AVERAGE         67                        71     -4       73

PRECIPITATION (IN)
  YESTERDAY        T             1.95 1937   0.11  -0.11     0.00
  MONTH TO DATE    4.19                      2.97   1.22     1.79
  SINCE JUN 1      8.40                     11.50  -3.10    11.55
  SINCE JAN 1     22.34                     29.31  -6.97    25.12

SNOWFALL (IN)
  YESTERDAY        0.0           0.0  2002   0.0    0.0      0.0
                                      2001
                                      2000
  MONTH TO DATE    0.0                       0.0    0.0      0.0
  SINCE JUN 1      0.0                       0.0    0.0      0.0
  SINCE JUL 1      0.0                       0.0    0.0      0.0
  SNOW DEPTH       0

DEGREE DAYS
 HEATING
  YESTERDAY        0                         0      0        0
  MONTH TO DATE    0                         0      0        0
  SINCE JUN 1     16                        43    -27       49
  SINCE JUL 1      0                         3     -3        1

 COOLING
  YESTERDAY        2                         7     -5        8
  MONTH TO DATE  265                       172     93      211
  SINCE JUN 1    775                       585    190      627
  SINCE JAN 1    849                       624    225      744
..................................................................


WIND (MPH)
  RESULTANT WIND SPEED  11   RESULTANT WIND DIRECTION  NW (310)
  HIGHEST WIND SPEED    23   HIGHEST WIND DIRECTION    NW (300)
  HIGHEST GUST SPEED    29   HIGHEST GUST DIRECTION    NW (300)
  AVERAGE WIND SPEED    10.5


SKY COVER
  POSSIBLE SUNSHINE  MM
  AVERAGE SKY COVER 0.3


WEATHER CONDITIONS
 THE FOLLOWING WEATHER WAS RECORDED YESTERDAY.
  RAIN
  LIGHT RAIN
  FOG


RELATIVE HUMIDITY (PERCENT)
 HIGHEST    90          1200 AM
 LOWEST     39           100 PM
 AVERAGE    65

..........................................................


THE HARTFORD CT CLIMATE NORMALS FOR TODAY
                         NORMAL    RECORD    YEAR
 MAXIMUM TEMPERATURE (F)   82        91      1916
 MINIMUM TEMPERATURE (F)   60        42      1988


SUNRISE AND SUNSET
AUGUST 23 2016........SUNRISE   608 AM EDT   SUNSET   738 PM EDT
AUGUST 24 2016........SUNRISE   609 AM EDT   SUNSET   737 PM EDT


-  INDICATES NEGATIVE NUMBERS.
R  INDICATES RECORD WAS SET OR TIED.
MM INDICATES DATA IS MISSING.
T  INDICATES TRACE AMOUNT.




$$
