000
CDUS41 KBOX 032138
CLIBDL


CLIMATE REPORT
NATIONAL WEATHER SERVICE TAUNTON MA
528 PM EDT MON AUG 3 2015


...................................

...THE HARTFORD CT CLIMATE SUMMARY FOR AUGUST 3 2015...
VALID AS OF 0500 PM LOCAL TIME.

CLIMATE NORMAL PERIOD 1981 TO 2010
CLIMATE RECORD PERIOD 1904 TO 2015


WEATHER ITEM   OBSERVED TIME   RECORD YEAR NORMAL DEPARTURE LAST
                VALUE   (LST)  VALUE       VALUE  FROM      YEAR
                                                  NORMAL
..................................................................
TEMPERATURE (F)
 TODAY
  MAXIMUM         90    326 PM  98    1930  84      6       76
  MINIMUM         64    350 AM  46    1956  63      1       60
  AVERAGE         77                        74      3       68

PRECIPITATION (IN)
  TODAY            0.00          3.18 1954   0.15  -0.15     0.01
  MONTH TO DATE    T                         0.45  -0.45     0.38
  SINCE JUN 1      9.76                      8.98   0.78     6.58
  SINCE JAN 1     23.33                     26.79  -3.46    28.59

SNOWFALL (IN)
  TODAY            0.0           0.0  2002   0.0    0.0      0.0
                                      2001
                                      2000
  MONTH TO DATE    0.0                       0.0    0.0      0.0
  SINCE JUN 1      0.0                       0.0    0.0      0.0
  SINCE JUL 1      0.0                       0.0    0.0      0.0
  SNOW DEPTH       0

DEGREE DAYS
 HEATING
  TODAY            0                         0      0        0
  MONTH TO DATE    0                         0      0        0
  SINCE JUN 1     49                        43      6        6
  SINCE JUL 1      1                         3     -2        0

 COOLING
  TODAY           12                         9      3        3
  MONTH TO DATE   30                        27      3       17
  SINCE JUN 1    446                       440      6      469
  SINCE JAN 1    563                       479     84      501
..................................................................


WIND (MPH)
  HIGHEST WIND SPEED    20   HIGHEST WIND DIRECTION    SW (210)
  HIGHEST GUST SPEED    27   HIGHEST GUST DIRECTION    SW (220)
  AVERAGE WIND SPEED     9.1


SKY COVER
  POSSIBLE SUNSHINE  MM
  AVERAGE SKY COVER 0.2


WEATHER CONDITIONS
 THE FOLLOWING WEATHER WAS RECORDED TODAY.
  FOG


RELATIVE HUMIDITY (PERCENT)
 HIGHEST    93           400 AM
 LOWEST     38           100 PM
 AVERAGE    66

..........................................................


THE HARTFORD CT CLIMATE NORMALS FOR TOMORROW
                         NORMAL    RECORD    YEAR
 MAXIMUM TEMPERATURE (F)   84        96      1944
                                             1928
 MINIMUM TEMPERATURE (F)   63        49      1964


SUNRISE AND SUNSET
AUGUST  3 2015........SUNRISE   546 AM EDT   SUNSET   807 PM EDT
AUGUST  4 2015........SUNRISE   547 AM EDT   SUNSET   806 PM EDT


-  INDICATES NEGATIVE NUMBERS.
R  INDICATES RECORD WAS SET OR TIED.
MM INDICATES DATA IS MISSING.
T  INDICATES TRACE AMOUNT.




$$
