000
CDUS41 KBOX 010533
CLIBDL


CLIMATE REPORT
NATIONAL WEATHER SERVICE TAUNTON MA
132 AM EDT FRI AUG 1 2014


...................................

...THE HARTFORD CT CLIMATE SUMMARY FOR JULY 31 2014...

CLIMATE NORMAL PERIOD 1981 TO 2010
CLIMATE RECORD PERIOD 1904 TO 2014


WEATHER ITEM   OBSERVED TIME   RECORD YEAR NORMAL DEPARTURE LAST
                VALUE   (LST)  VALUE       VALUE  FROM      YEAR
                                                  NORMAL
..................................................................
TEMPERATURE (F)
 YESTERDAY
  MAXIMUM         83    337 PM  97    1917  85     -2       83
  MINIMUM         57    522 AM  50    1956  63     -6       60
  AVERAGE         70                        74     -4       72

PRECIPITATION (IN)
  YESTERDAY        0.00          2.36 2009   0.15  -0.15     0.00
  MONTH TO DATE    4.49                      4.18   0.31     4.19
  SINCE JUN 1      6.20                      8.53  -2.33    14.98
  SINCE JAN 1     28.21                     26.34   1.87    31.12

SNOWFALL (IN)
  YESTERDAY        0.0           0.0  2002   0.0    0.0      0.0
                                      2001
                                      2000
  MONTH TO DATE    0.0                       0.0    0.0      0.0
  SINCE JUN 1      0.0                       0.0    0.0      0.0
  SINCE JUL 1      0.0                       0.0    0.0      0.0
  SNOW DEPTH       0

DEGREE DAYS
 HEATING
  YESTERDAY        0                         0      0        0
  MONTH TO DATE    0                         0      0        2
  SINCE JUN 1      6                        43    -37       35
  SINCE JUL 1      0                         3     -3        2

 COOLING
  YESTERDAY        5                         9     -4        7
  MONTH TO DATE  304                       269     35      413
  SINCE JUN 1    452                       413     39      588
  SINCE JAN 1    484                       452     32      642
..................................................................


WIND (MPH)
  RESULTANT WIND SPEED   7   RESULTANT WIND DIRECTION   S (200)
  HIGHEST WIND SPEED    18   HIGHEST WIND DIRECTION     S (200)
  HIGHEST GUST SPEED    23   HIGHEST GUST DIRECTION    SW (210)
  AVERAGE WIND SPEED     7.5


SKY COVER
  POSSIBLE SUNSHINE  MM
  AVERAGE SKY COVER 0.5


WEATHER CONDITIONS
 THE FOLLOWING WEATHER WAS RECORDED YESTERDAY.
  NO SIGNIFICANT WEATHER WAS OBSERVED.


RELATIVE HUMIDITY (PERCENT)
 HIGHEST    87           500 AM
 LOWEST     40           400 PM
 AVERAGE    64

..........................................................


THE HARTFORD CT CLIMATE NORMALS FOR TODAY
                         NORMAL    RECORD    YEAR
 MAXIMUM TEMPERATURE (F)   85       100      1917
 MINIMUM TEMPERATURE (F)   63        51      1987


SUNRISE AND SUNSET
AUGUST  1 2014........SUNRISE   544 AM EDT   SUNSET   809 PM EDT
AUGUST  2 2014........SUNRISE   545 AM EDT   SUNSET   808 PM EDT


-  INDICATES NEGATIVE NUMBERS.
R  INDICATES RECORD WAS SET OR TIED.
MM INDICATES DATA IS MISSING.
T  INDICATES TRACE AMOUNT.




$$
