000
CDUS41 KBOX 180543
CLIBDL


CLIMATE REPORT
NATIONAL WEATHER SERVICE TAUNTON MA
1240 AM EST THU DEC 18 2014


...................................

...THE HARTFORD CT CLIMATE SUMMARY FOR DECEMBER 17 2014...

CLIMATE NORMAL PERIOD 1981 TO 2010
CLIMATE RECORD PERIOD 1904 TO 2014


WEATHER ITEM   OBSERVED TIME   RECORD YEAR NORMAL DEPARTURE LAST
                VALUE   (LST)  VALUE       VALUE  FROM      YEAR
                                                  NORMAL
..................................................................
TEMPERATURE (F)
 YESTERDAY
  MAXIMUM         51    141 PM  63    2000  39     12       18
  MINIMUM         37   1257 AM  -6    1942  23     14       -2
  AVERAGE         44                        31     13        8

PRECIPITATION (IN)
  YESTERDAY        0.28          1.92 2000   0.11   0.17     0.35
  MONTH TO DATE    3.80                      2.01   1.79     2.01
  SINCE DEC 1      3.80                      2.01   1.79     2.01
  SINCE JAN 1     45.08                     44.42   0.66    49.80

SNOWFALL (IN)
  YESTERDAY        0.0           5.6  1970   0.2   -0.2      4.8
  MONTH TO DATE    0.1                       3.3   -3.2     12.4
  SINCE DEC 1      0.1                       3.3   -3.2     12.4
  SINCE JUL 1      5.2                       5.3   -0.1     12.4
  SNOW DEPTH       0

DEGREE DAYS
 HEATING
  YESTERDAY       21                        34    -13       57
  MONTH TO DATE  503                       529    -26      619
  SINCE DEC 1    503                       529    -26      619
  SINCE JUL 1   1600                      1736   -136     1851

 COOLING
  YESTERDAY        0                         0      0        0
  MONTH TO DATE    0                         0      0        0
  SINCE DEC 1      0                         0      0        0
  SINCE JAN 1    771                       756     15      894
..................................................................


WIND (MPH)
  RESULTANT WIND SPEED   7   RESULTANT WIND DIRECTION  NW (320)
  HIGHEST WIND SPEED    18   HIGHEST WIND DIRECTION    NW (310)
  HIGHEST GUST SPEED    25   HIGHEST GUST DIRECTION    NW (330)
  AVERAGE WIND SPEED     8.1


SKY COVER
  POSSIBLE SUNSHINE  MM
  AVERAGE SKY COVER 0.9


WEATHER CONDITIONS
 THE FOLLOWING WEATHER WAS RECORDED YESTERDAY.
  RAIN
  LIGHT RAIN
  FOG


RELATIVE HUMIDITY (PERCENT)
 HIGHEST    92          1200 AM
 LOWEST     65           600 PM
 AVERAGE    79

..........................................................


THE HARTFORD CT CLIMATE NORMALS FOR TODAY
                         NORMAL    RECORD    YEAR
 MAXIMUM TEMPERATURE (F)   39        57      1984
 MINIMUM TEMPERATURE (F)   23        -6      1919


SUNRISE AND SUNSET
DECEMBER 18 2014......SUNRISE   713 AM EST   SUNSET   421 PM EST
DECEMBER 19 2014......SUNRISE   714 AM EST   SUNSET   422 PM EST


-  INDICATES NEGATIVE NUMBERS.
R  INDICATES RECORD WAS SET OR TIED.
MM INDICATES DATA IS MISSING.
T  INDICATES TRACE AMOUNT.




$$
