000
CDUS41 KBOX 110549
CLIBDL


CLIMATE REPORT
NATIONAL WEATHER SERVICE TAUNTON MA
139 AM EDT MON JUL 11 2016


...................................

...THE HARTFORD CT CLIMATE SUMMARY FOR JULY 10 2016...

CLIMATE NORMAL PERIOD 1981 TO 2010
CLIMATE RECORD PERIOD 1904 TO 2016


WEATHER ITEM   OBSERVED TIME   RECORD YEAR NORMAL DEPARTURE LAST
                VALUE   (LST)  VALUE       VALUE  FROM      YEAR
                                                  NORMAL
..................................................................
TEMPERATURE (F)
 YESTERDAY
  MAXIMUM         81    349 PM 100    1936  85     -4       84
                                      1911
  MINIMUM         61    514 AM  49    1963  63     -2       65
  AVERAGE         71                        74     -3       75

PRECIPITATION (IN)
  YESTERDAY        0.03          1.76 1966   0.13  -0.10     0.35
  MONTH TO DATE    0.97                      1.20  -0.23     1.60
  SINCE JUN 1      2.98                      5.55  -2.57     8.28
  SINCE JAN 1     16.92                     23.36  -6.44    21.85

SNOWFALL (IN)
  YESTERDAY        0.0           0.0  2002   0.0    0.0      0.0
                                      2001
                                      2000
  MONTH TO DATE    0.0                       0.0    0.0      0.0
  SINCE JUN 1      0.0                       0.0    0.0      0.0
  SINCE JUL 1      0.0                       0.0    0.0      0.0
  SNOW DEPTH       0

DEGREE DAYS
 HEATING
  YESTERDAY        0                         0      0        0
  MONTH TO DATE    0                         0      0        1
  SINCE JUN 1     16                        40    -24       49
  SINCE JUL 1      0                         0      0        1

 COOLING
  YESTERDAY        6                         9     -3       10
  MONTH TO DATE   86                        82      4       68
  SINCE JUN 1    235                       226      9      200
  SINCE JAN 1    309                       265     44      317
..................................................................


WIND (MPH)
  RESULTANT WIND SPEED   3   RESULTANT WIND DIRECTION   N (10)
  HIGHEST WIND SPEED    21   HIGHEST WIND DIRECTION     N (340)
  HIGHEST GUST SPEED    28   HIGHEST GUST DIRECTION     N (360)
  AVERAGE WIND SPEED     5.1


SKY COVER
  POSSIBLE SUNSHINE  MM
  AVERAGE SKY COVER 0.8


WEATHER CONDITIONS
 THE FOLLOWING WEATHER WAS RECORDED YESTERDAY.
  LIGHT RAIN
  FOG
  HAZE


RELATIVE HUMIDITY (PERCENT)
 HIGHEST    97           400 AM
 LOWEST     54           400 PM
 AVERAGE    76

..........................................................


THE HARTFORD CT CLIMATE NORMALS FOR TODAY
                         NORMAL    RECORD    YEAR
 MAXIMUM TEMPERATURE (F)   85        97      1911
 MINIMUM TEMPERATURE (F)   63        51      2002


SUNRISE AND SUNSET
JULY 11 2016..........SUNRISE   526 AM EDT   SUNSET   826 PM EDT
JULY 12 2016..........SUNRISE   527 AM EDT   SUNSET   826 PM EDT


-  INDICATES NEGATIVE NUMBERS.
R  INDICATES RECORD WAS SET OR TIED.
MM INDICATES DATA IS MISSING.
T  INDICATES TRACE AMOUNT.




$$
