000
CDUS41 KBOX 092117
CLIBDL


CLIMATE REPORT
NATIONAL WEATHER SERVICE TAUNTON MA
517 PM EDT FRI JUN 9 2017


...................................

...THE HARTFORD CT CLIMATE SUMMARY FOR JUNE 9 2017...
VALID AS OF 0500 PM LOCAL TIME.

CLIMATE NORMAL PERIOD 1981 TO 2010
CLIMATE RECORD PERIOD 1904 TO 2017


WEATHER ITEM   OBSERVED TIME   RECORD YEAR NORMAL DEPARTURE LAST
                VALUE   (LST)  VALUE       VALUE  FROM      YEAR
                                                  NORMAL
..................................................................
TEMPERATURE (F)
 TODAY
  MAXIMUM         80    400 PM  96    2008  78      2       70
                                      1984
                                      1968
  MINIMUM         44        MM  42    1977  55    -11       54
  AVERAGE         62                        67     -5       62

PRECIPITATION (IN)
  TODAY            0.00          2.84 1989   0.16  -0.16     0.00
  MONTH TO DATE    1.19                      1.54  -0.35     1.21
  SINCE JUN 1      1.19                      1.54  -0.35     1.21
  SINCE JAN 1     19.46                     19.35   0.11    15.15

SNOWFALL (IN)
  TODAY            0.0           0.0  2002   0.0    0.0      0.0
                                      2001
                                      2000
  MONTH TO DATE    0.0                       0.0    0.0      0.0
  SINCE JUN 1      0.0                       0.0    0.0      0.0
  SINCE JUL 1     62.3                      40.5   21.8     26.9
  SNOW DEPTH       0

DEGREE DAYS
 HEATING
  TODAY            3                         2      1        3
  MONTH TO DATE   44                        23     21        6
  SINCE JUN 1     44                        23     21        6
  SINCE JUL 1   5515                      5981   -466     5050

 COOLING
  TODAY            0                         4     -4        0
  MONTH TO DATE    1                        27    -26       35
  SINCE JUN 1      1                        27    -26       35
  SINCE JAN 1     61                        66     -5      109
..................................................................


WIND (MPH)
  HIGHEST WIND SPEED    20   HIGHEST WIND DIRECTION    NW (320)
  HIGHEST GUST SPEED    31   HIGHEST GUST DIRECTION    NW (330)
  AVERAGE WIND SPEED     6.5


SKY COVER
  POSSIBLE SUNSHINE  MM
  AVERAGE SKY COVER 0.6


WEATHER CONDITIONS
 THE FOLLOWING WEATHER WAS RECORDED TODAY.
  NO SIGNIFICANT WEATHER WAS OBSERVED.


RELATIVE HUMIDITY (PERCENT)
 HIGHEST    93           200 AM
 LOWEST     33           200 PM
 AVERAGE    63

..........................................................


THE HARTFORD CT CLIMATE NORMALS FOR TOMORROW
                         NORMAL    RECORD    YEAR
 MAXIMUM TEMPERATURE (F)   78        98      2008
 MINIMUM TEMPERATURE (F)   56        38      1957


SUNRISE AND SUNSET
JUNE  9 2017..........SUNRISE   515 AM EDT   SUNSET   825 PM EDT
JUNE 10 2017..........SUNRISE   515 AM EDT   SUNSET   826 PM EDT


-  INDICATES NEGATIVE NUMBERS.
R  INDICATES RECORD WAS SET OR TIED.
MM INDICATES DATA IS MISSING.
T  INDICATES TRACE AMOUNT.




$$
