528
CDUS41 KBOX 170622
CLIBDL


CLIMATE REPORT
NATIONAL WEATHER SERVICE TAUNTON MA
220 AM EDT SUN JUL 17 2016


...................................

...THE HARTFORD CT CLIMATE SUMMARY FOR JULY 16 2016...

CLIMATE NORMAL PERIOD 1981 TO 2010
CLIMATE RECORD PERIOD 1904 TO 2016


WEATHER ITEM   OBSERVED TIME   RECORD YEAR NORMAL DEPARTURE LAST
                VALUE   (LST)  VALUE       VALUE  FROM      YEAR
                                                  NORMAL
..................................................................
TEMPERATURE (F)
 YESTERDAY
  MAXIMUM         93    255 PM  96    1983  85      8       78
                                      1980
                                      1968
  MINIMUM         65    423 AM  50    1946  63      2       56
  AVERAGE         79                        74      5       67

PRECIPITATION (IN)
  YESTERDAY        0.00          1.33 1910   0.13  -0.13     0.00
  MONTH TO DATE    1.16                      2.02  -0.86     2.30
  SINCE JUN 1      3.17                      6.37  -3.20     8.98
  SINCE JAN 1     17.11                     24.18  -7.07    22.55

SNOWFALL (IN)
  YESTERDAY        0.0           0.0  2002   0.0    0.0      0.0
                                      2001
                                      2000
  MONTH TO DATE    0.0                       0.0    0.0      0.0
  SINCE JUN 1      0.0                       0.0    0.0      0.0
  SINCE JUL 1      0.0                       0.0    0.0      0.0
  SNOW DEPTH       0

DEGREE DAYS
 HEATING
  YESTERDAY        0                         0      0        0
  MONTH TO DATE    0                         0      0        1
  SINCE JUN 1     16                        40    -24       49
  SINCE JUL 1      0                         0      0        1

 COOLING
  YESTERDAY       14                         9      5        2
  MONTH TO DATE  157                       136     21      120
  SINCE JUN 1    306                       280     26      252
  SINCE JAN 1    380                       319     61      369
..................................................................


WIND (MPH)
  RESULTANT WIND SPEED   1   RESULTANT WIND DIRECTION  NW (320)
  HIGHEST WIND SPEED    15   HIGHEST WIND DIRECTION     W (290)
  HIGHEST GUST SPEED    20   HIGHEST GUST DIRECTION     W (290)
  AVERAGE WIND SPEED     4.6


SKY COVER
  POSSIBLE SUNSHINE  MM
  AVERAGE SKY COVER 0.6


WEATHER CONDITIONS
 THE FOLLOWING WEATHER WAS RECORDED YESTERDAY.
  NO SIGNIFICANT WEATHER WAS OBSERVED.


RELATIVE HUMIDITY (PERCENT)
 HIGHEST    87           300 AM
 LOWEST     34          1200 PM
 AVERAGE    61

..........................................................


THE HARTFORD CT CLIMATE NORMALS FOR TODAY
                         NORMAL    RECORD    YEAR
 MAXIMUM TEMPERATURE (F)   85        97      1999
 MINIMUM TEMPERATURE (F)   63        49      1954
                                             1946


SUNRISE AND SUNSET
JULY 17 2016..........SUNRISE   531 AM EDT   SUNSET   823 PM EDT
JULY 18 2016..........SUNRISE   532 AM EDT   SUNSET   822 PM EDT


-  INDICATES NEGATIVE NUMBERS.
R  INDICATES RECORD WAS SET OR TIED.
MM INDICATES DATA IS MISSING.
T  INDICATES TRACE AMOUNT.




$$
