479
CDUS41 KBOX 190633
CLIBDL


CLIMATE REPORT
NATIONAL WEATHER SERVICE TAUNTON MA
122 AM EST FRI JAN 19 2018


...................................

...THE HARTFORD CT CLIMATE SUMMARY FOR JANUARY 18 2018...

CLIMATE NORMAL PERIOD 1981 TO 2010
CLIMATE RECORD PERIOD 1904 TO 2018


WEATHER ITEM   OBSERVED TIME   RECORD YEAR NORMAL DEPARTURE LAST
                VALUE   (LST)  VALUE       VALUE  FROM      YEAR
                                                  NORMAL
..................................................................
TEMPERATURE (F)
 YESTERDAY
  MAXIMUM         29        MM  63    1990  34     -5       37
                                      1973
  MINIMUM          4        MM -17    1957  17    -13       34
  AVERAGE         17                        26     -9       36

PRECIPITATION (IN)
  YESTERDAY        0.00          1.32 2015   0.11  -0.11     0.09
  MONTH TO DATE    2.90                      1.86   1.04     2.02
  SINCE DEC 1      5.31                      5.30   0.01     4.75
  SINCE JAN 1      2.90                      1.86   1.04     2.02

SNOWFALL (IN)
  YESTERDAY        0.0           4.4  2009   0.3   -0.3      0.0
  MONTH TO DATE   13.2                       7.0    6.2      4.1
  SINCE DEC 1     23.0                      14.4    8.6     14.3
  SINCE JUL 1     23.0                      16.4    6.6     15.8
  SNOW DEPTH       3

DEGREE DAYS
 HEATING
  YESTERDAY       48                        39      9       29
  MONTH TO DATE  802                       699    103      626
  SINCE DEC 1   1961                      1736    225     1636
  SINCE JUL 1   2952                      2943      9     2673

 COOLING
  YESTERDAY        0                         0      0        0
  MONTH TO DATE    0                         0      0        0
  SINCE DEC 1      0                         0      0        0
  SINCE JAN 1      0                         0      0        0
..................................................................


WIND (MPH)
  RESULTANT WIND SPEED   6   RESULTANT WIND DIRECTION  NW (320)
  HIGHEST WIND SPEED    14   HIGHEST WIND DIRECTION    NW (330)
  HIGHEST GUST SPEED    22   HIGHEST GUST DIRECTION    NW (330)
  AVERAGE WIND SPEED     7.0


SKY COVER
  POSSIBLE SUNSHINE  MM
  AVERAGE SKY COVER 0.1


WEATHER CONDITIONS
 THE FOLLOWING WEATHER WAS RECORDED YESTERDAY.
  NO SIGNIFICANT WEATHER WAS OBSERVED.


RELATIVE HUMIDITY (PERCENT)
 HIGHEST    91           500 AM
 LOWEST     53           300 PM
 AVERAGE    72

..........................................................


THE HARTFORD CT CLIMATE NORMALS FOR TODAY
                         NORMAL    RECORD    YEAR
 MAXIMUM TEMPERATURE (F)   34        60      1951
                                             1929
 MINIMUM TEMPERATURE (F)   17       -16      1948


SUNRISE AND SUNSET
JANUARY 19 2018.......SUNRISE   714 AM EST   SUNSET   449 PM EST
JANUARY 20 2018.......SUNRISE   713 AM EST   SUNSET   451 PM EST


-  INDICATES NEGATIVE NUMBERS.
R  INDICATES RECORD WAS SET OR TIED.
MM INDICATES DATA IS MISSING.
T  INDICATES TRACE AMOUNT.




$$
