000
CDUS41 KBOX 080533
CLIBDL


CLIMATE REPORT
NATIONAL WEATHER SERVICE TAUNTON MA
1232 AM EST WED NOV 8 2017


...................................

...THE HARTFORD CT CLIMATE SUMMARY FOR NOVEMBER 7 2017...

CLIMATE NORMAL PERIOD 1981 TO 2010
CLIMATE RECORD PERIOD 1904 TO 2017


WEATHER ITEM   OBSERVED TIME   RECORD YEAR NORMAL DEPARTURE LAST
                VALUE   (LST)  VALUE       VALUE  FROM      YEAR
                                                  NORMAL
..................................................................
TEMPERATURE (F)
 YESTERDAY
  MAXIMUM         48   1109 AM  74    1975  55     -7       52
  MINIMUM         35   1154 PM  19    1962  35      0       29
                                      1960
  AVERAGE         42                        45     -3       41

PRECIPITATION (IN)
  YESTERDAY        0.09          1.56 1932   0.13  -0.04     0.00
  MONTH TO DATE    0.18                      0.89  -0.71      T
  SINCE SEP 1     11.20                      9.14   2.06     4.59
  SINCE JAN 1     42.31                     39.41   2.90    26.93

SNOWFALL (IN)
  YESTERDAY        T             3.4  2012   0.0    0.0      0.0
  MONTH TO DATE    T                         0.2   -0.2      0.0
  SINCE SEP 1      T                         0.2   -0.2      1.5
  SINCE JUL 1      T                         0.2   -0.2      1.5
  SNOW DEPTH       0

DEGREE DAYS
 HEATING
  YESTERDAY       23                        20      3       24
  MONTH TO DATE  103                       132    -29      110
  SINCE SEP 1    348                       649   -301      519
  SINCE JUL 1    364                       661   -297      519

 COOLING
  YESTERDAY        0                         0      0        0
  MONTH TO DATE    0                         0      0        0
  SINCE SEP 1    178                        81     97      138
  SINCE JAN 1    865                       756    109     1068
..................................................................


WIND (MPH)
  RESULTANT WIND SPEED   9   RESULTANT WIND DIRECTION   N (0)
  HIGHEST WIND SPEED    18   HIGHEST WIND DIRECTION    NE (50)
  HIGHEST GUST SPEED    22   HIGHEST GUST DIRECTION    NE (60)
  AVERAGE WIND SPEED     9.5


SKY COVER
  POSSIBLE SUNSHINE  MM
  AVERAGE SKY COVER 0.7


WEATHER CONDITIONS
 THE FOLLOWING WEATHER WAS RECORDED YESTERDAY.
  LIGHT RAIN
  SNOW
  LIGHT SNOW


RELATIVE HUMIDITY (PERCENT)
 HIGHEST    92          1000 PM
 LOWEST     53          1100 AM
 AVERAGE    73

..........................................................


THE HARTFORD CT CLIMATE NORMALS FOR TODAY
                         NORMAL    RECORD    YEAR
 MAXIMUM TEMPERATURE (F)   55        77      1975
 MINIMUM TEMPERATURE (F)   35        15      1960


SUNRISE AND SUNSET
NOVEMBER  8 2017......SUNRISE   632 AM EST   SUNSET   436 PM EST
NOVEMBER  9 2017......SUNRISE   633 AM EST   SUNSET   435 PM EST


-  INDICATES NEGATIVE NUMBERS.
R  INDICATES RECORD WAS SET OR TIED.
MM INDICATES DATA IS MISSING.
T  INDICATES TRACE AMOUNT.




$$
