000
CDUS41 KBOX 040545
CLIBDL


CLIMATE REPORT
NATIONAL WEATHER SERVICE TAUNTON MA
141 AM EDT FRI AUG 4 2017


...................................

...THE HARTFORD CT CLIMATE SUMMARY FOR AUGUST 3 2017...

CLIMATE NORMAL PERIOD 1981 TO 2010
CLIMATE RECORD PERIOD 1904 TO 2017


WEATHER ITEM   OBSERVED TIME   RECORD YEAR NORMAL DEPARTURE LAST
                VALUE   (LST)  VALUE       VALUE  FROM      YEAR
                                                  NORMAL
..................................................................
TEMPERATURE (F)
 YESTERDAY
  MAXIMUM         86    423 PM  98    1930  84      2       83
  MINIMUM         65    647 AM  46    1956  63      2       58
  AVERAGE         76                        74      2       71

PRECIPITATION (IN)
  YESTERDAY        0.00          3.18 1954   0.15  -0.15     0.00
  MONTH TO DATE    0.17                      0.45  -0.28     0.41
  SINCE JUN 1     10.35                      8.98   1.37     4.62
  SINCE JAN 1     28.62                     26.79   1.83    18.56

SNOWFALL (IN)
  YESTERDAY        0.0           0.0  2002   0.0    0.0      0.0
                                      2001
                                      2000
  MONTH TO DATE    0.0                       0.0    0.0      0.0
  SINCE JUN 1      0.0                       0.0    0.0      0.0
  SINCE JUL 1      0.0                       0.0    0.0      0.0
  SNOW DEPTH       0

DEGREE DAYS
 HEATING
  YESTERDAY        0                         0      0        0
  MONTH TO DATE    0                         0      0        0
  SINCE JUN 1     52                        43      9       16
  SINCE JUL 1      8                         3      5        0

 COOLING
  YESTERDAY       11                         9      2        6
  MONTH TO DATE   35                        27      8       20
  SINCE JUN 1    459                       440     19      530
  SINCE JAN 1    519                       479     40      604
..................................................................


WIND (MPH)
  RESULTANT WIND SPEED   5   RESULTANT WIND DIRECTION   S (170)
  HIGHEST WIND SPEED    16   HIGHEST WIND DIRECTION     S (180)
  HIGHEST GUST SPEED    22   HIGHEST GUST DIRECTION    SE (150)
  AVERAGE WIND SPEED     5.5


SKY COVER
  POSSIBLE SUNSHINE  MM
  AVERAGE SKY COVER 0.5


WEATHER CONDITIONS
 THE FOLLOWING WEATHER WAS RECORDED YESTERDAY.
  FOG
  FOG W/VISIBILITY <= 1/4 MILE


RELATIVE HUMIDITY (PERCENT)
 HIGHEST   100          1200 AM
 LOWEST     51           400 PM
 AVERAGE    76

..........................................................


THE HARTFORD CT CLIMATE NORMALS FOR TODAY
                         NORMAL    RECORD    YEAR
 MAXIMUM TEMPERATURE (F)   84        96      1944
                                             1928
 MINIMUM TEMPERATURE (F)   63        49      1964


SUNRISE AND SUNSET
AUGUST  4 2017........SUNRISE   548 AM EDT   SUNSET   805 PM EDT
AUGUST  5 2017........SUNRISE   549 AM EDT   SUNSET   804 PM EDT


-  INDICATES NEGATIVE NUMBERS.
R  INDICATES RECORD WAS SET OR TIED.
MM INDICATES DATA IS MISSING.
T  INDICATES TRACE AMOUNT.




$$
