000
CDUS41 KBOX 150547
CLIBDL


CLIMATE REPORT
NATIONAL WEATHER SERVICE TAUNTON MA
142 AM EDT FRI AUG 15 2014


...................................

...THE HARTFORD CT CLIMATE SUMMARY FOR AUGUST 14 2014...

CLIMATE NORMAL PERIOD 1981 TO 2010
CLIMATE RECORD PERIOD 1904 TO 2014


WEATHER ITEM   OBSERVED TIME   RECORD YEAR NORMAL DEPARTURE LAST
                VALUE   (LST)  VALUE       VALUE  FROM      YEAR
                                                  NORMAL
..................................................................
TEMPERATURE (F)
 YESTERDAY
  MAXIMUM         77    426 PM  99    2002  83     -6       75
  MINIMUM         59    948 PM  46    1941  62     -3       55
  AVERAGE         68                        72     -4       65

PRECIPITATION (IN)
  YESTERDAY        0.03          0.99 2005   0.14  -0.11     0.00
  MONTH TO DATE    3.29                      1.99   1.30     5.31
  SINCE JUN 1      9.49                     10.52  -1.03    20.29
  SINCE JAN 1     31.50                     28.33   3.17    36.43

SNOWFALL (IN)
  YESTERDAY        0.0           0.0  2002   0.0    0.0      0.0
                                      2001
                                      2000
  MONTH TO DATE    0.0                       0.0    0.0      0.0
  SINCE JUN 1      0.0                       0.0    0.0      0.0
  SINCE JUL 1      0.0                       0.0    0.0      0.0
  SNOW DEPTH       0

DEGREE DAYS
 HEATING
  YESTERDAY        0                         0      0        0
  MONTH TO DATE    0                         0      0        0
  SINCE JUN 1      6                        43    -37       35
  SINCE JUL 1      0                         3     -3        2

 COOLING
  YESTERDAY        3                         8     -5        0
  MONTH TO DATE   91                       115    -24       74
  SINCE JUN 1    543                       528     15      662
  SINCE JAN 1    575                       567      8      716
..................................................................


WIND (MPH)
  RESULTANT WIND SPEED   6   RESULTANT WIND DIRECTION  NW (300)
  HIGHEST WIND SPEED    17   HIGHEST WIND DIRECTION     W (270)
  HIGHEST GUST SPEED    23   HIGHEST GUST DIRECTION    NW (300)
  AVERAGE WIND SPEED     6.2


SKY COVER
  POSSIBLE SUNSHINE  MM
  AVERAGE SKY COVER 0.4


WEATHER CONDITIONS
 THE FOLLOWING WEATHER WAS RECORDED YESTERDAY.
  LIGHT RAIN
  FOG


RELATIVE HUMIDITY (PERCENT)
 HIGHEST    84          1200 AM
 LOWEST     33           500 PM
 AVERAGE    59

..........................................................


THE HARTFORD CT CLIMATE NORMALS FOR TODAY
                         NORMAL    RECORD    YEAR
 MAXIMUM TEMPERATURE (F)   83        97      1996
                                             1988
 MINIMUM TEMPERATURE (F)   62        46      1964


SUNRISE AND SUNSET
AUGUST 15 2014........SUNRISE   559 AM EDT   SUNSET   751 PM EDT
AUGUST 16 2014........SUNRISE   600 AM EDT   SUNSET   750 PM EDT


-  INDICATES NEGATIVE NUMBERS.
R  INDICATES RECORD WAS SET OR TIED.
MM INDICATES DATA IS MISSING.
T  INDICATES TRACE AMOUNT.




$$
