000
CDUS41 KBOX 130914
CLIBDL


CLIMATE REPORT
NATIONAL WEATHER SERVICE TAUNTON MA
513 AM EDT MON OCT 13 2014


...................................

...THE HARTFORD CT CLIMATE SUMMARY FOR OCTOBER 12 2014...

CLIMATE NORMAL PERIOD 1981 TO 2010
CLIMATE RECORD PERIOD 1904 TO 2014


WEATHER ITEM   OBSERVED TIME   RECORD YEAR NORMAL DEPARTURE LAST
                VALUE   (LST)  VALUE       VALUE  FROM      YEAR
                                                  NORMAL
..................................................................
TEMPERATURE (F)
 YESTERDAY
  MAXIMUM         63    324 PM  88    1954  65     -2       68
                                      1928
  MINIMUM         34    517 AM  24    1964  42     -8       46
  AVERAGE         49                        53     -4       57

PRECIPITATION (IN)
  YESTERDAY        0.00          2.01 1983   0.15  -0.15     0.00
  MONTH TO DATE    1.87                      1.81   0.06     1.97
  SINCE SEP 1      3.49                      5.69  -2.20     5.55
  SINCE JAN 1     35.46                     35.96  -0.50    43.55

SNOWFALL (IN)
  YESTERDAY        0.0           0.0  2013   0.0    0.0      0.0
  MONTH TO DATE    0.0                       0.0    0.0      0.0
  SINCE SEP 1      0.0                       0.0    0.0      0.0
  SINCE JUL 1      0.0                       0.0    0.0      0.0
  SNOW DEPTH       0

DEGREE DAYS
 HEATING
  YESTERDAY       16                        12      4        8
  MONTH TO DATE  106                       121    -15       63
  SINCE SEP 1    190                       231    -41      194
  SINCE JUL 1    192                       243    -51      196

 COOLING
  YESTERDAY        0                         0      0        0
  MONTH TO DATE    0                         5     -5        5
  SINCE SEP 1     97                        79     18       70
  SINCE JAN 1    756                       754      2      894
..................................................................


WIND (MPH)
  RESULTANT WIND SPEED   1   RESULTANT WIND DIRECTION  SE (130)
  HIGHEST WIND SPEED    10   HIGHEST WIND DIRECTION     S (180)
  HIGHEST GUST SPEED    13   HIGHEST GUST DIRECTION     S (190)
  AVERAGE WIND SPEED     3.2


SKY COVER
  POSSIBLE SUNSHINE  MM
  AVERAGE SKY COVER 0.2


WEATHER CONDITIONS
 THE FOLLOWING WEATHER WAS RECORDED YESTERDAY.
  FOG
  FOG W/VISIBILITY <= 1/4 MILE


RELATIVE HUMIDITY (PERCENT)
 HIGHEST    92           100 AM
 LOWEST     39           100 PM
 AVERAGE    66

..........................................................


THE HARTFORD CT CLIMATE NORMALS FOR TODAY
                         NORMAL    RECORD    YEAR
 MAXIMUM TEMPERATURE (F)   64        85      1995
 MINIMUM TEMPERATURE (F)   42        27      2012


SUNRISE AND SUNSET
OCTOBER 13 2014.......SUNRISE   701 AM EDT   SUNSET   612 PM EDT
OCTOBER 14 2014.......SUNRISE   702 AM EDT   SUNSET   611 PM EDT


-  INDICATES NEGATIVE NUMBERS.
R  INDICATES RECORD WAS SET OR TIED.
MM INDICATES DATA IS MISSING.
T  INDICATES TRACE AMOUNT.




$$
