000
CDUS41 KBOX 310602
CLIBDL


CLIMATE REPORT
NATIONAL WEATHER SERVICE TAUNTON MA
1257 AM EST SUN JAN 31 2016


...................................

...THE HARTFORD CT CLIMATE SUMMARY FOR JANUARY 30 2016...

CLIMATE NORMAL PERIOD 1981 TO 2010
CLIMATE RECORD PERIOD 1904 TO 2016


WEATHER ITEM   OBSERVED TIME   RECORD YEAR NORMAL DEPARTURE LAST
                VALUE   (LST)  VALUE       VALUE  FROM      YEAR
                                                  NORMAL
..................................................................
TEMPERATURE (F)
 YESTERDAY
  MAXIMUM         42    309 PM  60    1947  35      7       35
  MINIMUM         23    632 AM  -3    1965  18      5       14
                                      1961
                                      1948
  AVERAGE         33                        27      6       25

PRECIPITATION (IN)
  YESTERDAY        0.00          0.95 1966   0.10  -0.10     0.04
  MONTH TO DATE    1.96                      3.12  -1.16     3.23
  SINCE DEC 1      6.21                      6.56  -0.35     7.78
  SINCE JAN 1      1.96                      3.12  -1.16     3.23

SNOWFALL (IN)
  YESTERDAY        0.0           6.2  1966   0.4   -0.4      0.3
  MONTH TO DATE    1.9                      11.9  -10.0     17.1
  SINCE DEC 1      2.9                      19.3  -16.4     17.8
  SINCE JUL 1      2.9                      21.3  -18.4     22.9
  SNOW DEPTH       0

DEGREE DAYS
 HEATING
  YESTERDAY       32                        38     -6       40
  MONTH TO DATE 1052                      1165   -113     1233
  SINCE DEC 1   1722                      2202   -480     2135
  SINCE JUL 1   2706                      3409   -703     3232

 COOLING
  YESTERDAY        0                         0      0        0
  MONTH TO DATE    0                         0      0        0
  SINCE DEC 1      0                         0      0        0
  SINCE JAN 1      0                         0      0        0
..................................................................


WIND (MPH)
  RESULTANT WIND SPEED   5   RESULTANT WIND DIRECTION  SW (220)
  HIGHEST WIND SPEED    20   HIGHEST WIND DIRECTION     S (170)
  HIGHEST GUST SPEED    23   HIGHEST GUST DIRECTION     S (170)
  AVERAGE WIND SPEED     8.9


SKY COVER
  POSSIBLE SUNSHINE  MM
  AVERAGE SKY COVER 0.5


WEATHER CONDITIONS
 THE FOLLOWING WEATHER WAS RECORDED YESTERDAY.
  NO SIGNIFICANT WEATHER WAS OBSERVED.


RELATIVE HUMIDITY (PERCENT)
 HIGHEST    74           700 AM
 LOWEST     39           300 PM
 AVERAGE    57

..........................................................


THE HARTFORD CT CLIMATE NORMALS FOR TODAY
                         NORMAL    RECORD    YEAR
 MAXIMUM TEMPERATURE (F)   35        61      2013
 MINIMUM TEMPERATURE (F)   18       -12      1948


SUNRISE AND SUNSET
JANUARY 31 2016.......SUNRISE   705 AM EST   SUNSET   504 PM EST
FEBRUARY  1 2016......SUNRISE   704 AM EST   SUNSET   505 PM EST


-  INDICATES NEGATIVE NUMBERS.
R  INDICATES RECORD WAS SET OR TIED.
MM INDICATES DATA IS MISSING.
T  INDICATES TRACE AMOUNT.




$$
