000
CDUS41 KBOX 160613
CLIBDL


CLIMATE REPORT
NATIONAL WEATHER SERVICE TAUNTON MA
213 AM EDT MON MAY 16 2016


...................................

...THE HARTFORD CT CLIMATE SUMMARY FOR MAY 15 2016...

CLIMATE NORMAL PERIOD 1981 TO 2010
CLIMATE RECORD PERIOD 1904 TO 2016


WEATHER ITEM   OBSERVED TIME   RECORD YEAR NORMAL DEPARTURE LAST
                VALUE   (LST)  VALUE       VALUE  FROM      YEAR
                                                  NORMAL
..................................................................
TEMPERATURE (F)
 YESTERDAY
  MAXIMUM         59   1117 AM  89    2004  71    -12       77
  MINIMUM         42   1159 PM  32    2013  47     -5       40
  AVERAGE         51                        59     -8       59

PRECIPITATION (IN)
  YESTERDAY        0.00          1.93 1972   0.14  -0.14     0.00
  MONTH TO DATE    1.77                      1.88  -0.11      T
  SINCE MAR 1      6.41                      9.22  -2.81     6.06
  SINCE JAN 1     13.24                     15.34  -2.10    12.24

SNOWFALL (IN)
  YESTERDAY        0.0           0.0  2001   0.0    0.0      0.0
                                      2000
  MONTH TO DATE    0.0                       0.0    0.0      0.0
  SINCE MAR 1      9.8                       7.8    2.0      9.0
  SINCE JUL 1     26.9                      40.5  -13.6     63.8
  SNOW DEPTH       0

DEGREE DAYS
 HEATING
  YESTERDAY       14                         7      7        6
  MONTH TO DATE  158                       126     32       45
  SINCE MAR 1   1318                      1441   -123     1503
  SINCE JUL 1   4994                      5879   -885     6148

 COOLING
  YESTERDAY        0                         1     -1        0
  MONTH TO DATE    0                         8     -8       51
  SINCE MAR 1      2                        14    -12       51
  SINCE JAN 1      2                        14    -12       51
..................................................................


WIND (MPH)
  RESULTANT WIND SPEED  14   RESULTANT WIND DIRECTION  NW (300)
  HIGHEST WIND SPEED    26   HIGHEST WIND DIRECTION    NW (310)
  HIGHEST GUST SPEED    34   HIGHEST GUST DIRECTION     W (290)
  AVERAGE WIND SPEED    15.1


SKY COVER
  POSSIBLE SUNSHINE  MM
  AVERAGE SKY COVER 0.6


WEATHER CONDITIONS
 THE FOLLOWING WEATHER WAS RECORDED YESTERDAY.
  NO SIGNIFICANT WEATHER WAS OBSERVED.


RELATIVE HUMIDITY (PERCENT)
 HIGHEST    77          1200 AM
 LOWEST     32          1200 PM
 AVERAGE    55

..........................................................


THE HARTFORD CT CLIMATE NORMALS FOR TODAY
                         NORMAL    RECORD    YEAR
 MAXIMUM TEMPERATURE (F)   71        91      1965
 MINIMUM TEMPERATURE (F)   48        35      1947


SUNRISE AND SUNSET
MAY 16 2016...........SUNRISE   529 AM EDT   SUNSET   806 PM EDT
MAY 17 2016...........SUNRISE   528 AM EDT   SUNSET   807 PM EDT


-  INDICATES NEGATIVE NUMBERS.
R  INDICATES RECORD WAS SET OR TIED.
MM INDICATES DATA IS MISSING.
T  INDICATES TRACE AMOUNT.




$$
