000
CDUS41 KBOX 140547
CLIBDL


CLIMATE REPORT
NATIONAL WEATHER SERVICE TAUNTON MA
143 AM EDT SUN AUG 14 2016


...................................

...THE HARTFORD CT CLIMATE SUMMARY FOR AUGUST 13 2016...

CLIMATE NORMAL PERIOD 1981 TO 2010
CLIMATE RECORD PERIOD 1904 TO 2016


WEATHER ITEM   OBSERVED TIME   RECORD YEAR NORMAL DEPARTURE LAST
                VALUE   (LST)  VALUE       VALUE  FROM      YEAR
                                                  NORMAL
..................................................................
TEMPERATURE (F)
 YESTERDAY
  MAXIMUM         99R   146 PM  98    2002  83     16       84
  MINIMUM         73    932 PM  45    1957  62     11       60
  AVERAGE         86                        73     13       72

PRECIPITATION (IN)
  YESTERDAY        0.42          2.29 2014   0.13   0.29     0.00
  MONTH TO DATE    2.46                      1.85   0.61     1.09
  SINCE JUN 1      6.67                     10.38  -3.71    10.85
  SINCE JAN 1     20.61                     28.19  -7.58    24.42

SNOWFALL (IN)
  YESTERDAY        0.0           0.0  2002   0.0    0.0      0.0
                                      2001
                                      2000
  MONTH TO DATE    0.0                       0.0    0.0      0.0
  SINCE JUN 1      0.0                       0.0    0.0      0.0
  SINCE JUL 1      0.0                       0.0    0.0      0.0
  SNOW DEPTH       0

DEGREE DAYS
 HEATING
  YESTERDAY        0                         0      0        0
  MONTH TO DATE    0                         0      0        0
  SINCE JUN 1     16                        43    -27       49
  SINCE JUL 1      0                         3     -3        1

 COOLING
  YESTERDAY       21                         8     13        7
  MONTH TO DATE  156                       107     49      105
  SINCE JUN 1    666                       520    146      521
  SINCE JAN 1    740                       559    181      638
..................................................................


WIND (MPH)
  RESULTANT WIND SPEED   5   RESULTANT WIND DIRECTION   S (200)
  HIGHEST WIND SPEED    40   HIGHEST WIND DIRECTION    NW (300)
  HIGHEST GUST SPEED    51   HIGHEST GUST DIRECTION     W (290)
  AVERAGE WIND SPEED     7.2


SKY COVER
  POSSIBLE SUNSHINE  MM
  AVERAGE SKY COVER 0.5


WEATHER CONDITIONS
 THE FOLLOWING WEATHER WAS RECORDED YESTERDAY.
  THUNDERSTORM
  HEAVY RAIN
  RAIN
  LIGHT RAIN
  FOG
  HAZE


RELATIVE HUMIDITY (PERCENT)
 HIGHEST    94          1200 AM
 LOWEST     45           100 PM
 AVERAGE    70

..........................................................


THE HARTFORD CT CLIMATE NORMALS FOR TODAY
                         NORMAL    RECORD    YEAR
 MAXIMUM TEMPERATURE (F)   83        99      2002
 MINIMUM TEMPERATURE (F)   62        46      1941


SUNRISE AND SUNSET
AUGUST 14 2016........SUNRISE   558 AM EDT   SUNSET   752 PM EDT
AUGUST 15 2016........SUNRISE   559 AM EDT   SUNSET   750 PM EDT


-  INDICATES NEGATIVE NUMBERS.
R  INDICATES RECORD WAS SET OR TIED.
MM INDICATES DATA IS MISSING.
T  INDICATES TRACE AMOUNT.




$$
