000
CDUS41 KBOX 100556
CLIBDL


CLIMATE REPORT
NATIONAL WEATHER SERVICE TAUNTON MA
1256 AM EST WED DEC 10 2014


...................................

...THE HARTFORD CT CLIMATE SUMMARY FOR DECEMBER 9 2014...

CLIMATE NORMAL PERIOD 1981 TO 2010
CLIMATE RECORD PERIOD 1904 TO 2014


WEATHER ITEM   OBSERVED TIME   RECORD YEAR NORMAL DEPARTURE LAST
                VALUE   (LST)  VALUE       VALUE  FROM      YEAR
                                                  NORMAL
..................................................................
TEMPERATURE (F)
 YESTERDAY
  MAXIMUM         40   1159 PM  61    1991  42     -2       34
  MINIMUM         27    103 AM   4    1968  26      1       26
  AVERAGE         34                        34      0       30

PRECIPITATION (IN)
  YESTERDAY        1.77R         1.33 1978   0.12   1.65     0.22
  MONTH TO DATE    3.10                      1.11   1.99     0.89
  SINCE DEC 1      3.10                      1.11   1.99     0.89
  SINCE JAN 1     44.38                     43.52   0.86    48.68

SNOWFALL (IN)
  YESTERDAY        0.0          10.5  2005   0.2   -0.2      0.2
  MONTH TO DATE    T                         1.6   -1.6      0.6
  SINCE DEC 1      T                         1.6   -1.6      0.6
  SINCE JUL 1      5.1                       3.6    1.5      0.6
  SNOW DEPTH       0

DEGREE DAYS
 HEATING
  YESTERDAY       31                        31      0       35
  MONTH TO DATE  269                       266      3      265
  SINCE DEC 1    269                       266      3      265
  SINCE JUL 1   1366                      1473   -107     1497

 COOLING
  YESTERDAY        0                         0      0        0
  MONTH TO DATE    0                         0      0        0
  SINCE DEC 1      0                         0      0        0
  SINCE JAN 1    771                       756     15      894
..................................................................


WIND (MPH)
  RESULTANT WIND SPEED  18   RESULTANT WIND DIRECTION   N (0)
  HIGHEST WIND SPEED    29   HIGHEST WIND DIRECTION     N (10)
  HIGHEST GUST SPEED    38   HIGHEST GUST DIRECTION     N (20)
  AVERAGE WIND SPEED    16.1


SKY COVER
  POSSIBLE SUNSHINE  MM
  AVERAGE SKY COVER 1.0


WEATHER CONDITIONS
 THE FOLLOWING WEATHER WAS RECORDED YESTERDAY.
  HEAVY RAIN
  RAIN
  LIGHT RAIN
  LT FREEZING RAIN
  FOG


RELATIVE HUMIDITY (PERCENT)
 HIGHEST    92           300 PM
 LOWEST     75          1200 AM
 AVERAGE    84

..........................................................


THE HARTFORD CT CLIMATE NORMALS FOR TODAY
                         NORMAL    RECORD    YEAR
 MAXIMUM TEMPERATURE (F)   42        67      1946
 MINIMUM TEMPERATURE (F)   25         1      1964
                                             1958


SUNRISE AND SUNSET
DECEMBER 10 2014......SUNRISE   708 AM EST   SUNSET   419 PM EST
DECEMBER 11 2014......SUNRISE   708 AM EST   SUNSET   420 PM EST


-  INDICATES NEGATIVE NUMBERS.
R  INDICATES RECORD WAS SET OR TIED.
MM INDICATES DATA IS MISSING.
T  INDICATES TRACE AMOUNT.




$$
