000
CDUS41 KBOX 061905
CLIBDL


CLIMATE REPORT
NATIONAL WEATHER SERVICE TAUNTON MA
201 PM EST MON NOV 6 2017


...................................

...THE HARTFORD CT CLIMATE SUMMARY FOR NOVEMBER 5 2017...

CLIMATE NORMAL PERIOD 1981 TO 2010
CLIMATE RECORD PERIOD 1904 TO 2017


WEATHER ITEM   OBSERVED TIME   RECORD YEAR NORMAL DEPARTURE LAST
                VALUE   (LST)  VALUE       VALUE  FROM      YEAR
                                                  NORMAL
..................................................................
TEMPERATURE (F)
 YESTERDAY
  MAXIMUM         52   1159 PM  76    1994  56     -4       59
  MINIMUM         41    245 AM  21    1952  36      5       32
  AVERAGE         47                        46      1       46

PRECIPITATION (IN)
  YESTERDAY        0.01          1.79 1985   0.12  -0.11     0.00
  MONTH TO DATE    0.05                      0.63  -0.58      T
  SINCE SEP 1     11.07                      8.88   2.19     4.59
  SINCE JAN 1     42.18                     39.15   3.03    26.93

SNOWFALL (IN)
  YESTERDAY        0.0           0.2  1908   0.1   -0.1      0.0
  MONTH TO DATE    0.0                       0.2   -0.2      0.0
  SINCE SEP 1      0.0                       0.2   -0.2      1.5
  SINCE JUL 1      0.0                       0.2   -0.2      1.5
  SNOW DEPTH       0

DEGREE DAYS
 HEATING
  YESTERDAY       18                        19     -1       19
  MONTH TO DATE   54                        93    -39       66
  SINCE SEP 1    299                       610   -311      475
  SINCE JUL 1    315                       622   -307      475

 COOLING
  YESTERDAY        0                         0      0        0
  MONTH TO DATE    0                         0      0        0
  SINCE SEP 1    178                        81     97      138
  SINCE JAN 1    865                       756    109     1068
..................................................................


WIND (MPH)
  RESULTANT WIND SPEED   3   RESULTANT WIND DIRECTION   N (0)
  HIGHEST WIND SPEED    12   HIGHEST WIND DIRECTION     N (20)
  HIGHEST GUST SPEED    14   HIGHEST GUST DIRECTION     N (20)
  AVERAGE WIND SPEED     4.4


SKY COVER
  POSSIBLE SUNSHINE  MM
  AVERAGE SKY COVER 1.0


WEATHER CONDITIONS
 THE FOLLOWING WEATHER WAS RECORDED YESTERDAY.
  LIGHT RAIN
  FOG


RELATIVE HUMIDITY (PERCENT)
 HIGHEST   100           900 PM
 LOWEST     74          1000 AM
 AVERAGE    87

..........................................................


THE HARTFORD CT CLIMATE NORMALS FOR TODAY
                         NORMAL    RECORD    YEAR
 MAXIMUM TEMPERATURE (F)   55        76      2015
 MINIMUM TEMPERATURE (F)   36        20      2012


SUNRISE AND SUNSET
NOVEMBER  6 2017......SUNRISE   630 AM EST   SUNSET   439 PM EST
NOVEMBER  7 2017......SUNRISE   631 AM EST   SUNSET   437 PM EST


-  INDICATES NEGATIVE NUMBERS.
R  INDICATES RECORD WAS SET OR TIED.
MM INDICATES DATA IS MISSING.
T  INDICATES TRACE AMOUNT.




$$
