000
CDUS41 KBOX 240539
CLIBDL


CLIMATE REPORT
NATIONAL WEATHER SERVICE TAUNTON MA
135 AM EDT WED JUN 24 2015


...................................

...THE HARTFORD CT CLIMATE SUMMARY FOR JUNE 23 2015...

CLIMATE NORMAL PERIOD 1981 TO 2010
CLIMATE RECORD PERIOD 1904 TO 2015


WEATHER ITEM   OBSERVED TIME   RECORD YEAR NORMAL DEPARTURE LAST
                VALUE   (LST)  VALUE       VALUE  FROM      YEAR
                                                  NORMAL
..................................................................
TEMPERATURE (F)
 YESTERDAY
  MAXIMUM         89    210 PM  97    1965  82      7       85
  MINIMUM         64   1156 PM  45    1940  60      4       53
  AVERAGE         77                        71      6       69

PRECIPITATION (IN)
  YESTERDAY        0.21          1.84 2008   0.12   0.09     0.00
  MONTH TO DATE    5.38                      3.52   1.86     1.44
  SINCE JUN 1      5.38                      3.52   1.86     1.44
  SINCE JAN 1     18.95                     21.33  -2.38    23.45

SNOWFALL (IN)
  YESTERDAY        0.0           0.0  2002   0.0    0.0      0.0
                                      2001
                                      2000
  MONTH TO DATE    0.0                       0.0    0.0      0.0
  SINCE JUN 1      0.0                       0.0    0.0      0.0
  SINCE JUL 1     63.8                      40.5   23.3     51.1
  SNOW DEPTH       0

DEGREE DAYS
 HEATING
  YESTERDAY        0                         0      0        0
  MONTH TO DATE   41                        39      2        6
  SINCE JUN 1     41                        39      2        6
  SINCE JUL 1   6219                      5997    222     6359

 COOLING
  YESTERDAY       12                         6      6        4
  MONTH TO DATE  109                        96     13       83
  SINCE JUN 1    109                        96     13       83
  SINCE JAN 1    226                       135     91      115
..................................................................


WIND (MPH)
  RESULTANT WIND SPEED   5   RESULTANT WIND DIRECTION  SW (210)
  HIGHEST WIND SPEED    24   HIGHEST WIND DIRECTION    SW (220)
  HIGHEST GUST SPEED    36   HIGHEST GUST DIRECTION    SW (220)
  AVERAGE WIND SPEED     7.6


SKY COVER
  POSSIBLE SUNSHINE  MM
  AVERAGE SKY COVER 0.8


WEATHER CONDITIONS
 THE FOLLOWING WEATHER WAS RECORDED YESTERDAY.
  THUNDERSTORM
  LIGHT RAIN
  FOG


RELATIVE HUMIDITY (PERCENT)
 HIGHEST    93          1200 AM
 LOWEST     52           200 PM
 AVERAGE    73

..........................................................


THE HARTFORD CT CLIMATE NORMALS FOR TODAY
                         NORMAL    RECORD    YEAR
 MAXIMUM TEMPERATURE (F)   82        94      2013
                                             1975
                                             1971
 MINIMUM TEMPERATURE (F)   60        46      1988


SUNRISE AND SUNSET
JUNE 24 2015..........SUNRISE   516 AM EDT   SUNSET   830 PM EDT
JUNE 25 2015..........SUNRISE   517 AM EDT   SUNSET   830 PM EDT


-  INDICATES NEGATIVE NUMBERS.
R  INDICATES RECORD WAS SET OR TIED.
MM INDICATES DATA IS MISSING.
T  INDICATES TRACE AMOUNT.




$$
