091
CDUS41 KBOX 200532
CLIBDL


CLIMATE REPORT
NATIONAL WEATHER SERVICE TAUNTON MA
131 AM EDT SAT MAY 20 2017


...................................

...THE HARTFORD CT CLIMATE SUMMARY FOR MAY 19 2017...

CLIMATE NORMAL PERIOD 1981 TO 2010
CLIMATE RECORD PERIOD 1904 TO 2017


WEATHER ITEM   OBSERVED TIME   RECORD YEAR NORMAL DEPARTURE LAST
                VALUE   (LST)  VALUE       VALUE  FROM      YEAR
                                                  NORMAL
..................................................................
TEMPERATURE (F)
 YESTERDAY
  MAXIMUM         92    159 PM  94    1962  72     20       72
  MINIMUM         58   1159 PM  34    2009  49      9       48
  AVERAGE         75                        60     15       60

PRECIPITATION (IN)
  YESTERDAY        T             1.23 1999   0.15  -0.15      T
  MONTH TO DATE    3.06                      2.45   0.61     1.77
  SINCE MAR 1     10.76                      9.79   0.97     6.41
  SINCE JAN 1     16.74                     15.91   0.83    13.24

SNOWFALL (IN)
  YESTERDAY        0.0           0.0  2016   0.0    0.0      0.0
  MONTH TO DATE    0.0                       0.0    0.0      0.0
  SINCE MAR 1     19.6                       7.8   11.8      9.8
  SINCE JUL 1     62.3                      40.5   21.8     26.9
  SNOW DEPTH       0

DEGREE DAYS
 HEATING
  YESTERDAY        0                         6     -6        5
  MONTH TO DATE  171                       150     21      191
  SINCE MAR 1   1513                      1465     48     1351
  SINCE JUL 1   5406                      5903   -497     5027

 COOLING
  YESTERDAY       10                         1      9        0
  MONTH TO DATE   37                        12     25        0
  SINCE MAR 1     60                        18     42        2
  SINCE JAN 1     60                        18     42        2
..................................................................


WIND (MPH)
  RESULTANT WIND SPEED   6   RESULTANT WIND DIRECTION  NW (300)
  HIGHEST WIND SPEED    23   HIGHEST WIND DIRECTION    NW (310)
  HIGHEST GUST SPEED    32   HIGHEST GUST DIRECTION     W (260)
  AVERAGE WIND SPEED    11.1


SKY COVER
  POSSIBLE SUNSHINE  MM
  AVERAGE SKY COVER 0.3


WEATHER CONDITIONS
 THE FOLLOWING WEATHER WAS RECORDED YESTERDAY.
  THUNDERSTORM
  LIGHT RAIN
  FOG


RELATIVE HUMIDITY (PERCENT)
 HIGHEST   100           300 AM
 LOWEST     30           200 PM
 AVERAGE    65

..........................................................


THE HARTFORD CT CLIMATE NORMALS FOR TODAY
                         NORMAL    RECORD    YEAR
 MAXIMUM TEMPERATURE (F)   72        99      1996
 MINIMUM TEMPERATURE (F)   49        30      2002


SUNRISE AND SUNSET
MAY 20 2017...........SUNRISE   526 AM EDT   SUNSET   809 PM EDT
MAY 21 2017...........SUNRISE   525 AM EDT   SUNSET   810 PM EDT


-  INDICATES NEGATIVE NUMBERS.
R  INDICATES RECORD WAS SET OR TIED.
MM INDICATES DATA IS MISSING.
T  INDICATES TRACE AMOUNT.




$$
