000
CDUS41 KBOX 130559
CLIBDL


CLIMATE REPORT
NATIONAL WEATHER SERVICE TAUNTON MA
159 AM EDT THU JUL 13 2017


...................................

...THE HARTFORD CT CLIMATE SUMMARY FOR JULY 12 2017...

CLIMATE NORMAL PERIOD 1981 TO 2010
CLIMATE RECORD PERIOD 1904 TO 2017


WEATHER ITEM   OBSERVED TIME   RECORD YEAR NORMAL DEPARTURE LAST
                VALUE   (LST)  VALUE       VALUE  FROM      YEAR
                                                  NORMAL
..................................................................
TEMPERATURE (F)
 YESTERDAY
  MAXIMUM         87   1140 AM  97    1966  85      2       87
  MINIMUM         69    148 AM  48    2002  63      6       56
                                      1978
                                      1945
  AVERAGE         78                        74      4       72

PRECIPITATION (IN)
  YESTERDAY        1.47          2.60 1920   0.14   1.33     0.00
  MONTH TO DATE    3.74                      1.47   2.27     0.97
  SINCE JUN 1      7.35                      5.82   1.53     2.98
  SINCE JAN 1     25.62                     23.63   1.99    16.92

SNOWFALL (IN)
  YESTERDAY        0.0           0.0  2002   0.0    0.0      0.0
                                      2001
                                      2000
  MONTH TO DATE    0.0                       0.0    0.0      0.0
  SINCE JUN 1      0.0                       0.0    0.0      0.0
  SINCE JUL 1      0.0                       0.0    0.0      0.0
  SNOW DEPTH       0

DEGREE DAYS
 HEATING
  YESTERDAY        0                         0      0        0
  MONTH TO DATE    0                         0      0        0
  SINCE JUN 1     44                        40      4       16
  SINCE JUL 1      0                         0      0        0

 COOLING
  YESTERDAY       13                         9      4        7
  MONTH TO DATE  110                       100     10       98
  SINCE JUN 1    276                       244     32      247
  SINCE JAN 1    336                       283     53      321
..................................................................


WIND (MPH)
  RESULTANT WIND SPEED   1   RESULTANT WIND DIRECTION  SW (210)
  HIGHEST WIND SPEED    25   HIGHEST WIND DIRECTION     N (20)
  HIGHEST GUST SPEED    29   HIGHEST GUST DIRECTION     N (20)
  AVERAGE WIND SPEED     4.1


SKY COVER
  POSSIBLE SUNSHINE  MM
  AVERAGE SKY COVER 0.6


WEATHER CONDITIONS
 THE FOLLOWING WEATHER WAS RECORDED YESTERDAY.
  THUNDERSTORM
  HEAVY RAIN
  RAIN
  LIGHT RAIN
  FOG


RELATIVE HUMIDITY (PERCENT)
 HIGHEST   100           500 AM
 LOWEST     61          1000 AM
 AVERAGE    81

..........................................................


THE HARTFORD CT CLIMATE NORMALS FOR TODAY
                         NORMAL    RECORD    YEAR
 MAXIMUM TEMPERATURE (F)   85        99      1966
 MINIMUM TEMPERATURE (F)   63        51      2009
                                             1973
                                             1971


SUNRISE AND SUNSET
JULY 13 2017..........SUNRISE   527 AM EDT   SUNSET   825 PM EDT
JULY 14 2017..........SUNRISE   528 AM EDT   SUNSET   825 PM EDT


-  INDICATES NEGATIVE NUMBERS.
R  INDICATES RECORD WAS SET OR TIED.
MM INDICATES DATA IS MISSING.
T  INDICATES TRACE AMOUNT.




$$
