000
CDUS41 KBOX 190531
CLIBDL


CLIMATE REPORT
NATIONAL WEATHER SERVICE TAUNTON MA
130 AM EDT FRI MAY 19 2017


...................................

...THE HARTFORD CT CLIMATE SUMMARY FOR MAY 18 2017...

CLIMATE NORMAL PERIOD 1981 TO 2010
CLIMATE RECORD PERIOD 1904 TO 2017


WEATHER ITEM   OBSERVED TIME   RECORD YEAR NORMAL DEPARTURE LAST
                VALUE   (LST)  VALUE       VALUE  FROM      YEAR
                                                  NORMAL
..................................................................
TEMPERATURE (F)
 YESTERDAY
  MAXIMUM         96R   410 PM  90    1936  72     24       72
  MINIMUM         67   1136 PM  31    1984  48     19       47
  AVERAGE         82                        60     22       60

PRECIPITATION (IN)
  YESTERDAY        0.03          1.94 1922   0.14  -0.11     0.00
  MONTH TO DATE    3.06                      2.30   0.76     1.77
  SINCE MAR 1     10.76                      9.64   1.12     6.41
  SINCE JAN 1     16.74                     15.76   0.98    13.24

SNOWFALL (IN)
  YESTERDAY        0.0           0.0  2016   0.0    0.0      0.0
  MONTH TO DATE    0.0                       0.0    0.0      0.0
  SINCE MAR 1     19.6                       7.8   11.8      9.8
  SINCE JUL 1     62.3                      40.5   21.8     26.9
  SNOW DEPTH       0

DEGREE DAYS
 HEATING
  YESTERDAY        0                         6     -6        5
  MONTH TO DATE  171                       144     27      186
  SINCE MAR 1   1513                      1459     54     1346
  SINCE JUL 1   5406                      5897   -491     5022

 COOLING
  YESTERDAY       17                         1     16        0
  MONTH TO DATE   27                        11     16        0
  SINCE MAR 1     50                        17     33        2
  SINCE JAN 1     50                        17     33        2
..................................................................


WIND (MPH)
  RESULTANT WIND SPEED   8   RESULTANT WIND DIRECTION  SW (220)
  HIGHEST WIND SPEED    25   HIGHEST WIND DIRECTION     W (250)
  HIGHEST GUST SPEED    31   HIGHEST GUST DIRECTION    SW (240)
  AVERAGE WIND SPEED    10.1


SKY COVER
  POSSIBLE SUNSHINE  MM
  AVERAGE SKY COVER 0.5


WEATHER CONDITIONS
 THE FOLLOWING WEATHER WAS RECORDED YESTERDAY.
  THUNDERSTORM
  LIGHT RAIN


RELATIVE HUMIDITY (PERCENT)
 HIGHEST    78          1100 PM
 LOWEST     19           100 PM
 AVERAGE    49

..........................................................


THE HARTFORD CT CLIMATE NORMALS FOR TODAY
                         NORMAL    RECORD    YEAR
 MAXIMUM TEMPERATURE (F)   72        94      1962
 MINIMUM TEMPERATURE (F)   49        34      2009


SUNRISE AND SUNSET
MAY 19 2017...........SUNRISE   527 AM EDT   SUNSET   808 PM EDT
MAY 20 2017...........SUNRISE   526 AM EDT   SUNSET   809 PM EDT


-  INDICATES NEGATIVE NUMBERS.
R  INDICATES RECORD WAS SET OR TIED.
MM INDICATES DATA IS MISSING.
T  INDICATES TRACE AMOUNT.




$$
