000
CDUS41 KBOX 050533
CLIBDL


CLIMATE REPORT
NATIONAL WEATHER SERVICE TAUNTON MA
133 AM EDT SAT APR 5 2014


...................................

...THE HARTFORD CT CLIMATE SUMMARY FOR APRIL 4 2014...

CLIMATE NORMAL PERIOD 1981 TO 2010
CLIMATE RECORD PERIOD 1904 TO 2014


WEATHER ITEM   OBSERVED TIME   RECORD YEAR NORMAL DEPARTURE LAST
                VALUE   (LST)  VALUE       VALUE  FROM      YEAR
                                                  NORMAL
..................................................................
TEMPERATURE (F)
 YESTERDAY
  MAXIMUM         54   1110 AM  77    1974  56     -2       56
  MINIMUM         36   1159 PM  14    1954  34      2       27
  AVERAGE         45                        45      0       42

PRECIPITATION (IN)
  YESTERDAY        0.11          1.47 1987   0.12  -0.01     0.00
  MONTH TO DATE    0.11                      0.50  -0.39     0.03
  SINCE MAR 1      4.83                      4.12   0.71     2.63
  SINCE JAN 1     12.20                     10.24   1.96     8.14

SNOWFALL (IN)
  YESTERDAY        0.0           3.1  1957   0.0    0.0      0.0
  MONTH TO DATE    0.0                       0.3   -0.3      0.0
  SINCE MAR 1      0.8                       6.7   -5.9      9.8
  SINCE JUL 1     50.9                      39.4   11.5     56.9
  SNOW DEPTH       0

DEGREE DAYS
 HEATING
  YESTERDAY       20                        20      0       23
  MONTH TO DATE   74                        83     -9       99
  SINCE MAR 1   1113                       926    187      959
  SINCE JUL 1   5792                      5364    428     5111

 COOLING
  YESTERDAY        0                         0      0        0
  MONTH TO DATE    0                         0      0        0
  SINCE MAR 1      0                         0      0        0
  SINCE JAN 1      0                         0      0        0
..................................................................


WIND (MPH)
  RESULTANT WIND SPEED   5   RESULTANT WIND DIRECTION  SE (130)
  HIGHEST WIND SPEED    24   HIGHEST WIND DIRECTION    SE (120)
  HIGHEST GUST SPEED    29   HIGHEST GUST DIRECTION    SE (130)
  AVERAGE WIND SPEED     8.3


SKY COVER
  POSSIBLE SUNSHINE  MM
  AVERAGE SKY COVER 0.9


WEATHER CONDITIONS
 THE FOLLOWING WEATHER WAS RECORDED YESTERDAY.
  LIGHT RAIN
  FOG


RELATIVE HUMIDITY (PERCENT)
 HIGHEST    85          1000 PM
 LOWEST     34          1000 AM
 AVERAGE    60

..........................................................


THE HARTFORD CT CLIMATE NORMALS FOR TODAY
                         NORMAL    RECORD    YEAR
 MAXIMUM TEMPERATURE (F)   56        82      1921
 MINIMUM TEMPERATURE (F)   35        19      1995
                                             1982


SUNRISE AND SUNSET
APRIL  5 2014.........SUNRISE   627 AM EDT   SUNSET   721 PM EDT
APRIL  6 2014.........SUNRISE   625 AM EDT   SUNSET   722 PM EDT


-  INDICATES NEGATIVE NUMBERS.
R  INDICATES RECORD WAS SET OR TIED.
MM INDICATES DATA IS MISSING.
T  INDICATES TRACE AMOUNT.




$$
