000
CDUS41 KBOX 171250
CLIBDL


CLIMATE REPORT
NATIONAL WEATHER SERVICE TAUNTON MA
842 AM EDT TUE MAY 17 2016


...................................

...THE HARTFORD CT CLIMATE SUMMARY FOR MAY 16 2016...

CLIMATE NORMAL PERIOD 1981 TO 2010
CLIMATE RECORD PERIOD 1904 TO 2016


WEATHER ITEM   OBSERVED TIME   RECORD YEAR NORMAL DEPARTURE LAST
                VALUE   (LST)  VALUE       VALUE  FROM      YEAR
                                                  NORMAL
..................................................................
TEMPERATURE (F)
 YESTERDAY
  MAXIMUM         64    506 PM  91    1965  71     -7       73
  MINIMUM         40    345 AM  35    1947  48     -8       56
  AVERAGE         52                        59     -7       65

PRECIPITATION (IN)
  YESTERDAY        0.00          1.34 1912   0.14  -0.14     0.02
  MONTH TO DATE    1.77                      2.02  -0.25     0.02
  SINCE MAR 1      6.41                      9.36  -2.95     6.08
  SINCE JAN 1     13.24                     15.48  -2.24    12.26

SNOWFALL (IN)
  YESTERDAY        0.0           0.0  2001   0.0    0.0      0.0
                                      2000
  MONTH TO DATE    0.0                       0.0    0.0      0.0
  SINCE MAR 1      9.8                       7.8    2.0      9.0
  SINCE JUL 1     26.9                      40.5  -13.6     63.8
  SNOW DEPTH       0

DEGREE DAYS
 HEATING
  YESTERDAY       13                         6      7        0
  MONTH TO DATE  171                       132     39       45
  SINCE MAR 1   1331                      1447   -116     1503
  SINCE JUL 1   5007                      5885   -878     6148

 COOLING
  YESTERDAY        0                         1     -1        0
  MONTH TO DATE    0                         9     -9       51
  SINCE MAR 1      2                        15    -13       51
  SINCE JAN 1      2                        15    -13       51
..................................................................


WIND (MPH)
  RESULTANT WIND SPEED  15   RESULTANT WIND DIRECTION   W (290)
  HIGHEST WIND SPEED    33   HIGHEST WIND DIRECTION    NW (310)
  HIGHEST GUST SPEED    43   HIGHEST GUST DIRECTION    NW (310)
  AVERAGE WIND SPEED    14.7


SKY COVER
  POSSIBLE SUNSHINE  MM
  AVERAGE SKY COVER 0.5


WEATHER CONDITIONS
 THE FOLLOWING WEATHER WAS RECORDED YESTERDAY.
  NO SIGNIFICANT WEATHER WAS OBSERVED.


RELATIVE HUMIDITY (PERCENT)
 HIGHEST    56          1100 PM
 LOWEST     19           400 PM
 AVERAGE    38

..........................................................


THE HARTFORD CT CLIMATE NORMALS FOR TODAY
                         NORMAL    RECORD    YEAR
 MAXIMUM TEMPERATURE (F)   72        93      1977
                                             1974
 MINIMUM TEMPERATURE (F)   48        33      1956


SUNRISE AND SUNSET
MAY 17 2016...........SUNRISE   528 AM EDT   SUNSET   807 PM EDT
MAY 18 2016...........SUNRISE   527 AM EDT   SUNSET   808 PM EDT


-  INDICATES NEGATIVE NUMBERS.
R  INDICATES RECORD WAS SET OR TIED.
MM INDICATES DATA IS MISSING.
T  INDICATES TRACE AMOUNT.




$$
