000
CDUS41 KBOX 210530
CLIBDL


CLIMATE REPORT
NATIONAL WEATHER SERVICE TAUNTON MA
129 AM EDT THU JUL 21 2016


...................................

...THE HARTFORD CT CLIMATE SUMMARY FOR JULY 20 2016...

CLIMATE NORMAL PERIOD 1981 TO 2010
CLIMATE RECORD PERIOD 1904 TO 2016


WEATHER ITEM   OBSERVED TIME   RECORD YEAR NORMAL DEPARTURE LAST
                VALUE   (LST)  VALUE       VALUE  FROM      YEAR
                                                  NORMAL
..................................................................
TEMPERATURE (F)
 YESTERDAY
  MAXIMUM         85    124 PM 100    1991  85      0       92
  MINIMUM         54    503 AM  50    1929  63     -9       71
  AVERAGE         70                        74     -4       82

PRECIPITATION (IN)
  YESTERDAY        0.00          2.25 1949   0.13  -0.13     0.00
  MONTH TO DATE    1.17                      2.57  -1.40     2.35
  SINCE JUN 1      3.18                      6.92  -3.74     9.03
  SINCE JAN 1     17.12                     24.73  -7.61    22.60

SNOWFALL (IN)
  YESTERDAY        0.0           0.0  2002   0.0    0.0      0.0
                                      2001
                                      2000
  MONTH TO DATE    0.0                       0.0    0.0      0.0
  SINCE JUN 1      0.0                       0.0    0.0      0.0
  SINCE JUL 1      0.0                       0.0    0.0      0.0
  SNOW DEPTH       0

DEGREE DAYS
 HEATING
  YESTERDAY        0                         0      0        0
  MONTH TO DATE    0                         0      0        1
  SINCE JUN 1     16                        40    -24       49
  SINCE JUL 1      0                         0      0        1

 COOLING
  YESTERDAY        5                         9     -4       17
  MONTH TO DATE  203                       172     31      166
  SINCE JUN 1    352                       316     36      298
  SINCE JAN 1    426                       355     71      415
..................................................................


WIND (MPH)
  RESULTANT WIND SPEED   4   RESULTANT WIND DIRECTION  NW (330)
  HIGHEST WIND SPEED    15   HIGHEST WIND DIRECTION    NW (320)
  HIGHEST GUST SPEED    19   HIGHEST GUST DIRECTION    NW (330)
  AVERAGE WIND SPEED     5.2


SKY COVER
  POSSIBLE SUNSHINE  MM
  AVERAGE SKY COVER 0.1


WEATHER CONDITIONS
 THE FOLLOWING WEATHER WAS RECORDED YESTERDAY.
  NO SIGNIFICANT WEATHER WAS OBSERVED.


RELATIVE HUMIDITY (PERCENT)
 HIGHEST    89           500 AM
 LOWEST     28          1200 PM
 AVERAGE    59

..........................................................


THE HARTFORD CT CLIMATE NORMALS FOR TODAY
                         NORMAL    RECORD    YEAR
 MAXIMUM TEMPERATURE (F)   85       101      1991
                                             1977
 MINIMUM TEMPERATURE (F)   63        50      1974
                                             1966


SUNRISE AND SUNSET
JULY 21 2016..........SUNRISE   534 AM EDT   SUNSET   820 PM EDT
JULY 22 2016..........SUNRISE   535 AM EDT   SUNSET   819 PM EDT


-  INDICATES NEGATIVE NUMBERS.
R  INDICATES RECORD WAS SET OR TIED.
MM INDICATES DATA IS MISSING.
T  INDICATES TRACE AMOUNT.




$$
