051
CDUS41 KBOX 090534
CLIBDL


CLIMATE REPORT
NATIONAL WEATHER SERVICE TAUNTON MA
133 AM EDT SAT MAY 9 2015


...................................

...THE HARTFORD CT CLIMATE SUMMARY FOR MAY 8 2015...

CLIMATE NORMAL PERIOD 1981 TO 2010
CLIMATE RECORD PERIOD 1904 TO 2015


WEATHER ITEM   OBSERVED TIME   RECORD YEAR NORMAL DEPARTURE LAST
                VALUE   (LST)  VALUE       VALUE  FROM      YEAR
                                                  NORMAL
..................................................................
TEMPERATURE (F)
 YESTERDAY
  MAXIMUM         90    345 PM  92    2000  69     21       60
  MINIMUM         51    512 AM  31    1968  45      6       44
  AVERAGE         71                        57     14       52

PRECIPITATION (IN)
  YESTERDAY        0.00          1.27 1931   0.12  -0.12     0.01
  MONTH TO DATE    0.00                      0.98  -0.98     0.95
  SINCE MAR 1      6.06                      8.32  -2.26    11.13
  SINCE JAN 1     12.24                     14.44  -2.20    18.50

SNOWFALL (IN)
  YESTERDAY        0.0           0.0  2002   0.0    0.0      0.0
                                      2001
                                      2000
  MONTH TO DATE    0.0                       0.0    0.0      0.0
  SINCE MAR 1      9.0                       7.8    1.2      1.0
  SINCE JUL 1     63.8                      40.5   23.3     51.1
  SNOW DEPTH       0

DEGREE DAYS
 HEATING
  YESTERDAY        0                         8     -8       13
  MONTH TO DATE   21                        74    -53       74
  SINCE MAR 1   1479                      1389     90     1592
  SINCE JUL 1   6124                      5827    297     6271

 COOLING
  YESTERDAY        6                         1      5        0
  MONTH TO DATE   16                         1     15        0
  SINCE MAR 1     16                         7      9        1
  SINCE JAN 1     16                         7      9        1
..................................................................


WIND (MPH)
  RESULTANT WIND SPEED   6   RESULTANT WIND DIRECTION   S (170)
  HIGHEST WIND SPEED    20   HIGHEST WIND DIRECTION     S (170)
  HIGHEST GUST SPEED    24   HIGHEST GUST DIRECTION     S (180)
  AVERAGE WIND SPEED     6.9


SKY COVER
  POSSIBLE SUNSHINE  MM
  AVERAGE SKY COVER 0.4


WEATHER CONDITIONS
 THE FOLLOWING WEATHER WAS RECORDED YESTERDAY.
  NO SIGNIFICANT WEATHER WAS OBSERVED.


RELATIVE HUMIDITY (PERCENT)
 HIGHEST    72           400 AM
 LOWEST     21           300 PM
 AVERAGE    47

..........................................................


THE HARTFORD CT CLIMATE NORMALS FOR TODAY
                         NORMAL    RECORD    YEAR
 MAXIMUM TEMPERATURE (F)   69        97      1979
 MINIMUM TEMPERATURE (F)   46        28      1956


SUNRISE AND SUNSET
MAY  9 2015...........SUNRISE   537 AM EDT   SUNSET   758 PM EDT
MAY 10 2015...........SUNRISE   536 AM EDT   SUNSET   759 PM EDT


-  INDICATES NEGATIVE NUMBERS.
R  INDICATES RECORD WAS SET OR TIED.
MM INDICATES DATA IS MISSING.
T  INDICATES TRACE AMOUNT.




$$
