000
CDUS41 KBOX 090556
CLIBDL


CLIMATE REPORT
NATIONAL WEATHER SERVICE TAUNTON MA
154 AM EDT MON OCT 9 2017


...................................

...THE HARTFORD CT CLIMATE SUMMARY FOR OCTOBER 8 2017...

CLIMATE NORMAL PERIOD 1981 TO 2010
CLIMATE RECORD PERIOD 1904 TO 2017


WEATHER ITEM   OBSERVED TIME   RECORD YEAR NORMAL DEPARTURE LAST
                VALUE   (LST)  VALUE       VALUE  FROM      YEAR
                                                  NORMAL
..................................................................
TEMPERATURE (F)
 YESTERDAY
  MAXIMUM         78    252 PM  85    1990  66     12       68
  MINIMUM         69   1024 PM  28    1954  44     25       42
  AVERAGE         74                        55     19       55

PRECIPITATION (IN)
  YESTERDAY        0.45          4.41 2005   0.15   0.30      T
  MONTH TO DATE    0.45                      1.21  -0.76     0.06
  SINCE SEP 1      2.70                      5.09  -2.39     2.48
  SINCE JAN 1     33.81                     35.36  -1.55    24.82

SNOWFALL (IN)
  YESTERDAY        0.0           0.0  2009   0.0    0.0      0.0
                                      2008
                                      2007
  MONTH TO DATE    0.0                       0.0    0.0      0.0
  SINCE SEP 1      0.0                       0.0    0.0      0.0
  SINCE JUL 1      0.0                       0.0    0.0      0.0
  SNOW DEPTH       0

DEGREE DAYS
 HEATING
  YESTERDAY        0                        11    -11       10
  MONTH TO DATE   30                        75    -45       60
  SINCE SEP 1     89                       185    -96      118
  SINCE JUL 1    105                       197    -92      118

 COOLING
  YESTERDAY        9                         0      9        0
  MONTH TO DATE   19                         5     14        0
  SINCE SEP 1    161                        79     82      126
  SINCE JAN 1    848                       754     94     1056
..................................................................


WIND (MPH)
  RESULTANT WIND SPEED  10   RESULTANT WIND DIRECTION   S (190)
  HIGHEST WIND SPEED    20   HIGHEST WIND DIRECTION     S (190)
  HIGHEST GUST SPEED    26   HIGHEST GUST DIRECTION     S (180)
  AVERAGE WIND SPEED     9.9


SKY COVER
  POSSIBLE SUNSHINE  MM
  AVERAGE SKY COVER 0.9


WEATHER CONDITIONS
 THE FOLLOWING WEATHER WAS RECORDED YESTERDAY.
  HEAVY RAIN
  RAIN
  LIGHT RAIN
  FOG


RELATIVE HUMIDITY (PERCENT)
 HIGHEST   100           900 PM
 LOWEST     79           300 PM
 AVERAGE    90

..........................................................


THE HARTFORD CT CLIMATE NORMALS FOR TODAY
                         NORMAL    RECORD    YEAR
 MAXIMUM TEMPERATURE (F)   66        85      2011
 MINIMUM TEMPERATURE (F)   43        28      2001
                                             2000
                                             1988


SUNRISE AND SUNSET
OCTOBER  9 2017.......SUNRISE   657 AM EDT   SUNSET   619 PM EDT
OCTOBER 10 2017.......SUNRISE   658 AM EDT   SUNSET   617 PM EDT


-  INDICATES NEGATIVE NUMBERS.
R  INDICATES RECORD WAS SET OR TIED.
MM INDICATES DATA IS MISSING.
T  INDICATES TRACE AMOUNT.




$$
