000
CDUS41 KBOX 230544
CLIBDL


CLIMATE REPORT
NATIONAL WEATHER SERVICE TAUNTON MA
1239 AM EST WED NOV 23 2016


...................................

...THE HARTFORD CT CLIMATE SUMMARY FOR NOVEMBER 22 2016...

CLIMATE NORMAL PERIOD 1981 TO 2010
CLIMATE RECORD PERIOD 1904 TO 2016


WEATHER ITEM   OBSERVED TIME   RECORD YEAR NORMAL DEPARTURE LAST
                VALUE   (LST)  VALUE       VALUE  FROM      YEAR
                                                  NORMAL
..................................................................
TEMPERATURE (F)
 YESTERDAY
  MAXIMUM         39    102 PM  72    1931  49    -10       49
  MINIMUM         30    412 AM  14    1969  32     -2       38
  AVERAGE         35                        40     -5       44

PRECIPITATION (IN)
  YESTERDAY        T             2.40 1952   0.14  -0.14     0.01
  MONTH TO DATE    1.22                      2.84  -1.62     2.00
  SINCE SEP 1      5.81                     11.09  -5.28     9.35
  SINCE JAN 1     28.15                     41.36 -13.21    34.76

SNOWFALL (IN)
  YESTERDAY        T             3.6  1943   0.1   -0.1      0.0
  MONTH TO DATE    T                         1.1   -1.1      0.0
  SINCE SEP 1      1.5                       1.1    0.4       T
  SINCE JUL 1      1.5                       1.1    0.4       T
  SNOW DEPTH       0

DEGREE DAYS
 HEATING
  YESTERDAY       30                        25      5       21
  MONTH TO DATE  420                       467    -47      351
  SINCE SEP 1    829                       984   -155      783
  SINCE JUL 1    829                       996   -167      784

 COOLING
  YESTERDAY        0                         0      0        0
  MONTH TO DATE    0                         0      0        2
  SINCE SEP 1    138                        81     57      150
  SINCE JAN 1   1068                       756    312      964
..................................................................


WIND (MPH)
  RESULTANT WIND SPEED  15   RESULTANT WIND DIRECTION  NW (310)
  HIGHEST WIND SPEED    28   HIGHEST WIND DIRECTION    NW (300)
  HIGHEST GUST SPEED    38   HIGHEST GUST DIRECTION    NW (320)
  AVERAGE WIND SPEED    15.7


SKY COVER
  POSSIBLE SUNSHINE  MM
  AVERAGE SKY COVER 0.6


WEATHER CONDITIONS
 THE FOLLOWING WEATHER WAS RECORDED YESTERDAY.
  LIGHT SNOW


RELATIVE HUMIDITY (PERCENT)
 HIGHEST    69          1200 AM
 LOWEST     44          1200 PM
 AVERAGE    57

..........................................................


THE HARTFORD CT CLIMATE NORMALS FOR TODAY
                         NORMAL    RECORD    YEAR
 MAXIMUM TEMPERATURE (F)   49        75      1931
 MINIMUM TEMPERATURE (F)   31        12      1972


SUNRISE AND SUNSET
NOVEMBER 23 2016......SUNRISE   651 AM EST   SUNSET   424 PM EST
NOVEMBER 24 2016......SUNRISE   652 AM EST   SUNSET   423 PM EST


-  INDICATES NEGATIVE NUMBERS.
R  INDICATES RECORD WAS SET OR TIED.
MM INDICATES DATA IS MISSING.
T  INDICATES TRACE AMOUNT.




$$
