000
CDUS41 KBOX 240557
CLIBDL


CLIMATE REPORT
NATIONAL WEATHER SERVICE TAUNTON MA
146 AM EDT WED SEP 24 2014


...................................

...THE HARTFORD CT CLIMATE SUMMARY FOR SEPTEMBER 23 2014...

CLIMATE NORMAL PERIOD 1981 TO 2010
CLIMATE RECORD PERIOD 1904 TO 2014


WEATHER ITEM   OBSERVED TIME   RECORD YEAR NORMAL DEPARTURE LAST
                VALUE   (LST)  VALUE       VALUE  FROM      YEAR
                                                  NORMAL
..................................................................
TEMPERATURE (F)
 YESTERDAY
  MAXIMUM         72    404 PM  93    1914  72      0       64
  MINIMUM         44    456 AM  34    1974  50     -6       44
  AVERAGE         58                        61     -3       54

PRECIPITATION (IN)
  YESTERDAY        0.00          3.99 1907   0.14  -0.14     0.00
  MONTH TO DATE    1.58                      2.83  -1.25     3.58
  SINCE SEP 1      1.58                      2.83  -1.25     3.58
  SINCE JAN 1     33.55                     33.10   0.45    41.58

SNOWFALL (IN)
  YESTERDAY        0.0           0.0  2002   0.0    0.0      0.0
                                      2001
                                      2000
  MONTH TO DATE    0.0                       0.0    0.0      0.0
  SINCE SEP 1      0.0                       0.0    0.0      0.0
  SINCE JUL 1      0.0                       0.0    0.0      0.0
  SNOW DEPTH       0

DEGREE DAYS
 HEATING
  YESTERDAY        7                         5      2       11
  MONTH TO DATE   72                        62     10       82
  SINCE SEP 1     72                        62     10       82
  SINCE JUL 1     74                        74      0       84

 COOLING
  YESTERDAY        0                         1     -1        0
  MONTH TO DATE   85                        69     16       65
  SINCE SEP 1     85                        69     16       65
  SINCE JAN 1    744                       744      0      889
..................................................................


WIND (MPH)
  RESULTANT WIND SPEED   3   RESULTANT WIND DIRECTION   W (280)
  HIGHEST WIND SPEED    14   HIGHEST WIND DIRECTION    SW (240)
  HIGHEST GUST SPEED    17   HIGHEST GUST DIRECTION     W (260)
  AVERAGE WIND SPEED     4.7


SKY COVER
  POSSIBLE SUNSHINE  MM
  AVERAGE SKY COVER 0.2


WEATHER CONDITIONS
 THE FOLLOWING WEATHER WAS RECORDED YESTERDAY.
  NO SIGNIFICANT WEATHER WAS OBSERVED.


RELATIVE HUMIDITY (PERCENT)
 HIGHEST    83           500 AM
 LOWEST     38           200 PM
 AVERAGE    61

..........................................................


THE HARTFORD CT CLIMATE NORMALS FOR TODAY
                         NORMAL    RECORD    YEAR
 MAXIMUM TEMPERATURE (F)   72        89      1959
 MINIMUM TEMPERATURE (F)   49        30      1974


SUNRISE AND SUNSET
SEPTEMBER 24 2014.....SUNRISE   640 AM EDT   SUNSET   645 PM EDT
SEPTEMBER 25 2014.....SUNRISE   641 AM EDT   SUNSET   643 PM EDT


-  INDICATES NEGATIVE NUMBERS.
R  INDICATES RECORD WAS SET OR TIED.
MM INDICATES DATA IS MISSING.
T  INDICATES TRACE AMOUNT.




$$
