000
CDUS41 KBOX 070536
CLIBDL


CLIMATE REPORT
NATIONAL WEATHER SERVICE TAUNTON MA
1235 AM EST THU DEC 7 2017


...................................

...THE HARTFORD CT CLIMATE SUMMARY FOR DECEMBER 6 2017...

CLIMATE NORMAL PERIOD 1981 TO 2010
CLIMATE RECORD PERIOD 1904 TO 2017


WEATHER ITEM   OBSERVED TIME   RECORD YEAR NORMAL DEPARTURE LAST
                VALUE   (LST)  VALUE       VALUE  FROM      YEAR
                                                  NORMAL
..................................................................
TEMPERATURE (F)
 YESTERDAY
  MAXIMUM         57   1206 AM  74    2001  43     14       46
  MINIMUM         33   1159 PM   8    1976  27      6       27
  AVERAGE         45                        35     10       37

PRECIPITATION (IN)
  YESTERDAY        0.03          1.37 1945   0.12  -0.09     0.02
  MONTH TO DATE    0.52                      0.75  -0.23     0.36
  SINCE DEC 1      0.52                      0.75  -0.23     0.36
  SINCE JAN 1     43.69                     43.16   0.53    30.35

SNOWFALL (IN)
  YESTERDAY        0.0          12.5  2003   0.2   -0.2       T
  MONTH TO DATE    0.0                       1.0   -1.0      0.4
  SINCE DEC 1      0.0                       1.0   -1.0      0.4
  SINCE JUL 1      T                         3.0   -3.0      1.9
  SNOW DEPTH       0

DEGREE DAYS
 HEATING
  YESTERDAY       20                        30    -10       28
  MONTH TO DATE  152                       174    -22      154
  SINCE DEC 1    152                       174    -22      154
  SINCE JUL 1   1143                      1381   -238     1191

 COOLING
  YESTERDAY        0                         0      0        0
  MONTH TO DATE    0                         0      0        0
  SINCE DEC 1      0                         0      0        0
  SINCE JAN 1    865                       756    109     1068
..................................................................


WIND (MPH)
  RESULTANT WIND SPEED   6   RESULTANT WIND DIRECTION   W (260)
  HIGHEST WIND SPEED    26   HIGHEST WIND DIRECTION    SW (240)
  HIGHEST GUST SPEED    37   HIGHEST GUST DIRECTION    SW (240)
  AVERAGE WIND SPEED     8.4


SKY COVER
  POSSIBLE SUNSHINE  MM
  AVERAGE SKY COVER 0.7


WEATHER CONDITIONS
 THE FOLLOWING WEATHER WAS RECORDED YESTERDAY.
  LIGHT RAIN


RELATIVE HUMIDITY (PERCENT)
 HIGHEST   100           100 AM
 LOWEST     37           300 PM
 AVERAGE    69

..........................................................


THE HARTFORD CT CLIMATE NORMALS FOR TODAY
                         NORMAL    RECORD    YEAR
 MAXIMUM TEMPERATURE (F)   43        76      1998
 MINIMUM TEMPERATURE (F)   27        -1      1964


SUNRISE AND SUNSET
DECEMBER  7 2017......SUNRISE   705 AM EST   SUNSET   419 PM EST
DECEMBER  8 2017......SUNRISE   706 AM EST   SUNSET   419 PM EST


-  INDICATES NEGATIVE NUMBERS.
R  INDICATES RECORD WAS SET OR TIED.
MM INDICATES DATA IS MISSING.
T  INDICATES TRACE AMOUNT.




$$
