000
CDUS41 KBOX 190915
CLIBDL


CLIMATE REPORT
NATIONAL WEATHER SERVICE TAUNTON MA
414 AM EST MON JAN 19 2015


...................................

...THE HARTFORD CT CLIMATE SUMMARY FOR JANUARY 18 2015...

CLIMATE NORMAL PERIOD 1981 TO 2010
CLIMATE RECORD PERIOD 1904 TO 2015


WEATHER ITEM   OBSERVED TIME   RECORD YEAR NORMAL DEPARTURE LAST
                VALUE   (LST)  VALUE       VALUE  FROM      YEAR
                                                  NORMAL
..................................................................
TEMPERATURE (F)
 YESTERDAY
  MAXIMUM         41    716 PM  63    1990  34      7       40
                                      1973
  MINIMUM         17    414 AM -17    1957  17      0       29
  AVERAGE         29                        26      3       35

PRECIPITATION (IN)
  YESTERDAY        1.32R         0.99 2006   0.11   1.21     0.08
  MONTH TO DATE    2.41                      1.86   0.55     3.29
  SINCE DEC 1      6.96                      5.30   1.66     7.21
  SINCE JAN 1      2.41                      1.86   0.55     3.29

SNOWFALL (IN)
  YESTERDAY        T             4.4  2009   0.3   -0.3      0.2
  MONTH TO DATE    4.1                       7.0   -2.9      8.8
  SINCE DEC 1      4.8                      14.4   -9.6     21.5
  SINCE JUL 1      9.9                      16.4   -6.5     21.5
  SNOW DEPTH       1

DEGREE DAYS
 HEATING
  YESTERDAY       36                        39     -3       30
  MONTH TO DATE  764                       699     65      670
  SINCE DEC 1   1666                      1736    -70     1734
  SINCE JUL 1   2763                      2943   -180     2966

 COOLING
  YESTERDAY        0                         0      0        0
  MONTH TO DATE    0                         0      0        0
  SINCE DEC 1      0                         0      0        0
  SINCE JAN 1      0                         0      0        0
..................................................................


WIND (MPH)
  RESULTANT WIND SPEED   1   RESULTANT WIND DIRECTION  NW (320)
  HIGHEST WIND SPEED    23   HIGHEST WIND DIRECTION    NW (330)
  HIGHEST GUST SPEED    28   HIGHEST GUST DIRECTION     N (340)
  AVERAGE WIND SPEED     3.1


SKY COVER
  POSSIBLE SUNSHINE  MM
  AVERAGE SKY COVER 0.9


WEATHER CONDITIONS
 THE FOLLOWING WEATHER WAS RECORDED YESTERDAY.
  RAIN
  LIGHT RAIN
  FREEZING RAIN
  LT FREEZING RAIN
  SNOW
  FOG


RELATIVE HUMIDITY (PERCENT)
 HIGHEST    96           400 PM
 LOWEST     57          1200 AM
 AVERAGE    77

..........................................................


THE HARTFORD CT CLIMATE NORMALS FOR TODAY
                         NORMAL    RECORD    YEAR
 MAXIMUM TEMPERATURE (F)   34        60      1951
                                             1929
 MINIMUM TEMPERATURE (F)   17       -16      1948


SUNRISE AND SUNSET
JANUARY 19 2015.......SUNRISE   714 AM EST   SUNSET   449 PM EST
JANUARY 20 2015.......SUNRISE   713 AM EST   SUNSET   450 PM EST


-  INDICATES NEGATIVE NUMBERS.
R  INDICATES RECORD WAS SET OR TIED.
MM INDICATES DATA IS MISSING.
T  INDICATES TRACE AMOUNT.




$$
