000
CDUS41 KBOX 300524
CLIBDL


CLIMATE REPORT
NATIONAL WEATHER SERVICE TAUNTON MA
124 AM EDT SAT SEP 30 2017


...................................

...THE HARTFORD CT CLIMATE SUMMARY FOR SEPTEMBER 29 2017...

CLIMATE NORMAL PERIOD 1981 TO 2010
CLIMATE RECORD PERIOD 1904 TO 2017


WEATHER ITEM   OBSERVED TIME   RECORD YEAR NORMAL DEPARTURE LAST
                VALUE   (LST)  VALUE       VALUE  FROM      YEAR
                                                  NORMAL
..................................................................
TEMPERATURE (F)
 YESTERDAY
  MAXIMUM         70    224 PM  86    1945  70      0       65
  MINIMUM         44    558 AM  30    2000  47     -3       52
                                      1957
  AVERAGE         57                        58     -1       59

PRECIPITATION (IN)
  YESTERDAY        0.00          2.46 1963   0.15  -0.15     0.00
  MONTH TO DATE    2.19                      3.72  -1.53     2.22
  SINCE SEP 1      2.19                      3.72  -1.53     2.22
  SINCE JAN 1     33.30                     33.99  -0.69    24.56

SNOWFALL (IN)
  YESTERDAY        0.0           0.0  2002   0.0    0.0      0.0
                                      2001
                                      2000
  MONTH TO DATE    0.0                       0.0    0.0      0.0
  SINCE SEP 1      0.0                       0.0    0.0      0.0
  SINCE JUL 1      0.0                       0.0    0.0      0.0
  SNOW DEPTH       0

DEGREE DAYS
 HEATING
  YESTERDAY        8                         7      1        6
  MONTH TO DATE   47                       101    -54       49
  SINCE SEP 1     47                       101    -54       49
  SINCE JUL 1     63                       113    -50       49

 COOLING
  YESTERDAY        0                         1     -1        0
  MONTH TO DATE  142                        75     67      126
  SINCE SEP 1    142                        75     67      126
  SINCE JAN 1    829                       750     79     1056
..................................................................


WIND (MPH)
  RESULTANT WIND SPEED   3   RESULTANT WIND DIRECTION  NW (300)
  HIGHEST WIND SPEED    14   HIGHEST WIND DIRECTION     W (250)
  HIGHEST GUST SPEED    18   HIGHEST GUST DIRECTION     W (270)
  AVERAGE WIND SPEED     4.5


SKY COVER
  POSSIBLE SUNSHINE  MM
  AVERAGE SKY COVER 0.2


WEATHER CONDITIONS
 THE FOLLOWING WEATHER WAS RECORDED YESTERDAY.
  NO SIGNIFICANT WEATHER WAS OBSERVED.


RELATIVE HUMIDITY (PERCENT)
 HIGHEST    92           500 AM
 LOWEST     35           200 PM
 AVERAGE    64

..........................................................


THE HARTFORD CT CLIMATE NORMALS FOR TODAY
                         NORMAL    RECORD    YEAR
 MAXIMUM TEMPERATURE (F)   69        91      1986
 MINIMUM TEMPERATURE (F)   47        31      2000
                                             1951


SUNRISE AND SUNSET
SEPTEMBER 30 2017.....SUNRISE   647 AM EDT   SUNSET   634 PM EDT
OCTOBER  1 2017.......SUNRISE   648 AM EDT   SUNSET   632 PM EDT


-  INDICATES NEGATIVE NUMBERS.
R  INDICATES RECORD WAS SET OR TIED.
MM INDICATES DATA IS MISSING.
T  INDICATES TRACE AMOUNT.




$$
