000
CDUS41 KBOX 270543
CLIBDL


CLIMATE REPORT
NATIONAL WEATHER SERVICE TAUNTON MA
138 AM EDT SAT JUN 27 2015


...................................

...THE HARTFORD CT CLIMATE SUMMARY FOR JUNE 26 2015...

CLIMATE NORMAL PERIOD 1981 TO 2010
CLIMATE RECORD PERIOD 1904 TO 2015


WEATHER ITEM   OBSERVED TIME   RECORD YEAR NORMAL DEPARTURE LAST
                VALUE   (LST)  VALUE       VALUE  FROM      YEAR
                                                  NORMAL
..................................................................
TEMPERATURE (F)
 YESTERDAY
  MAXIMUM         79    233 PM 100    1952  82     -3       86
  MINIMUM         60   1110 PM  47    1986  60      0       67
                                      1979
  AVERAGE         70                        71     -1       77

PRECIPITATION (IN)
  YESTERDAY        T             2.18 1958   0.12  -0.12     0.12
  MONTH TO DATE    5.38                      3.88   1.50     1.71
  SINCE JUN 1      5.38                      3.88   1.50     1.71
  SINCE JAN 1     18.95                     21.69  -2.74    23.72

SNOWFALL (IN)
  YESTERDAY        0.0           0.0  2002   0.0    0.0      0.0
                                      2001
                                      2000
  MONTH TO DATE    0.0                       0.0    0.0      0.0
  SINCE JUN 1      0.0                       0.0    0.0      0.0
  SINCE JUL 1     63.8                      40.5   23.3     51.1
  SNOW DEPTH       0

DEGREE DAYS
 HEATING
  YESTERDAY        0                         0      0        0
  MONTH TO DATE   41                        39      2        6
  SINCE JUN 1     41                        39      2        6
  SINCE JUL 1   6219                      5997    222     6359

 COOLING
  YESTERDAY        5                         7     -2       12
  MONTH TO DATE  125                       115     10      114
  SINCE JUN 1    125                       115     10      114
  SINCE JAN 1    242                       154     88      146
..................................................................


WIND (MPH)
  RESULTANT WIND SPEED   6   RESULTANT WIND DIRECTION   N (10)
  HIGHEST WIND SPEED    16   HIGHEST WIND DIRECTION     N (10)
  HIGHEST GUST SPEED    20   HIGHEST GUST DIRECTION     N (360)
  AVERAGE WIND SPEED     7.0


SKY COVER
  POSSIBLE SUNSHINE  MM
  AVERAGE SKY COVER 0.7


WEATHER CONDITIONS
 THE FOLLOWING WEATHER WAS RECORDED YESTERDAY.
  NO SIGNIFICANT WEATHER WAS OBSERVED.


RELATIVE HUMIDITY (PERCENT)
 HIGHEST    87           100 AM
 LOWEST     46           500 PM
 AVERAGE    67

..........................................................


THE HARTFORD CT CLIMATE NORMALS FOR TODAY
                         NORMAL    RECORD    YEAR
 MAXIMUM TEMPERATURE (F)   83        98      1966
 MINIMUM TEMPERATURE (F)   61        47      1979


SUNRISE AND SUNSET
JUNE 27 2015..........SUNRISE   517 AM EDT   SUNSET   830 PM EDT
JUNE 28 2015..........SUNRISE   518 AM EDT   SUNSET   830 PM EDT


-  INDICATES NEGATIVE NUMBERS.
R  INDICATES RECORD WAS SET OR TIED.
MM INDICATES DATA IS MISSING.
T  INDICATES TRACE AMOUNT.




$$
