000
CDUS41 KBOX 060528
CLIBDL


CLIMATE REPORT
NATIONAL WEATHER SERVICE TAUNTON MA
128 AM EDT WED SEP 6 2017


...................................

...THE HARTFORD CT CLIMATE SUMMARY FOR SEPTEMBER 5 2017...

CLIMATE NORMAL PERIOD 1981 TO 2010
CLIMATE RECORD PERIOD 1904 TO 2017


WEATHER ITEM   OBSERVED TIME   RECORD YEAR NORMAL DEPARTURE LAST
                VALUE   (LST)  VALUE       VALUE  FROM      YEAR
                                                  NORMAL
..................................................................
TEMPERATURE (F)
 YESTERDAY
  MAXIMUM         87    134 PM  93    1983  79      8       81
  MINIMUM         64    412 AM  44    1989  57      7       53
                                      1987
                                      1906
  AVERAGE         76                        68      8       67

PRECIPITATION (IN)
  YESTERDAY        0.13          1.09 1907   0.11   0.02     0.00
  MONTH TO DATE    1.05                      0.54   0.51     0.35
  SINCE SEP 1      1.05                      0.54   0.51     0.35
  SINCE JAN 1     32.16                     30.81   1.35    22.69

SNOWFALL (IN)
  YESTERDAY        0.0           0.0  2002   0.0    0.0      0.0
                                      2001
                                      2000
  MONTH TO DATE    0.0                       0.0    0.0      0.0
  SINCE SEP 1      0.0                       0.0    0.0      0.0
  SINCE JUL 1      0.0                       0.0    0.0      0.0
  SNOW DEPTH       0

DEGREE DAYS
 HEATING
  YESTERDAY        0                         1     -1        0
  MONTH TO DATE   24                         5     19        0
  SINCE SEP 1     24                         5     19        0
  SINCE JUL 1     40                        17     23        0

 COOLING
  YESTERDAY       11                         4      7        2
  MONTH TO DATE   15                        23     -8       16
  SINCE SEP 1     15                        23     -8       16
  SINCE JAN 1    702                       698      4      946
..................................................................


WIND (MPH)
  RESULTANT WIND SPEED  10   RESULTANT WIND DIRECTION   S (190)
  HIGHEST WIND SPEED    21   HIGHEST WIND DIRECTION     S (170)
  HIGHEST GUST SPEED    25   HIGHEST GUST DIRECTION     S (160)
  AVERAGE WIND SPEED     9.9


SKY COVER
  POSSIBLE SUNSHINE  MM
  AVERAGE SKY COVER 0.5


WEATHER CONDITIONS
 THE FOLLOWING WEATHER WAS RECORDED YESTERDAY.
  THUNDERSTORM
  RAIN
  LIGHT RAIN
  FOG


RELATIVE HUMIDITY (PERCENT)
 HIGHEST   100          1100 PM
 LOWEST     51           100 PM
 AVERAGE    76

..........................................................


THE HARTFORD CT CLIMATE NORMALS FOR TODAY
                         NORMAL    RECORD    YEAR
 MAXIMUM TEMPERATURE (F)   78        96      1983
 MINIMUM TEMPERATURE (F)   57        40      1984


SUNRISE AND SUNSET
SEPTEMBER  6 2017.....SUNRISE   622 AM EDT   SUNSET   715 PM EDT
SEPTEMBER  7 2017.....SUNRISE   623 AM EDT   SUNSET   714 PM EDT


-  INDICATES NEGATIVE NUMBERS.
R  INDICATES RECORD WAS SET OR TIED.
MM INDICATES DATA IS MISSING.
T  INDICATES TRACE AMOUNT.




$$
