000
CDUS41 KBOX 152149
CLIBDL


CLIMATE REPORT
NATIONAL WEATHER SERVICE TAUNTON MA
538 PM EDT FRI MAY 15 2015


...................................

...THE HARTFORD CT CLIMATE SUMMARY FOR MAY 15 2015...
VALID AS OF 0500 PM LOCAL TIME.

CLIMATE NORMAL PERIOD 1981 TO 2010
CLIMATE RECORD PERIOD 1904 TO 2015


WEATHER ITEM   OBSERVED TIME   RECORD YEAR NORMAL DEPARTURE LAST
                VALUE   (LST)  VALUE       VALUE  FROM      YEAR
                                                  NORMAL
..................................................................
TEMPERATURE (F)
 TODAY
  MAXIMUM         77    252 PM  89    2004  71      6       77
  MINIMUM         40    443 AM  32    2013  47     -7       60
  AVERAGE         59                        59      0       69

PRECIPITATION (IN)
  TODAY            0.00          1.93 1972   0.14  -0.14     0.10
  MONTH TO DATE    T                         1.88  -1.88     1.46
  SINCE MAR 1      6.06                      9.22  -3.16    11.64
  SINCE JAN 1     12.24                     15.34  -3.10    19.01

SNOWFALL (IN)
  TODAY            0.0           0.0  2001   0.0    0.0      0.0
                                      2000
  MONTH TO DATE    0.0                       0.0    0.0      0.0
  SINCE MAR 1      9.0                       7.8    1.2      1.0
  SINCE JUL 1     63.8                      40.5   23.3     51.1
  SNOW DEPTH       0

DEGREE DAYS
 HEATING
  TODAY            6                         7     -1        0
  MONTH TO DATE   45                       126    -81       91
  SINCE MAR 1   1503                      1441     62     1609
  SINCE JUL 1   6148                      5879    269     6288

 COOLING
  TODAY            0                         1     -1        4
  MONTH TO DATE   51                         8     43       19
  SINCE MAR 1     51                        14     37       20
  SINCE JAN 1     51                        14     37       20
..................................................................


WIND (MPH)
  HIGHEST WIND SPEED    17   HIGHEST WIND DIRECTION     S (180)
  HIGHEST GUST SPEED    21   HIGHEST GUST DIRECTION     S (180)
  AVERAGE WIND SPEED     5.1


SKY COVER
  POSSIBLE SUNSHINE  MM
  AVERAGE SKY COVER 0.7


WEATHER CONDITIONS
 THE FOLLOWING WEATHER WAS RECORDED TODAY.
  NO SIGNIFICANT WEATHER WAS OBSERVED.


RELATIVE HUMIDITY (PERCENT)
 HIGHEST    79           500 AM
 LOWEST     25           300 PM
 AVERAGE    52

..........................................................


THE HARTFORD CT CLIMATE NORMALS FOR TOMORROW
                         NORMAL    RECORD    YEAR
 MAXIMUM TEMPERATURE (F)   71        91      1965
 MINIMUM TEMPERATURE (F)   48        35      1947


SUNRISE AND SUNSET
MAY 15 2015...........SUNRISE   531 AM EDT   SUNSET   804 PM EDT
MAY 16 2015...........SUNRISE   530 AM EDT   SUNSET   805 PM EDT


-  INDICATES NEGATIVE NUMBERS.
R  INDICATES RECORD WAS SET OR TIED.
MM INDICATES DATA IS MISSING.
T  INDICATES TRACE AMOUNT.




$$
