000
CDUS41 KBOX 040553
CLIBDL


CLIMATE REPORT
NATIONAL WEATHER SERVICE TAUNTON MA
1249 AM EST WED JAN 4 2017


...................................

...THE HARTFORD CT CLIMATE SUMMARY FOR JANUARY 3 2017...

CLIMATE NORMAL PERIOD 1981 TO 2010
CLIMATE RECORD PERIOD 1904 TO 2017


WEATHER ITEM   OBSERVED TIME   RECORD YEAR NORMAL DEPARTURE LAST
                VALUE   (LST)  VALUE       VALUE  FROM      YEAR
                                                  NORMAL
..................................................................
TEMPERATURE (F)
 YESTERDAY
  MAXIMUM         39    942 PM  62    2000  35      4       43
  MINIMUM         34    303 AM  -3    2008  18     16       28
                                      2001
  AVERAGE         37                        27     10       36

PRECIPITATION (IN)
  YESTERDAY        0.89          1.64 1936   0.10   0.79     0.00
  MONTH TO DATE    0.90                      0.30   0.60      T
  SINCE DEC 1      3.63                      3.74  -0.11     4.25
  SINCE JAN 1      0.90                      0.30   0.60      T

SNOWFALL (IN)
  YESTERDAY        0.0          12.5  2006   0.3   -0.3      0.0
  MONTH TO DATE    0.0                       1.1   -1.1       T
  SINCE DEC 1     10.2                       8.5    1.7      1.0
  SINCE JUL 1     11.7                      10.5    1.2      1.0
  SNOW DEPTH       0

DEGREE DAYS
 HEATING
  YESTERDAY       28                        38    -10       29
  MONTH TO DATE   95                       114    -19       92
  SINCE DEC 1   1105                      1151    -46      762
  SINCE JUL 1   2142                      2358   -216     1746

 COOLING
  YESTERDAY        0                         0      0        0
  MONTH TO DATE    0                         0      0        0
  SINCE DEC 1      0                         0      0        0
  SINCE JAN 1      0                         0      0        0
..................................................................


WIND (MPH)
  RESULTANT WIND SPEED  10   RESULTANT WIND DIRECTION   N (0)
  HIGHEST WIND SPEED    18   HIGHEST WIND DIRECTION     N (10)
  HIGHEST GUST SPEED    24   HIGHEST GUST DIRECTION     N (10)
  AVERAGE WIND SPEED    10.4


SKY COVER
  POSSIBLE SUNSHINE  MM
  AVERAGE SKY COVER 1.0


WEATHER CONDITIONS
 THE FOLLOWING WEATHER WAS RECORDED YESTERDAY.
  RAIN
  LIGHT RAIN
  FOG


RELATIVE HUMIDITY (PERCENT)
 HIGHEST   100           200 PM
 LOWEST     75          1200 AM
 AVERAGE    88

..........................................................


THE HARTFORD CT CLIMATE NORMALS FOR TODAY
                         NORMAL    RECORD    YEAR
 MAXIMUM TEMPERATURE (F)   35        61      1993
 MINIMUM TEMPERATURE (F)   18        -9      2014


SUNRISE AND SUNSET
JANUARY  4 2017.......SUNRISE   719 AM EST   SUNSET   433 PM EST
JANUARY  5 2017.......SUNRISE   719 AM EST   SUNSET   434 PM EST


-  INDICATES NEGATIVE NUMBERS.
R  INDICATES RECORD WAS SET OR TIED.
MM INDICATES DATA IS MISSING.
T  INDICATES TRACE AMOUNT.




$$
