000
CDUS41 KBOX 092131
CLIBDL


CLIMATE REPORT
NATIONAL WEATHER SERVICE TAUNTON MA
428 PM EST THU MAR 9 2017


...................................

...THE HARTFORD CT CLIMATE SUMMARY FOR MARCH 9 2017...
VALID AS OF 0400 PM LOCAL TIME.

CLIMATE NORMAL PERIOD 1981 TO 2010
CLIMATE RECORD PERIOD 1904 TO 2017


WEATHER ITEM   OBSERVED TIME   RECORD YEAR NORMAL DEPARTURE LAST
                VALUE   (LST)  VALUE       VALUE  FROM      YEAR
                                                  NORMAL
..................................................................
TEMPERATURE (F)
 TODAY
  MAXIMUM         54    243 PM  81    2016  45      9       81
  MINIMUM         39    121 AM   4    2007  26     13       40
  AVERAGE         47                        35     12       61

PRECIPITATION (IN)
  TODAY            0.00          2.40 1998   0.12  -0.12     0.00
  MONTH TO DATE    0.23                      1.00  -0.77     0.54
  SINCE MAR 1      0.23                      1.00  -0.77     0.54
  SINCE JAN 1      6.21                      7.12  -0.91     7.37

SNOWFALL (IN)
  TODAY            0.0           4.1  1984   0.2   -0.2      0.0
  MONTH TO DATE    T                         2.3   -2.3      0.2
  SINCE MAR 1      T                         2.3   -2.3      0.2
  SINCE JUL 1     42.7                      35.0    7.7     17.3
  SNOW DEPTH       0

DEGREE DAYS
 HEATING
  TODAY           18                        30    -12        4
  MONTH TO DATE  251                       278    -27      237
  SINCE MAR 1    251                       278    -27      237
  SINCE JUL 1   4144                      4716   -572     3913

 COOLING
  TODAY            0                         0      0        0
  MONTH TO DATE    0                         0      0        0
  SINCE MAR 1      0                         0      0        0
  SINCE JAN 1      0                         0      0        0
..................................................................


WIND (MPH)
  HIGHEST WIND SPEED    35   HIGHEST WIND DIRECTION     W (290)
  HIGHEST GUST SPEED    45   HIGHEST GUST DIRECTION    NW (300)
  AVERAGE WIND SPEED    16.3


SKY COVER
  POSSIBLE SUNSHINE  MM
  AVERAGE SKY COVER 0.3


WEATHER CONDITIONS
 THE FOLLOWING WEATHER WAS RECORDED TODAY.
  NO SIGNIFICANT WEATHER WAS OBSERVED.


RELATIVE HUMIDITY (PERCENT)
 HIGHEST    53          1200 AM
 LOWEST     17           900 AM
 AVERAGE    35

..........................................................


THE HARTFORD CT CLIMATE NORMALS FOR TOMORROW
                         NORMAL    RECORD    YEAR
 MAXIMUM TEMPERATURE (F)   45        72      2016
 MINIMUM TEMPERATURE (F)   26         1      1984


SUNRISE AND SUNSET
MARCH  9 2017.........SUNRISE   612 AM EST   SUNSET   551 PM EST
MARCH 10 2017.........SUNRISE   611 AM EST   SUNSET   552 PM EST


-  INDICATES NEGATIVE NUMBERS.
R  INDICATES RECORD WAS SET OR TIED.
MM INDICATES DATA IS MISSING.
T  INDICATES TRACE AMOUNT.




$$
