000
CDUS41 KBOX 070535
CLIBDL


CLIMATE REPORT
NATIONAL WEATHER SERVICE TAUNTON MA
135 AM EDT FRI APR 7 2017


...................................

...THE HARTFORD CT CLIMATE SUMMARY FOR APRIL 6 2017...

CLIMATE NORMAL PERIOD 1981 TO 2010
CLIMATE RECORD PERIOD 1904 TO 2017


WEATHER ITEM   OBSERVED TIME   RECORD YEAR NORMAL DEPARTURE LAST
                VALUE   (LST)  VALUE       VALUE  FROM      YEAR
                                                  NORMAL
..................................................................
TEMPERATURE (F)
 YESTERDAY
  MAXIMUM         44    133 AM  81    1921  56    -12       44
  MINIMUM         38    903 AM  17    1982  35      3       20
  AVERAGE         41                        46     -5       32

PRECIPITATION (IN)
  YESTERDAY        0.85          1.45 1958   0.12   0.73     0.00
  MONTH TO DATE    2.17                      0.75   1.42     0.89
  SINCE MAR 1      6.10                      4.37   1.73     3.09
  SINCE JAN 1     12.08                     10.49   1.59     9.92

SNOWFALL (IN)
  YESTERDAY        0.0          14.1  1982   0.1   -0.1      0.0
  MONTH TO DATE    0.5                       0.5    0.0      6.9
  SINCE MAR 1     19.6                       6.9   12.7      9.8
  SINCE JUL 1     62.3                      39.6   22.7     26.9
  SNOW DEPTH       0

DEGREE DAYS
 HEATING
  YESTERDAY       24                        19      5       33
  MONTH TO DATE  129                       122      7      163
  SINCE MAR 1   1106                       965    141      807
  SINCE JUL 1   4999                      5403   -404     4483

 COOLING
  YESTERDAY        0                         0      0        0
  MONTH TO DATE    0                         0      0        0
  SINCE MAR 1      0                         0      0        0
  SINCE JAN 1      0                         0      0        0
..................................................................


WIND (MPH)
  RESULTANT WIND SPEED   5   RESULTANT WIND DIRECTION  NE (50)
  HIGHEST WIND SPEED    20   HIGHEST WIND DIRECTION     N (20)
  HIGHEST GUST SPEED    24   HIGHEST GUST DIRECTION    NE (30)
  AVERAGE WIND SPEED     9.0


SKY COVER
  POSSIBLE SUNSHINE  MM
  AVERAGE SKY COVER 1.0


WEATHER CONDITIONS
 THE FOLLOWING WEATHER WAS RECORDED YESTERDAY.
  THUNDERSTORM
  HEAVY RAIN
  RAIN
  LIGHT RAIN
  FOG


RELATIVE HUMIDITY (PERCENT)
 HIGHEST   100           900 AM
 LOWEST     76           200 AM
 AVERAGE    88

..........................................................


THE HARTFORD CT CLIMATE NORMALS FOR TODAY
                         NORMAL    RECORD    YEAR
 MAXIMUM TEMPERATURE (F)   57        93      2010
 MINIMUM TEMPERATURE (F)   36        14      1982


SUNRISE AND SUNSET
APRIL  7 2017.........SUNRISE   623 AM EDT   SUNSET   723 PM EDT
APRIL  8 2017.........SUNRISE   621 AM EDT   SUNSET   724 PM EDT


-  INDICATES NEGATIVE NUMBERS.
R  INDICATES RECORD WAS SET OR TIED.
MM INDICATES DATA IS MISSING.
T  INDICATES TRACE AMOUNT.




$$
