000
CDUS41 KBOX 112156
CLIBDL


CLIMATE REPORT
NATIONAL WEATHER SERVICE TAUNTON MA
546 PM EDT THU MAY 11 2017


...................................

...THE HARTFORD CT CLIMATE SUMMARY FOR MAY 11 2017...
VALID AS OF 0500 PM LOCAL TIME.

CLIMATE NORMAL PERIOD 1981 TO 2010
CLIMATE RECORD PERIOD 1904 TO 2017


WEATHER ITEM   OBSERVED TIME   RECORD YEAR NORMAL DEPARTURE LAST
                VALUE   (LST)  VALUE       VALUE  FROM      YEAR
                                                  NORMAL
..................................................................
TEMPERATURE (F)
 TODAY
  MAXIMUM         65    300 PM  92    1993  70     -5       80
  MINIMUM         40    508 AM  29    2010  46     -6       39
  AVERAGE         53                        58     -5       60

PRECIPITATION (IN)
  TODAY            0.00          1.84 2007   0.13  -0.13     0.00
  MONTH TO DATE    1.81                      1.36   0.45     1.56
  SINCE MAR 1      9.51                      8.70   0.81     6.20
  SINCE JAN 1     15.49                     14.82   0.67    13.03

SNOWFALL (IN)
  TODAY            0.0           T    1907   0.0    0.0      0.0
  MONTH TO DATE    0.0                       0.0    0.0      0.0
  SINCE MAR 1     19.6                       7.8   11.8      9.8
  SINCE JUL 1     62.3                      40.5   21.8     26.9
  SNOW DEPTH       0

DEGREE DAYS
 HEATING
  TODAY           12                         8      4        5
  MONTH TO DATE  127                        98     29      139
  SINCE MAR 1   1469                      1413     56     1299
  SINCE JUL 1   5362                      5851   -489     4975

 COOLING
  TODAY            0                         1     -1        0
  MONTH TO DATE    0                         4     -4        0
  SINCE MAR 1     23                        10     13        2
  SINCE JAN 1     23                        10     13        2
..................................................................


WIND (MPH)
  HIGHEST WIND SPEED    15   HIGHEST WIND DIRECTION     N (360)
  HIGHEST GUST SPEED    19   HIGHEST GUST DIRECTION    NE (30)
  AVERAGE WIND SPEED     5.8


SKY COVER
  POSSIBLE SUNSHINE  MM
  AVERAGE SKY COVER 0.6


WEATHER CONDITIONS
 THE FOLLOWING WEATHER WAS RECORDED TODAY.
  NO SIGNIFICANT WEATHER WAS OBSERVED.


RELATIVE HUMIDITY (PERCENT)
 HIGHEST    79           500 AM
 LOWEST     34           300 PM
 AVERAGE    57

..........................................................


THE HARTFORD CT CLIMATE NORMALS FOR TOMORROW
                         NORMAL    RECORD    YEAR
 MAXIMUM TEMPERATURE (F)   70        90      2014
                                             2004
 MINIMUM TEMPERATURE (F)   47        32      1983
                                             1907


SUNRISE AND SUNSET
MAY 11 2017...........SUNRISE   534 AM EDT   SUNSET   800 PM EDT
MAY 12 2017...........SUNRISE   533 AM EDT   SUNSET   801 PM EDT


-  INDICATES NEGATIVE NUMBERS.
R  INDICATES RECORD WAS SET OR TIED.
MM INDICATES DATA IS MISSING.
T  INDICATES TRACE AMOUNT.




$$
