000
CDUS41 KBOX 130543
CLIBDL


CLIMATE REPORT
NATIONAL WEATHER SERVICE TAUNTON MA
141 AM EDT THU APR 13 2017


...................................

...THE HARTFORD CT CLIMATE SUMMARY FOR APRIL 12 2017...

CLIMATE NORMAL PERIOD 1981 TO 2010
CLIMATE RECORD PERIOD 1904 TO 2017


WEATHER ITEM   OBSERVED TIME   RECORD YEAR NORMAL DEPARTURE LAST
                VALUE   (LST)  VALUE       VALUE  FROM      YEAR
                                                  NORMAL
..................................................................
TEMPERATURE (F)
 YESTERDAY
  MAXIMUM         67   1030 AM  88    1977  59      8       55
  MINIMUM         48   1159 PM  22    1976  37     11       32
                                      1926
  AVERAGE         58                        48     10       44

PRECIPITATION (IN)
  YESTERDAY        0.09          2.53 1934   0.13  -0.04     0.26
  MONTH TO DATE    2.27                      1.52   0.75     1.60
  SINCE MAR 1      6.20                      5.14   1.06     3.80
  SINCE JAN 1     12.18                     11.26   0.92    10.63

SNOWFALL (IN)
  YESTERDAY        0.0           2.7  1918   0.1   -0.1      0.0
  MONTH TO DATE    0.5                       0.9   -0.4      6.9
  SINCE MAR 1     19.6                       7.3   12.3      9.8
  SINCE JUL 1     62.3                      40.0   22.3     26.9
  SNOW DEPTH       0

DEGREE DAYS
 HEATING
  YESTERDAY        7                        17    -10       21
  MONTH TO DATE  194                       230    -36      289
  SINCE MAR 1   1171                      1073     98      933
  SINCE JUL 1   5064                      5511   -447     4609

 COOLING
  YESTERDAY        0                         0      0        0
  MONTH TO DATE    4                         0      4        0
  SINCE MAR 1      4                         0      4        0
  SINCE JAN 1      4                         0      4        0
..................................................................


WIND (MPH)
  RESULTANT WIND SPEED   2   RESULTANT WIND DIRECTION   N (340)
  HIGHEST WIND SPEED    17   HIGHEST WIND DIRECTION    NW (300)
  HIGHEST GUST SPEED    24   HIGHEST GUST DIRECTION     W (290)
  AVERAGE WIND SPEED     5.2


SKY COVER
  POSSIBLE SUNSHINE  MM
  AVERAGE SKY COVER 0.6


WEATHER CONDITIONS
 THE FOLLOWING WEATHER WAS RECORDED YESTERDAY.
  RAIN
  LIGHT RAIN
  FOG


RELATIVE HUMIDITY (PERCENT)
 HIGHEST    89           500 AM
 LOWEST     57           700 PM
 AVERAGE    73

..........................................................


THE HARTFORD CT CLIMATE NORMALS FOR TODAY
                         NORMAL    RECORD    YEAR
 MAXIMUM TEMPERATURE (F)   60        86      1977
 MINIMUM TEMPERATURE (F)   38        24      1990


SUNRISE AND SUNSET
APRIL 13 2017.........SUNRISE   613 AM EDT   SUNSET   730 PM EDT
APRIL 14 2017.........SUNRISE   612 AM EDT   SUNSET   731 PM EDT


-  INDICATES NEGATIVE NUMBERS.
R  INDICATES RECORD WAS SET OR TIED.
MM INDICATES DATA IS MISSING.
T  INDICATES TRACE AMOUNT.




$$
