000
CDUS41 KBOX 100533
CLIBDL


CLIMATE REPORT
NATIONAL WEATHER SERVICE TAUNTON MA
133 AM EDT MON JUL 10 2017


...................................

...THE HARTFORD CT CLIMATE SUMMARY FOR JULY 9 2017...

CLIMATE NORMAL PERIOD 1981 TO 2010
CLIMATE RECORD PERIOD 1904 TO 2017


WEATHER ITEM   OBSERVED TIME   RECORD YEAR NORMAL DEPARTURE LAST
                VALUE   (LST)  VALUE       VALUE  FROM      YEAR
                                                  NORMAL
..................................................................
TEMPERATURE (F)
 YESTERDAY
  MAXIMUM         82    450 PM  99    1936  84     -2       69
  MINIMUM         59    344 AM  46    1963  63     -4       62
  AVERAGE         71                        74     -3       66

PRECIPITATION (IN)
  YESTERDAY        0.00          1.31 1997   0.13  -0.13     0.11
  MONTH TO DATE    1.17                      1.07   0.10     0.94
  SINCE JUN 1      4.78                      5.42  -0.64     2.95
  SINCE JAN 1     23.05                     23.23  -0.18    16.89

SNOWFALL (IN)
  YESTERDAY        0.0           0.0  2002   0.0    0.0      0.0
                                      2001
                                      2000
  MONTH TO DATE    0.0                       0.0    0.0      0.0
  SINCE JUN 1      0.0                       0.0    0.0      0.0
  SINCE JUL 1      0.0                       0.0    0.0      0.0
  SNOW DEPTH       0

DEGREE DAYS
 HEATING
  YESTERDAY        0                         0      0        0
  MONTH TO DATE    0                         0      0        0
  SINCE JUN 1     44                        40      4       16
  SINCE JUL 1      0                         0      0        0

 COOLING
  YESTERDAY        6                         9     -3        1
  MONTH TO DATE   77                        73      4       80
  SINCE JUN 1    243                       217     26      229
  SINCE JAN 1    303                       256     47      303
..................................................................


WIND (MPH)
  RESULTANT WIND SPEED   4   RESULTANT WIND DIRECTION   W (280)
  HIGHEST WIND SPEED    17   HIGHEST WIND DIRECTION     W (250)
  HIGHEST GUST SPEED    23   HIGHEST GUST DIRECTION     W (290)
  AVERAGE WIND SPEED     6.5


SKY COVER
  POSSIBLE SUNSHINE  MM
  AVERAGE SKY COVER 0.2


WEATHER CONDITIONS
 THE FOLLOWING WEATHER WAS RECORDED YESTERDAY.
  NO SIGNIFICANT WEATHER WAS OBSERVED.


RELATIVE HUMIDITY (PERCENT)
 HIGHEST    84           400 AM
 LOWEST     35           200 PM
 AVERAGE    60

..........................................................


THE HARTFORD CT CLIMATE NORMALS FOR TODAY
                         NORMAL    RECORD    YEAR
 MAXIMUM TEMPERATURE (F)   85       100      1936
                                             1911
 MINIMUM TEMPERATURE (F)   63        49      1963


SUNRISE AND SUNSET
JULY 10 2017..........SUNRISE   525 AM EDT   SUNSET   827 PM EDT
JULY 11 2017..........SUNRISE   526 AM EDT   SUNSET   826 PM EDT


-  INDICATES NEGATIVE NUMBERS.
R  INDICATES RECORD WAS SET OR TIED.
MM INDICATES DATA IS MISSING.
T  INDICATES TRACE AMOUNT.




$$
