000
CDUS41 KBOX 170547
CLIBDL


CLIMATE REPORT
NATIONAL WEATHER SERVICE TAUNTON MA
1239 AM EST TUE FEB 17 2015


...................................

...THE HARTFORD CT CLIMATE SUMMARY FOR FEBRUARY 16 2015...

CLIMATE NORMAL PERIOD 1981 TO 2010
CLIMATE RECORD PERIOD 1904 TO 2015


WEATHER ITEM   OBSERVED TIME   RECORD YEAR NORMAL DEPARTURE LAST
                VALUE   (LST)  VALUE       VALUE  FROM      YEAR
                                                  NORMAL
..................................................................
TEMPERATURE (F)
 YESTERDAY
  MAXIMUM         17    351 PM  72    1954  39    -22       30
  MINIMUM         -5    631 AM -24    1943  21    -26       19
  AVERAGE          6                        30    -24       25

PRECIPITATION (IN)
  YESTERDAY        0.00          1.11 1993   0.10  -0.10     0.00
  MONTH TO DATE    2.05                      1.63   0.42     3.14
  SINCE DEC 1      9.83                      8.30   1.53    10.47
  SINCE JAN 1      5.28                      4.86   0.42     6.55

SNOWFALL (IN)
  YESTERDAY        0.0          10.6  1958   0.4   -0.4      0.0
  MONTH TO DATE   23.9                       6.9   17.0     23.0
  SINCE DEC 1     41.7                      26.6   15.1     46.0
  SINCE JUL 1     46.8                      28.6   18.2     46.0
  SNOW DEPTH      24

DEGREE DAYS
 HEATING
  YESTERDAY       59                        35     24       40
  MONTH TO DATE  775                       586    189      658
  SINCE DEC 1   2962                      2829    133     2972
  SINCE JUL 1   4059                      4036     23     4204

 COOLING
  YESTERDAY        0                         0      0        0
  MONTH TO DATE    0                         0      0        0
  SINCE DEC 1      0                         0      0        0
  SINCE JAN 1      0                         0      0        0
..................................................................


WIND (MPH)
  RESULTANT WIND SPEED  11   RESULTANT WIND DIRECTION  NW (310)
  HIGHEST WIND SPEED    28   HIGHEST WIND DIRECTION    NW (310)
  HIGHEST GUST SPEED    36   HIGHEST GUST DIRECTION    NW (300)
  AVERAGE WIND SPEED    11.0


SKY COVER
  POSSIBLE SUNSHINE  MM
  AVERAGE SKY COVER 0.5


WEATHER CONDITIONS
 THE FOLLOWING WEATHER WAS RECORDED YESTERDAY.
  HAZE


RELATIVE HUMIDITY (PERCENT)
 HIGHEST    51          1200 AM
 LOWEST     28           400 PM
 AVERAGE    40

..........................................................


THE HARTFORD CT CLIMATE NORMALS FOR TODAY
                         NORMAL    RECORD    YEAR
 MAXIMUM TEMPERATURE (F)   39        64      1981
 MINIMUM TEMPERATURE (F)   21        -6      1922


SUNRISE AND SUNSET
FEBRUARY 17 2015......SUNRISE   644 AM EST   SUNSET   526 PM EST
FEBRUARY 18 2015......SUNRISE   643 AM EST   SUNSET   527 PM EST


-  INDICATES NEGATIVE NUMBERS.
R  INDICATES RECORD WAS SET OR TIED.
MM INDICATES DATA IS MISSING.
T  INDICATES TRACE AMOUNT.




$$
