000
CDUS41 KBOX 162121
CLIBDL


CLIMATE REPORT
NATIONAL WEATHER SERVICE TAUNTON MA
421 PM EST TUE DEC 16 2014


...................................

...THE HARTFORD CT CLIMATE SUMMARY FOR DECEMBER 16 2014...
VALID AS OF 0400 PM LOCAL TIME.

CLIMATE NORMAL PERIOD 1981 TO 2010
CLIMATE RECORD PERIOD 1904 TO 2014


WEATHER ITEM   OBSERVED TIME   RECORD YEAR NORMAL DEPARTURE LAST
                VALUE   (LST)  VALUE       VALUE  FROM      YEAR
                                                  NORMAL
..................................................................
TEMPERATURE (F)
 TODAY
  MAXIMUM         37    359 PM  60    1971  39     -2       29
  MINIMUM         26    619 AM  -4    1917  23      3        9
  AVERAGE         32                        31      1       19

PRECIPITATION (IN)
  TODAY            0.00          1.35 1974   0.10  -0.10      T
  MONTH TO DATE    3.34                      1.90   1.44     1.66
  SINCE DEC 1      3.34                      1.90   1.44     1.66
  SINCE JAN 1     44.62                     44.31   0.31    49.45

SNOWFALL (IN)
  TODAY            0.0           4.8  1989   0.3   -0.3       T
  MONTH TO DATE    0.1                       3.1   -3.0      7.6
  SINCE DEC 1      0.1                       3.1   -3.0      7.6
  SINCE JUL 1      5.2                       5.1    0.1      7.6
  SNOW DEPTH       0

DEGREE DAYS
 HEATING
  TODAY           33                        34     -1       46
  MONTH TO DATE  482                       495    -13      562
  SINCE DEC 1    482                       495    -13      562
  SINCE JUL 1   1579                      1702   -123     1794

 COOLING
  TODAY            0                         0      0        0
  MONTH TO DATE    0                         0      0        0
  SINCE DEC 1      0                         0      0        0
  SINCE JAN 1    771                       756     15      894
..................................................................


WIND (MPH)
  HIGHEST WIND SPEED     6   HIGHEST WIND DIRECTION    NE (30)
  HIGHEST GUST SPEED     6   HIGHEST GUST DIRECTION    NE (30)
  AVERAGE WIND SPEED     2.1


SKY COVER
  POSSIBLE SUNSHINE  MM
  AVERAGE SKY COVER 0.7


WEATHER CONDITIONS
 THE FOLLOWING WEATHER WAS RECORDED TODAY.
  FOG


RELATIVE HUMIDITY (PERCENT)
 HIGHEST    92           700 AM
 LOWEST     76           400 PM
 AVERAGE    84

..........................................................


THE HARTFORD CT CLIMATE NORMALS FOR TOMORROW
                         NORMAL    RECORD    YEAR
 MAXIMUM TEMPERATURE (F)   39        63      2000
 MINIMUM TEMPERATURE (F)   23        -6      1942


SUNRISE AND SUNSET
DECEMBER 16 2014......SUNRISE   712 AM EST   SUNSET   421 PM EST
DECEMBER 17 2014......SUNRISE   713 AM EST   SUNSET   421 PM EST


-  INDICATES NEGATIVE NUMBERS.
R  INDICATES RECORD WAS SET OR TIED.
MM INDICATES DATA IS MISSING.
T  INDICATES TRACE AMOUNT.




$$
