000
CDUS41 KBOX 050615
CLIBDL


CLIMATE REPORT
NATIONAL WEATHER SERVICE TAUNTON MA
109 AM EST FRI FEB 5 2016


...................................

...THE HARTFORD CT CLIMATE SUMMARY FOR FEBRUARY 4 2016...

CLIMATE NORMAL PERIOD 1981 TO 2010
CLIMATE RECORD PERIOD 1904 TO 2016


WEATHER ITEM   OBSERVED TIME   RECORD YEAR NORMAL DEPARTURE LAST
                VALUE   (LST)  VALUE       VALUE  FROM      YEAR
                                                  NORMAL
..................................................................
TEMPERATURE (F)
 YESTERDAY
  MAXIMUM         56   1208 AM  64    1991  36     20       38
  MINIMUM         42   1159 PM  -8    1965  19     23       -1
  AVERAGE         49                        28     21       19

PRECIPITATION (IN)
  YESTERDAY        T             1.73 1995   0.10  -0.10     0.01
  MONTH TO DATE    0.76                      0.41   0.35     1.03
  SINCE DEC 1      6.97                      7.08  -0.11     8.81
  SINCE JAN 1      2.72                      3.64  -0.92     4.26

SNOWFALL (IN)
  YESTERDAY        0.0          16.2  1926   0.4   -0.4       T
  MONTH TO DATE    0.0                       1.8   -1.8     10.8
  SINCE DEC 1      2.9                      21.5  -18.6     28.6
  SINCE JUL 1      2.9                      23.5  -20.6     33.7
  SNOW DEPTH       0

DEGREE DAYS
 HEATING
  YESTERDAY       16                        37    -21       46
  MONTH TO DATE   81                       151    -70      186
  SINCE DEC 1   1822                      2394   -572     2373
  SINCE JUL 1   2806                      3601   -795     3470

 COOLING
  YESTERDAY        0                         0      0        0
  MONTH TO DATE    0                         0      0        0
  SINCE DEC 1      0                         0      0        0
  SINCE JAN 1      0                         0      0        0
..................................................................


WIND (MPH)
  RESULTANT WIND SPEED   3   RESULTANT WIND DIRECTION  NW (310)
  HIGHEST WIND SPEED    21   HIGHEST WIND DIRECTION    NW (310)
  HIGHEST GUST SPEED    24   HIGHEST GUST DIRECTION    NW (310)
  AVERAGE WIND SPEED     9.0


SKY COVER
  POSSIBLE SUNSHINE  MM
  AVERAGE SKY COVER 0.9


WEATHER CONDITIONS
 THE FOLLOWING WEATHER WAS RECORDED YESTERDAY.
  LIGHT RAIN
  FOG


RELATIVE HUMIDITY (PERCENT)
 HIGHEST    93          1200 AM
 LOWEST     42           300 PM
 AVERAGE    68

..........................................................


THE HARTFORD CT CLIMATE NORMALS FOR TODAY
                         NORMAL    RECORD    YEAR
 MAXIMUM TEMPERATURE (F)   36        67      1991
 MINIMUM TEMPERATURE (F)   19       -13      1996


SUNRISE AND SUNSET
FEBRUARY  5 2016......SUNRISE   700 AM EST   SUNSET   510 PM EST
FEBRUARY  6 2016......SUNRISE   658 AM EST   SUNSET   512 PM EST


-  INDICATES NEGATIVE NUMBERS.
R  INDICATES RECORD WAS SET OR TIED.
MM INDICATES DATA IS MISSING.
T  INDICATES TRACE AMOUNT.




$$
