000
CDUS41 KBOX 150543
CLIBDL


CLIMATE REPORT
NATIONAL WEATHER SERVICE TAUNTON MA
143 AM EDT SUN MAY 15 2016


...................................

...THE HARTFORD CT CLIMATE SUMMARY FOR MAY 14 2016...

CLIMATE NORMAL PERIOD 1981 TO 2010
CLIMATE RECORD PERIOD 1904 TO 2016


WEATHER ITEM   OBSERVED TIME   RECORD YEAR NORMAL DEPARTURE LAST
                VALUE   (LST)  VALUE       VALUE  FROM      YEAR
                                                  NORMAL
..................................................................
TEMPERATURE (F)
 YESTERDAY
  MAXIMUM         77    134 PM  88    1907  71      6       73
  MINIMUM         52    443 AM  32    1987  47      5       40
  AVERAGE         65                        59      6       57

PRECIPITATION (IN)
  YESTERDAY        0.09          0.85 1931   0.12  -0.03     0.00
  MONTH TO DATE    1.77                      1.74   0.03      T
  SINCE MAR 1      6.41                      9.08  -2.67     6.06
  SINCE JAN 1     13.24                     15.20  -1.96    12.24

SNOWFALL (IN)
  YESTERDAY        0.0           0.0  2001   0.0    0.0      0.0
                                      2000
  MONTH TO DATE    0.0                       0.0    0.0      0.0
  SINCE MAR 1      9.8                       7.8    2.0      9.0
  SINCE JUL 1     26.9                      40.5  -13.6     63.8
  SNOW DEPTH       0

DEGREE DAYS
 HEATING
  YESTERDAY        0                         7     -7        8
  MONTH TO DATE  144                       119     25       39
  SINCE MAR 1   1304                      1434   -130     1497
  SINCE JUL 1   4980                      5872   -892     6142

 COOLING
  YESTERDAY        0                         1     -1        0
  MONTH TO DATE    0                         7     -7       51
  SINCE MAR 1      2                        13    -11       51
  SINCE JAN 1      2                        13    -11       51
..................................................................


WIND (MPH)
  RESULTANT WIND SPEED   6   RESULTANT WIND DIRECTION   S (180)
  HIGHEST WIND SPEED    25   HIGHEST WIND DIRECTION     S (180)
  HIGHEST GUST SPEED    34   HIGHEST GUST DIRECTION     S (180)
  AVERAGE WIND SPEED     7.6


SKY COVER
  POSSIBLE SUNSHINE  MM
  AVERAGE SKY COVER 0.6


WEATHER CONDITIONS
 THE FOLLOWING WEATHER WAS RECORDED YESTERDAY.
  RAIN
  LIGHT RAIN
  FOG


RELATIVE HUMIDITY (PERCENT)
 HIGHEST   100           100 AM
 LOWEST     36           100 PM
 AVERAGE    68

..........................................................


THE HARTFORD CT CLIMATE NORMALS FOR TODAY
                         NORMAL    RECORD    YEAR
 MAXIMUM TEMPERATURE (F)   71        89      2004
 MINIMUM TEMPERATURE (F)   47        32      2013


SUNRISE AND SUNSET
MAY 15 2016...........SUNRISE   530 AM EDT   SUNSET   805 PM EDT
MAY 16 2016...........SUNRISE   529 AM EDT   SUNSET   806 PM EDT


-  INDICATES NEGATIVE NUMBERS.
R  INDICATES RECORD WAS SET OR TIED.
MM INDICATES DATA IS MISSING.
T  INDICATES TRACE AMOUNT.




$$
