000
CDUS41 KBOX 102137
CLIBDL


CLIMATE REPORT
NATIONAL WEATHER SERVICE TAUNTON MA
534 PM EDT FRI OCT 10 2014


...................................

...THE HARTFORD CT CLIMATE SUMMARY FOR OCTOBER 10 2014...
VALID TODAY AS OF 0500 PM LOCAL TIME.

CLIMATE NORMAL PERIOD 1981 TO 2010
CLIMATE RECORD PERIOD 1904 TO 2014


WEATHER ITEM   OBSERVED TIME   RECORD YEAR NORMAL DEPARTURE LAST
                VALUE   (LST)  VALUE       VALUE  FROM      YEAR
                                                  NORMAL
..................................................................
TEMPERATURE (F)
 TODAY
  MAXIMUM         65    204 PM  89    1949  65      0       58
                                      1939
  MINIMUM         41    532 AM  29    1989  43     -2       43
  AVERAGE         53                        54     -1       51

PRECIPITATION (IN)
  TODAY            0.00          2.67 1971   0.15  -0.15     0.00
  MONTH TO DATE    1.71                      1.51   0.20     1.97
  SINCE SEP 1      3.33                      5.39  -2.06     5.55
  SINCE JAN 1     35.30                     35.66  -0.36    43.55

SNOWFALL (IN)
  TODAY            0.0           1.7  1979   0.0    0.0      0.0
  MONTH TO DATE    0.0                       0.0    0.0      0.0
  SINCE SEP 1      0.0                       0.0    0.0      0.0
  SINCE JUL 1      0.0                       0.0    0.0      0.0
  SNOW DEPTH       0

DEGREE DAYS
 HEATING
  TODAY           12                        11      1       14
  MONTH TO DATE   73                        97    -24       50
  SINCE SEP 1    157                       207    -50      181
  SINCE JUL 1    159                       219    -60      183

 COOLING
  TODAY            0                         0      0        0
  MONTH TO DATE    0                         5     -5        5
  SINCE SEP 1     97                        79     18       70
  SINCE JAN 1    756                       754      2      894
..................................................................


WIND (MPH)
  HIGHEST WIND SPEED    14   HIGHEST WIND DIRECTION     W (290)
  HIGHEST GUST SPEED    19   HIGHEST GUST DIRECTION    NW (320)
  AVERAGE WIND SPEED     4.1


SKY COVER
  POSSIBLE SUNSHINE  MM
  AVERAGE SKY COVER 0.5


WEATHER CONDITIONS
 THE FOLLOWING WEATHER WAS RECORDED TODAY.
  NO SIGNIFICANT WEATHER WAS OBSERVED.


RELATIVE HUMIDITY (PERCENT)
 HIGHEST    82           300 AM
 LOWEST     34           200 PM
 AVERAGE    58

..........................................................


THE HARTFORD CT CLIMATE NORMALS FOR TOMORROW
                         NORMAL    RECORD    YEAR
 MAXIMUM TEMPERATURE (F)   65        86      1949
 MINIMUM TEMPERATURE (F)   42        25      1993
                                             1956


SUNRISE AND SUNSET
OCTOBER 10 2014.......SUNRISE   657 AM EDT   SUNSET   617 PM EDT
OCTOBER 11 2014.......SUNRISE   659 AM EDT   SUNSET   616 PM EDT


-  INDICATES NEGATIVE NUMBERS.
R  INDICATES RECORD WAS SET OR TIED.
MM INDICATES DATA IS MISSING.
T  INDICATES TRACE AMOUNT.




$$
