000
CDUS41 KBOX 150542
CLIBDL


CLIMATE REPORT
NATIONAL WEATHER SERVICE TAUNTON MA
138 AM EDT FRI APR 15 2016


...................................

...THE HARTFORD CT CLIMATE SUMMARY FOR APRIL 14 2016...

CLIMATE NORMAL PERIOD 1981 TO 2010
CLIMATE RECORD PERIOD 1904 TO 2016


WEATHER ITEM   OBSERVED TIME   RECORD YEAR NORMAL DEPARTURE LAST
                VALUE   (LST)  VALUE       VALUE  FROM      YEAR
                                                  NORMAL
..................................................................
TEMPERATURE (F)
 YESTERDAY
  MAXIMUM         60    431 PM  82    1941  60      0       69
  MINIMUM         36    505 AM  24    1959  38     -2       49
  AVERAGE         48                        49     -1       59

PRECIPITATION (IN)
  YESTERDAY        0.00          3.57 1909   0.13  -0.13     0.04
  MONTH TO DATE    1.60                      1.78  -0.18     1.70
  SINCE MAR 1      3.80                      5.40  -1.60     4.36
  SINCE JAN 1     10.63                     11.52  -0.89    10.54

SNOWFALL (IN)
  YESTERDAY        0.0           4.0  1950   0.0    0.0      0.0
  MONTH TO DATE    6.9                       1.0    5.9      0.0
  SINCE MAR 1      9.8                       7.4    2.4      9.0
  SINCE JUL 1     26.9                      40.1  -13.2     63.8
  SNOW DEPTH       0

DEGREE DAYS
 HEATING
  YESTERDAY       17                        16      1        6
  MONTH TO DATE  327                       263     64      264
  SINCE MAR 1    971                      1106   -135     1262
  SINCE JUL 1   4647                      5544   -897     5907

 COOLING
  YESTERDAY        0                         0      0        0
  MONTH TO DATE    0                         0      0        0
  SINCE MAR 1      0                         0      0        0
  SINCE JAN 1      0                         0      0        0
..................................................................


WIND (MPH)
  RESULTANT WIND SPEED   5   RESULTANT WIND DIRECTION   N (20)
  HIGHEST WIND SPEED    18   HIGHEST WIND DIRECTION     S (170)
  HIGHEST GUST SPEED    21   HIGHEST GUST DIRECTION     S (170)
  AVERAGE WIND SPEED     7.8


SKY COVER
  POSSIBLE SUNSHINE  MM
  AVERAGE SKY COVER 0.2


WEATHER CONDITIONS
 THE FOLLOWING WEATHER WAS RECORDED YESTERDAY.
  NO SIGNIFICANT WEATHER WAS OBSERVED.


RELATIVE HUMIDITY (PERCENT)
 HIGHEST    64           400 AM
 LOWEST     19           400 PM
 AVERAGE    42

..........................................................


THE HARTFORD CT CLIMATE NORMALS FOR TODAY
                         NORMAL    RECORD    YEAR
 MAXIMUM TEMPERATURE (F)   60        88      1941
 MINIMUM TEMPERATURE (F)   38        24      1957


SUNRISE AND SUNSET
APRIL 15 2016.........SUNRISE   610 AM EDT   SUNSET   732 PM EDT
APRIL 16 2016.........SUNRISE   608 AM EDT   SUNSET   733 PM EDT


-  INDICATES NEGATIVE NUMBERS.
R  INDICATES RECORD WAS SET OR TIED.
MM INDICATES DATA IS MISSING.
T  INDICATES TRACE AMOUNT.




$$
