000
CDUS41 KBOX 161235
CLIBDL


CLIMATE REPORT
NATIONAL WEATHER SERVICE TAUNTON MA
835 AM EDT FRI SEP 16 2016


...................................

...THE HARTFORD CT CLIMATE SUMMARY FOR SEPTEMBER 15 2016...

CLIMATE NORMAL PERIOD 1981 TO 2010
CLIMATE RECORD PERIOD 1904 TO 2016


WEATHER ITEM   OBSERVED TIME   RECORD YEAR NORMAL DEPARTURE LAST
                VALUE   (LST)  VALUE       VALUE  FROM      YEAR
                                                  NORMAL
..................................................................
TEMPERATURE (F)
 YESTERDAY
  MAXIMUM         73    328 PM  90    1915  75     -2       84
  MINIMUM         51   1157 PM  35    1975  53     -2       53
  AVERAGE         62                        64     -2       69

PRECIPITATION (IN)
  YESTERDAY        0.00          1.83 1933   0.13  -0.13     0.00
  MONTH TO DATE    0.98                      1.72  -0.74     2.43
  SINCE SEP 1      0.98                      1.72  -0.74     2.43
  SINCE JAN 1     23.32                     31.99  -8.67    27.84

SNOWFALL (IN)
  YESTERDAY        0.0           0.0  2002   0.0    0.0      0.0
                                      2001
                                      2000
  MONTH TO DATE    0.0                       0.0    0.0      0.0
  SINCE SEP 1      0.0                       0.0    0.0      0.0
  SINCE JUL 1      0.0                       0.0    0.0      0.0
  SNOW DEPTH       0

DEGREE DAYS
 HEATING
  YESTERDAY        3                         3      0        0
  MONTH TO DATE    4                        28    -24        2
  SINCE SEP 1      4                        28    -24        2
  SINCE JUL 1      4                        40    -36        3

 COOLING
  YESTERDAY        0                         2     -2        4
  MONTH TO DATE   93                        55     38      115
  SINCE SEP 1     93                        55     38      115
  SINCE JAN 1   1023                       730    293      929
..................................................................


WIND (MPH)
  RESULTANT WIND SPEED   3   RESULTANT WIND DIRECTION   N (20)
  HIGHEST WIND SPEED    15   HIGHEST WIND DIRECTION     N (360)
  HIGHEST GUST SPEED    18   HIGHEST GUST DIRECTION     N (360)
  AVERAGE WIND SPEED     4.9


SKY COVER
  POSSIBLE SUNSHINE  MM
  AVERAGE SKY COVER 0.1


WEATHER CONDITIONS
 THE FOLLOWING WEATHER WAS RECORDED YESTERDAY.
  NO SIGNIFICANT WEATHER WAS OBSERVED.


RELATIVE HUMIDITY (PERCENT)
 HIGHEST    83           400 AM
 LOWEST     34           500 PM
 AVERAGE    59

..........................................................


THE HARTFORD CT CLIMATE NORMALS FOR TODAY
                         NORMAL    RECORD    YEAR
 MAXIMUM TEMPERATURE (F)   75        92      1991
                                             1941
                                             1915
 MINIMUM TEMPERATURE (F)   53        33      1964


SUNRISE AND SUNSET
SEPTEMBER 16 2016.....SUNRISE   632 AM EDT   SUNSET   658 PM EDT
SEPTEMBER 17 2016.....SUNRISE   633 AM EDT   SUNSET   656 PM EDT


-  INDICATES NEGATIVE NUMBERS.
R  INDICATES RECORD WAS SET OR TIED.
MM INDICATES DATA IS MISSING.
T  INDICATES TRACE AMOUNT.




$$
