000
CDUS41 KBOX 090541
CLIBDL


CLIMATE REPORT
NATIONAL WEATHER SERVICE TAUNTON MA
1241 AM EST TUE DEC 9 2014


...................................

...THE HARTFORD CT CLIMATE SUMMARY FOR DECEMBER 8 2014...

CLIMATE NORMAL PERIOD 1981 TO 2010
CLIMATE RECORD PERIOD 1904 TO 2014


WEATHER ITEM   OBSERVED TIME   RECORD YEAR NORMAL DEPARTURE LAST
                VALUE   (LST)  VALUE       VALUE  FROM      YEAR
                                                  NORMAL
..................................................................
TEMPERATURE (F)
 YESTERDAY
  MAXIMUM         27   1159 PM  63    1966  42    -15       32
  MINIMUM         17    732 AM  -3    1964  26     -9       22
  AVERAGE         22                        34    -12       27

PRECIPITATION (IN)
  YESTERDAY        T             1.17 1969   0.12  -0.12     0.00
  MONTH TO DATE    1.33                      0.99   0.34     0.67
  SINCE DEC 1      1.33                      0.99   0.34     0.67
  SINCE JAN 1     42.61                     43.40  -0.79    48.46

SNOWFALL (IN)
  YESTERDAY        T             2.5  1917   0.2   -0.2      0.0
  MONTH TO DATE    T                         1.4   -1.4      0.4
  SINCE DEC 1      T                         1.4   -1.4      0.4
  SINCE JUL 1      5.1                       3.4    1.7      0.4
  SNOW DEPTH       0

DEGREE DAYS
 HEATING
  YESTERDAY       43                        31     12       38
  MONTH TO DATE  238                       235      3      230
  SINCE DEC 1    238                       235      3      230
  SINCE JUL 1   1335                      1442   -107     1462

 COOLING
  YESTERDAY        0                         0      0        0
  MONTH TO DATE    0                         0      0        0
  SINCE DEC 1      0                         0      0        0
  SINCE JAN 1    771                       756     15      894
..................................................................


WIND (MPH)
  RESULTANT WIND SPEED   9   RESULTANT WIND DIRECTION   N (10)
  HIGHEST WIND SPEED    18   HIGHEST WIND DIRECTION     N (20)
  HIGHEST GUST SPEED    24   HIGHEST GUST DIRECTION     N (20)
  AVERAGE WIND SPEED     9.4


SKY COVER
  POSSIBLE SUNSHINE  MM
  AVERAGE SKY COVER 0.7


WEATHER CONDITIONS
 THE FOLLOWING WEATHER WAS RECORDED YESTERDAY.
  LT FREEZING RAIN
  LIGHT SNOW


RELATIVE HUMIDITY (PERCENT)
 HIGHEST    75          1100 PM
 LOWEST     45          1200 AM
 AVERAGE    60

..........................................................


THE HARTFORD CT CLIMATE NORMALS FOR TODAY
                         NORMAL    RECORD    YEAR
 MAXIMUM TEMPERATURE (F)   42        61      1991
 MINIMUM TEMPERATURE (F)   26         4      1968


SUNRISE AND SUNSET
DECEMBER  9 2014......SUNRISE   707 AM EST   SUNSET   419 PM EST
DECEMBER 10 2014......SUNRISE   708 AM EST   SUNSET   419 PM EST


-  INDICATES NEGATIVE NUMBERS.
R  INDICATES RECORD WAS SET OR TIED.
MM INDICATES DATA IS MISSING.
T  INDICATES TRACE AMOUNT.




$$
