040
CDUS41 KBOX 170559
CLIBDL


CLIMATE REPORT
NATIONAL WEATHER SERVICE TAUNTON MA
157 AM EDT MON APR 17 2017


...................................

...THE HARTFORD CT CLIMATE SUMMARY FOR APRIL 16 2017...

CLIMATE NORMAL PERIOD 1981 TO 2010
CLIMATE RECORD PERIOD 1904 TO 2017


WEATHER ITEM   OBSERVED TIME   RECORD YEAR NORMAL DEPARTURE LAST
                VALUE   (LST)  VALUE       VALUE  FROM      YEAR
                                                  NORMAL
..................................................................
TEMPERATURE (F)
 YESTERDAY
  MAXIMUM         88    315 PM  92    2012  61     27       65
  MINIMUM         51   1251 AM  21    1943  39     12       33
  AVERAGE         70                        50     20       49

PRECIPITATION (IN)
  YESTERDAY        0.06          2.76 1996   0.12  -0.06     0.00
  MONTH TO DATE    2.34                      2.02   0.32     1.60
  SINCE MAR 1      6.27                      5.64   0.63     3.80
  SINCE JAN 1     12.25                     11.76   0.49    10.63

SNOWFALL (IN)
  YESTERDAY        0.0           2.6  1992   0.0    0.0      0.0
  MONTH TO DATE    0.5                       1.1   -0.6      6.9
  SINCE MAR 1     19.6                       7.5   12.1      9.8
  SINCE JUL 1     62.3                      40.2   22.1     26.9
  SNOW DEPTH       0

DEGREE DAYS
 HEATING
  YESTERDAY        0                        15    -15       16
  MONTH TO DATE  235                       294    -59      360
  SINCE MAR 1   1212                      1137     75     1004
  SINCE JUL 1   5105                      5575   -470     4680

 COOLING
  YESTERDAY        5                         0      5        0
  MONTH TO DATE    9                         0      9        0
  SINCE MAR 1      9                         0      9        0
  SINCE JAN 1      9                         0      9        0
..................................................................


WIND (MPH)
  RESULTANT WIND SPEED  12   RESULTANT WIND DIRECTION  SW (210)
  HIGHEST WIND SPEED    33   HIGHEST WIND DIRECTION    NW (310)
  HIGHEST GUST SPEED    45   HIGHEST GUST DIRECTION    NW (310)
  AVERAGE WIND SPEED    13.6


SKY COVER
  POSSIBLE SUNSHINE  MM
  AVERAGE SKY COVER 0.4


WEATHER CONDITIONS
 THE FOLLOWING WEATHER WAS RECORDED YESTERDAY.
  HEAVY RAIN
  RAIN
  LIGHT RAIN
  FOG


RELATIVE HUMIDITY (PERCENT)
 HIGHEST   100           600 AM
 LOWEST     25           200 PM
 AVERAGE    63

..........................................................


THE HARTFORD CT CLIMATE NORMALS FOR TODAY
                         NORMAL    RECORD    YEAR
 MAXIMUM TEMPERATURE (F)   61        95      2002
 MINIMUM TEMPERATURE (F)   39        25      1908


SUNRISE AND SUNSET
APRIL 17 2017.........SUNRISE   607 AM EDT   SUNSET   734 PM EDT
APRIL 18 2017.........SUNRISE   605 AM EDT   SUNSET   735 PM EDT


-  INDICATES NEGATIVE NUMBERS.
R  INDICATES RECORD WAS SET OR TIED.
MM INDICATES DATA IS MISSING.
T  INDICATES TRACE AMOUNT.




$$
