000
CDUS41 KBOX 010537
CLIBDL


CLIMATE REPORT
NATIONAL WEATHER SERVICE TAUNTON MA
137 AM EDT FRI SEP 1 2017


...................................

...THE HARTFORD CT CLIMATE SUMMARY FOR AUGUST 31 2017...

CLIMATE NORMAL PERIOD 1981 TO 2010
CLIMATE RECORD PERIOD 1904 TO 2017


WEATHER ITEM   OBSERVED TIME   RECORD YEAR NORMAL DEPARTURE LAST
                VALUE   (LST)  VALUE       VALUE  FROM      YEAR
                                                  NORMAL
..................................................................
TEMPERATURE (F)
 YESTERDAY
  MAXIMUM         79   1127 AM  98    1953  80     -1       80
  MINIMUM         53    325 AM  36    1965  58     -5       63
  AVERAGE         66                        69     -3       72

PRECIPITATION (IN)
  YESTERDAY        0.00          2.36 1954   0.10  -0.10      T
  MONTH TO DATE    2.66                      3.93  -1.27     4.19
  SINCE JUN 1     12.84                     12.46   0.38     8.40
  SINCE JAN 1     31.11                     30.27   0.84    22.34

SNOWFALL (IN)
  YESTERDAY        0.0           0.0  2002   0.0    0.0      0.0
                                      2001
                                      2000
  MONTH TO DATE    0.0                       0.0    0.0      0.0
  SINCE JUN 1      0.0                       0.0    0.0      0.0
  SINCE JUL 1      0.0                       0.0    0.0      0.0
  SNOW DEPTH       0

DEGREE DAYS
 HEATING
  YESTERDAY        0                         1     -1        0
  MONTH TO DATE    8                         6      2        0
  SINCE JUN 1     60                        52      8       16
  SINCE JUL 1     16                        12      4        0

 COOLING
  YESTERDAY        1                         5     -4        7
  MONTH TO DATE  203                       223    -20      346
  SINCE JUN 1    627                       636     -9      856
  SINCE JAN 1    687                       675     12      930
..................................................................


WIND (MPH)
  RESULTANT WIND SPEED   6   RESULTANT WIND DIRECTION  NW (310)
  HIGHEST WIND SPEED    20   HIGHEST WIND DIRECTION    NW (310)
  HIGHEST GUST SPEED    24   HIGHEST GUST DIRECTION     N (340)
  AVERAGE WIND SPEED     7.8


SKY COVER
  POSSIBLE SUNSHINE  MM
  AVERAGE SKY COVER 0.4


WEATHER CONDITIONS
 THE FOLLOWING WEATHER WAS RECORDED YESTERDAY.
  NO SIGNIFICANT WEATHER WAS OBSERVED.


RELATIVE HUMIDITY (PERCENT)
 HIGHEST    93           400 AM
 LOWEST     43           300 PM
 AVERAGE    68

..........................................................


THE HARTFORD CT CLIMATE NORMALS FOR TODAY
                         NORMAL    RECORD    YEAR
 MAXIMUM TEMPERATURE (F)   80        96      2010
                                             1961
 MINIMUM TEMPERATURE (F)   58        44      1975


SUNRISE AND SUNSET
SEPTEMBER  1 2017.....SUNRISE   617 AM EDT   SUNSET   724 PM EDT
SEPTEMBER  2 2017.....SUNRISE   618 AM EDT   SUNSET   722 PM EDT


-  INDICATES NEGATIVE NUMBERS.
R  INDICATES RECORD WAS SET OR TIED.
MM INDICATES DATA IS MISSING.
T  INDICATES TRACE AMOUNT.




$$
