000
CDUS41 KBOX 081738
CLIBDL


CLIMATE REPORT
NATIONAL WEATHER SERVICE TAUNTON MA
1238 PM EST WED FEB 8 2017


...................................

...THE HARTFORD CT CLIMATE SUMMARY FOR FEBRUARY 7 2017...

CLIMATE NORMAL PERIOD 1981 TO 2010
CLIMATE RECORD PERIOD 1904 TO 2017


WEATHER ITEM   OBSERVED TIME   RECORD YEAR NORMAL DEPARTURE LAST
                VALUE   (LST)  VALUE       VALUE  FROM      YEAR
                                                  NORMAL
..................................................................
TEMPERATURE (F)
 YESTERDAY
  MAXIMUM         33    746 PM  55    1951  37     -4       46
  MINIMUM         29    306 AM  -9    1995  20      9       16
  AVERAGE         31                        28      3       31

PRECIPITATION (IN)
  YESTERDAY        0.21          2.48 1929   0.10   0.11     0.00
  MONTH TO DATE    0.25                      0.72  -0.47     1.23
  SINCE DEC 1      6.47                      7.39  -0.92     7.44
  SINCE JAN 1      3.74                      3.95  -0.21     3.19

SNOWFALL (IN)
  YESTERDAY        0.0          12.2  1967   0.4   -0.4      0.0
  MONTH TO DATE    0.7                       3.1   -2.4      6.6
  SINCE DEC 1     19.3                      22.8   -3.5      9.5
  SINCE JUL 1     20.8                      24.8   -4.0      9.5
  SNOW DEPTH       0

DEGREE DAYS
 HEATING
  YESTERDAY       34                        37     -3       34
  MONTH TO DATE  242                       262    -20      185
  SINCE DEC 1   2245                      2505   -260     1926
  SINCE JUL 1   3282                      3712   -430     2910

 COOLING
  YESTERDAY        0                         0      0        0
  MONTH TO DATE    0                         0      0        0
  SINCE DEC 1      0                         0      0        0
  SINCE JAN 1      0                         0      0        0
..................................................................


WIND (MPH)
  RESULTANT WIND SPEED   8   RESULTANT WIND DIRECTION   N (0)
  HIGHEST WIND SPEED    14   HIGHEST WIND DIRECTION     N (10)
  HIGHEST GUST SPEED    19   HIGHEST GUST DIRECTION     N (10)
  AVERAGE WIND SPEED     8.5


SKY COVER
  POSSIBLE SUNSHINE  MM
  AVERAGE SKY COVER 1.0


WEATHER CONDITIONS
 THE FOLLOWING WEATHER WAS RECORDED YESTERDAY.
  LIGHT RAIN
  LT FREEZING RAIN
  FOG


RELATIVE HUMIDITY (PERCENT)
 HIGHEST   100          1200 PM
 LOWEST     56           600 AM
 AVERAGE    78

..........................................................


THE HARTFORD CT CLIMATE NORMALS FOR TODAY
                         NORMAL    RECORD    YEAR
 MAXIMUM TEMPERATURE (F)   37        63      1933
 MINIMUM TEMPERATURE (F)   20       -13      1967


SUNRISE AND SUNSET
FEBRUARY  8 2017......SUNRISE   655 AM EST   SUNSET   515 PM EST
FEBRUARY  9 2017......SUNRISE   654 AM EST   SUNSET   516 PM EST


-  INDICATES NEGATIVE NUMBERS.
R  INDICATES RECORD WAS SET OR TIED.
MM INDICATES DATA IS MISSING.
T  INDICATES TRACE AMOUNT.




$$
