000
CDUS41 KBOX 062140
CLIBDL


CLIMATE REPORT
NATIONAL WEATHER SERVICE TAUNTON MA
536 PM EDT TUE JUN 6 2017


...................................

...THE HARTFORD CT CLIMATE SUMMARY FOR JUNE 6 2017...
VALID AS OF 0500 PM LOCAL TIME.

CLIMATE NORMAL PERIOD 1981 TO 2010
CLIMATE RECORD PERIOD 1904 TO 2017


WEATHER ITEM   OBSERVED TIME   RECORD YEAR NORMAL DEPARTURE LAST
                VALUE   (LST)  VALUE       VALUE  FROM      YEAR
                                                  NORMAL
..................................................................
TEMPERATURE (F)
 TODAY
  MAXIMUM         53    238 AM  96    1925  77    -24       84
  MINIMUM         49    312 PM  37    1964  54     -5       63
  AVERAGE         51                        66    -15       74

PRECIPITATION (IN)
  TODAY            0.63          3.31 1986   0.17   0.46     0.00
  MONTH TO DATE    1.19                      1.04   0.15     1.16
  SINCE JUN 1      1.19                      1.04   0.15     1.16
  SINCE JAN 1     19.46                     18.85   0.61    15.10

SNOWFALL (IN)
  TODAY            0.0           0.0  2002   0.0    0.0      0.0
                                      2001
                                      2000
  MONTH TO DATE    0.0                       0.0    0.0      0.0
  SINCE JUN 1      0.0                       0.0    0.0      0.0
  SINCE JUL 1     62.3                      40.5   21.8     26.9
  SNOW DEPTH       0

DEGREE DAYS
 HEATING
  TODAY           14                         2     12        0
  MONTH TO DATE   35                        17     18        0
  SINCE JUN 1     35                        17     18        0
  SINCE JUL 1   5506                      5975   -469     5044

 COOLING
  TODAY            0                         3     -3        9
  MONTH TO DATE    1                        17    -16       27
  SINCE JUN 1      1                        17    -16       27
  SINCE JAN 1     61                        56      5      101
..................................................................


WIND (MPH)
  HIGHEST WIND SPEED    21   HIGHEST WIND DIRECTION    NE (30)
  HIGHEST GUST SPEED    30   HIGHEST GUST DIRECTION     N (20)
  AVERAGE WIND SPEED    12.3


SKY COVER
  POSSIBLE SUNSHINE  MM
  AVERAGE SKY COVER 1.0


WEATHER CONDITIONS
 THE FOLLOWING WEATHER WAS RECORDED TODAY.
  HEAVY RAIN
  RAIN
  LIGHT RAIN
  FOG


RELATIVE HUMIDITY (PERCENT)
 HIGHEST   100          1200 AM
 LOWEST     89           500 AM
 AVERAGE    95

..........................................................


THE HARTFORD CT CLIMATE NORMALS FOR TOMORROW
                         NORMAL    RECORD    YEAR
 MAXIMUM TEMPERATURE (F)   77        98      1999
 MINIMUM TEMPERATURE (F)   55        38      1958


SUNRISE AND SUNSET
JUNE  6 2017..........SUNRISE   516 AM EDT   SUNSET   823 PM EDT
JUNE  7 2017..........SUNRISE   516 AM EDT   SUNSET   824 PM EDT


-  INDICATES NEGATIVE NUMBERS.
R  INDICATES RECORD WAS SET OR TIED.
MM INDICATES DATA IS MISSING.
T  INDICATES TRACE AMOUNT.




$$
