000
CDUS41 KBOX 190547
CLIBDL


CLIMATE REPORT
NATIONAL WEATHER SERVICE TAUNTON MA
135 AM EDT WED AUG 19 2015


...................................

...THE HARTFORD CT CLIMATE SUMMARY FOR AUGUST 18 2015...

CLIMATE NORMAL PERIOD 1981 TO 2010
CLIMATE RECORD PERIOD 1904 TO 2015


WEATHER ITEM   OBSERVED TIME   RECORD YEAR NORMAL DEPARTURE LAST
                VALUE   (LST)  VALUE       VALUE  FROM      YEAR
                                                  NORMAL
..................................................................
TEMPERATURE (F)
 YESTERDAY
  MAXIMUM         91    103 PM  96    2002  83      8       79
  MINIMUM         68    508 AM  45    1941  61      7       54
  AVERAGE         80                        72      8       67

PRECIPITATION (IN)
  YESTERDAY        0.46          6.27 1955   0.12   0.34     0.00
  MONTH TO DATE    1.57                      2.49  -0.92     3.32
  SINCE JUN 1     11.33                     11.02   0.31     9.52
  SINCE JAN 1     24.90                     28.83  -3.93    31.53

SNOWFALL (IN)
  YESTERDAY        0.0           0.0  2002   0.0    0.0      0.0
                                      2001
                                      2000
  MONTH TO DATE    0.0                       0.0    0.0      0.0
  SINCE JUN 1      0.0                       0.0    0.0      0.0
  SINCE JUL 1      0.0                       0.0    0.0      0.0
  SNOW DEPTH       0

DEGREE DAYS
 HEATING
  YESTERDAY        0                         0      0        0
  MONTH TO DATE    0                         0      0        2
  SINCE JUN 1     49                        43      6        8
  SINCE JUL 1      1                         3     -2        2

 COOLING
  YESTERDAY       15                         7      8        2
  MONTH TO DATE  168                       144     24      100
  SINCE JUN 1    584                       557     27      552
  SINCE JAN 1    701                       596    105      584
..................................................................


WIND (MPH)
  RESULTANT WIND SPEED   2   RESULTANT WIND DIRECTION   S (170)
  HIGHEST WIND SPEED    26   HIGHEST WIND DIRECTION    NW (310)
  HIGHEST GUST SPEED    34   HIGHEST GUST DIRECTION    NW (320)
  AVERAGE WIND SPEED     4.1


SKY COVER
  POSSIBLE SUNSHINE  MM
  AVERAGE SKY COVER 0.4


WEATHER CONDITIONS
 THE FOLLOWING WEATHER WAS RECORDED YESTERDAY.
  THUNDERSTORM
  HEAVY RAIN
  LIGHT RAIN
  FOG
  HAZE


RELATIVE HUMIDITY (PERCENT)
 HIGHEST    97           300 AM
 LOWEST     49          1200 PM
 AVERAGE    73

..........................................................


THE HARTFORD CT CLIMATE NORMALS FOR TODAY
                         NORMAL    RECORD    YEAR
 MAXIMUM TEMPERATURE (F)   83        95      1966
 MINIMUM TEMPERATURE (F)   61        46      1977
                                             1963


SUNRISE AND SUNSET
AUGUST 19 2015........SUNRISE   603 AM EDT   SUNSET   745 PM EDT
AUGUST 20 2015........SUNRISE   604 AM EDT   SUNSET   744 PM EDT


-  INDICATES NEGATIVE NUMBERS.
R  INDICATES RECORD WAS SET OR TIED.
MM INDICATES DATA IS MISSING.
T  INDICATES TRACE AMOUNT.




$$
