000
CDUS41 KBOX 052126
CLIBDL


CLIMATE REPORT
NATIONAL WEATHER SERVICE TAUNTON MA
424 PM EST THU JAN 5 2017


...................................

...THE HARTFORD CT CLIMATE SUMMARY FOR JANUARY 5 2017...
VALID AS OF 0400 PM LOCAL TIME.

CLIMATE NORMAL PERIOD 1981 TO 2010
CLIMATE RECORD PERIOD 1904 TO 2017


WEATHER ITEM   OBSERVED TIME   RECORD YEAR NORMAL DEPARTURE LAST
                VALUE   (LST)  VALUE       VALUE  FROM      YEAR
                                                  NORMAL
..................................................................
TEMPERATURE (F)
 TODAY
  MAXIMUM         34    207 PM  63    1993  35     -1       27
  MINIMUM         22    703 AM -10    1981  18      4        5
  AVERAGE         28                        26      2       16

PRECIPITATION (IN)
  TODAY            0.00          1.02 1909   0.10  -0.10     0.00
  MONTH TO DATE    0.94                      0.50   0.44      T
  SINCE DEC 1      3.67                      3.94  -0.27     4.25
  SINCE JAN 1      0.94                      0.50   0.44      T

SNOWFALL (IN)
  TODAY            0.0           4.9  1952   0.4   -0.4      0.0
  MONTH TO DATE    0.0                       1.9   -1.9       T
  SINCE DEC 1     10.2                       9.3    0.9      1.0
  SINCE JUL 1     11.7                      11.3    0.4      1.0
  SNOW DEPTH       0

DEGREE DAYS
 HEATING
  TODAY           37                        39     -2       49
  MONTH TO DATE  157                       192    -35      184
  SINCE DEC 1   1167                      1229    -62      854
  SINCE JUL 1   2204                      2436   -232     1838

 COOLING
  TODAY            0                         0      0        0
  MONTH TO DATE    0                         0      0        0
  SINCE DEC 1      0                         0      0        0
  SINCE JAN 1      0                         0      0        0
..................................................................


WIND (MPH)
  HIGHEST WIND SPEED    24   HIGHEST WIND DIRECTION     W (250)
  HIGHEST GUST SPEED    31   HIGHEST GUST DIRECTION     W (250)
  AVERAGE WIND SPEED    10.0


SKY COVER
  POSSIBLE SUNSHINE  MM
  AVERAGE SKY COVER 0.5


WEATHER CONDITIONS
 THE FOLLOWING WEATHER WAS RECORDED TODAY.
  NO SIGNIFICANT WEATHER WAS OBSERVED.


RELATIVE HUMIDITY (PERCENT)
 HIGHEST    65           700 AM
 LOWEST     35           200 PM
 AVERAGE    50

..........................................................


THE HARTFORD CT CLIMATE NORMALS FOR TOMORROW
                         NORMAL    RECORD    YEAR
 MAXIMUM TEMPERATURE (F)   35        72      2007
 MINIMUM TEMPERATURE (F)   18        -6      1976


SUNRISE AND SUNSET
JANUARY  5 2017.......SUNRISE   719 AM EST   SUNSET   434 PM EST
JANUARY  6 2017.......SUNRISE   719 AM EST   SUNSET   435 PM EST


-  INDICATES NEGATIVE NUMBERS.
R  INDICATES RECORD WAS SET OR TIED.
MM INDICATES DATA IS MISSING.
T  INDICATES TRACE AMOUNT.




$$
