000
CDUS41 KBOX 070527
CLIBDL


CLIMATE REPORT
NATIONAL WEATHER SERVICE TAUNTON MA
127 AM EDT THU SEP 7 2017


...................................

...THE HARTFORD CT CLIMATE SUMMARY FOR SEPTEMBER 6 2017...

CLIMATE NORMAL PERIOD 1981 TO 2010
CLIMATE RECORD PERIOD 1904 TO 2017


WEATHER ITEM   OBSERVED TIME   RECORD YEAR NORMAL DEPARTURE LAST
                VALUE   (LST)  VALUE       VALUE  FROM      YEAR
                                                  NORMAL
..................................................................
TEMPERATURE (F)
 YESTERDAY
  MAXIMUM         69    815 AM  96    1983  78     -9       75
  MINIMUM         59   1027 PM  40    1984  57      2       65
  AVERAGE         64                        67     -3       70

PRECIPITATION (IN)
  YESTERDAY        0.91          5.22 2008   0.10   0.81      T
  MONTH TO DATE    1.96                      0.64   1.32     0.35
  SINCE SEP 1      1.96                      0.64   1.32     0.35
  SINCE JAN 1     33.07                     30.91   2.16    22.69

SNOWFALL (IN)
  YESTERDAY        0.0           0.0  2002   0.0    0.0      0.0
                                      2001
                                      2000
  MONTH TO DATE    0.0                       0.0    0.0      0.0
  SINCE SEP 1      0.0                       0.0    0.0      0.0
  SINCE JUL 1      0.0                       0.0    0.0      0.0
  SNOW DEPTH       0

DEGREE DAYS
 HEATING
  YESTERDAY        1                         1      0        0
  MONTH TO DATE   25                         6     19        0
  SINCE SEP 1     25                         6     19        0
  SINCE JUL 1     41                        18     23        0

 COOLING
  YESTERDAY        0                         4     -4        5
  MONTH TO DATE   15                        27    -12       21
  SINCE SEP 1     15                        27    -12       21
  SINCE JAN 1    702                       702      0      951
..................................................................


WIND (MPH)
  RESULTANT WIND SPEED   4   RESULTANT WIND DIRECTION   N (340)
  HIGHEST WIND SPEED    20   HIGHEST WIND DIRECTION     N (340)
  HIGHEST GUST SPEED    26   HIGHEST GUST DIRECTION     N (350)
  AVERAGE WIND SPEED     5.8


SKY COVER
  POSSIBLE SUNSHINE  MM
  AVERAGE SKY COVER 1.0


WEATHER CONDITIONS
 THE FOLLOWING WEATHER WAS RECORDED YESTERDAY.
  HEAVY RAIN
  RAIN
  LIGHT RAIN
  FOG


RELATIVE HUMIDITY (PERCENT)
 HIGHEST   100           100 AM
 LOWEST     73           100 PM
 AVERAGE    87

..........................................................


THE HARTFORD CT CLIMATE NORMALS FOR TODAY
                         NORMAL    RECORD    YEAR
 MAXIMUM TEMPERATURE (F)   78        93      2015
                                             2007
 MINIMUM TEMPERATURE (F)   56        37      1984
                                             1962


SUNRISE AND SUNSET
SEPTEMBER  7 2017.....SUNRISE   623 AM EDT   SUNSET   714 PM EDT
SEPTEMBER  8 2017.....SUNRISE   624 AM EDT   SUNSET   712 PM EDT


-  INDICATES NEGATIVE NUMBERS.
R  INDICATES RECORD WAS SET OR TIED.
MM INDICATES DATA IS MISSING.
T  INDICATES TRACE AMOUNT.




$$
