000
CDUS41 KBOX 220542
CLIBDL


CLIMATE REPORT
NATIONAL WEATHER SERVICE TAUNTON MA
139 AM EDT MON SEP 22 2014


...................................

...THE HARTFORD CT CLIMATE SUMMARY FOR SEPTEMBER 21 2014...

CLIMATE NORMAL PERIOD 1981 TO 2010
CLIMATE RECORD PERIOD 1904 TO 2014


WEATHER ITEM   OBSERVED TIME   RECORD YEAR NORMAL DEPARTURE LAST
                VALUE   (LST)  VALUE       VALUE  FROM      YEAR
                                                  NORMAL
..................................................................
TEMPERATURE (F)
 YESTERDAY
  MAXIMUM         79    309 PM  91    1965  73      6       74
                                      1914
  MINIMUM         61    337 AM  31    1962  51     10       55
  AVERAGE         70                        62      8       65

PRECIPITATION (IN)
  YESTERDAY        1.12          3.22 1938   0.13   0.99     0.03
  MONTH TO DATE    1.58                      2.55  -0.97     2.29
  SINCE SEP 1      1.58                      2.55  -0.97     2.29
  SINCE JAN 1     33.55                     32.82   0.73    40.29

SNOWFALL (IN)
  YESTERDAY        0.0           0.0  2002   0.0    0.0      0.0
                                      2001
                                      2000
  MONTH TO DATE    0.0                       0.0    0.0      0.0
  SINCE SEP 1      0.0                       0.0    0.0      0.0
  SINCE JUL 1      0.0                       0.0    0.0      0.0
  SNOW DEPTH       0

DEGREE DAYS
 HEATING
  YESTERDAY        0                         5     -5        0
  MONTH TO DATE   60                        52      8       67
  SINCE SEP 1     60                        52      8       67
  SINCE JUL 1     62                        64     -2       69

 COOLING
  YESTERDAY        5                         2      3        0
  MONTH TO DATE   85                        67     18       65
  SINCE SEP 1     85                        67     18       65
  SINCE JAN 1    744                       742      2      889
..................................................................


WIND (MPH)
  RESULTANT WIND SPEED   4   RESULTANT WIND DIRECTION   S (190)
  HIGHEST WIND SPEED    13   HIGHEST WIND DIRECTION     S (160)
  HIGHEST GUST SPEED    15   HIGHEST GUST DIRECTION     S (160)
  AVERAGE WIND SPEED     3.0


SKY COVER
  POSSIBLE SUNSHINE  MM
  AVERAGE SKY COVER 0.9


WEATHER CONDITIONS
 THE FOLLOWING WEATHER WAS RECORDED YESTERDAY.
  HEAVY RAIN
  LIGHT RAIN
  FOG
  FOG W/VISIBILITY <= 1/4 MILE
  HAZE


RELATIVE HUMIDITY (PERCENT)
 HIGHEST    93           400 AM
 LOWEST     74           200 PM
 AVERAGE    84

..........................................................


THE HARTFORD CT CLIMATE NORMALS FOR TODAY
                         NORMAL    RECORD    YEAR
 MAXIMUM TEMPERATURE (F)   73        94      1970
 MINIMUM TEMPERATURE (F)   50        32      1962


SUNRISE AND SUNSET
SEPTEMBER 22 2014.....SUNRISE   638 AM EDT   SUNSET   648 PM EDT
SEPTEMBER 23 2014.....SUNRISE   639 AM EDT   SUNSET   646 PM EDT


-  INDICATES NEGATIVE NUMBERS.
R  INDICATES RECORD WAS SET OR TIED.
MM INDICATES DATA IS MISSING.
T  INDICATES TRACE AMOUNT.




$$
