000
CDUS41 KBOX 011153
CLIBDL


CLIMATE REPORT
NATIONAL WEATHER SERVICE TAUNTON MA
750 AM EDT SUN OCT 1 2017


...................................

...THE HARTFORD CT CLIMATE SUMMARY FOR SEPTEMBER 30 2017...

CLIMATE NORMAL PERIOD 1981 TO 2010
CLIMATE RECORD PERIOD 1904 TO 2017


WEATHER ITEM   OBSERVED TIME   RECORD YEAR NORMAL DEPARTURE LAST
                VALUE   (LST)  VALUE       VALUE  FROM      YEAR
                                                  NORMAL
..................................................................
TEMPERATURE (F)
 YESTERDAY
  MAXIMUM         58   1139 AM  91    1986  69    -11       62
  MINIMUM         48   1159 PM  31    2000  47      1       50
                                      1951
  AVERAGE         53                        58     -5       56

PRECIPITATION (IN)
  YESTERDAY        0.06          4.59 1920   0.16  -0.10     0.20
  MONTH TO DATE    2.25                      3.88  -1.63     2.42
  SINCE SEP 1      2.25                      3.88  -1.63     2.42
  SINCE JAN 1     33.36                     34.15  -0.79    24.76

SNOWFALL (IN)
  YESTERDAY       MM             0.0  2002   0.0   MM        0.0
                                      2001
                                      2000
  MONTH TO DATE    0.0                       0.0    0.0      0.0
  SINCE SEP 1      0.0                       0.0    0.0      0.0
  SINCE JUL 1      0.0                       0.0    0.0      0.0
  SNOW DEPTH       0

DEGREE DAYS
 HEATING
  YESTERDAY       12                         8      4        9
  MONTH TO DATE   59                       109    -50       58
  SINCE SEP 1     59                       110    -51       58
  SINCE JUL 1     75                       122    -47       58

 COOLING
  YESTERDAY        0                         1     -1        0
  MONTH TO DATE  142                        74     68      126
  SINCE SEP 1    142                        74     68      126
  SINCE JAN 1    829                       749     80     1056
..................................................................


WIND (MPH)
  RESULTANT WIND SPEED   9   RESULTANT WIND DIRECTION   N (360)
  HIGHEST WIND SPEED    18   HIGHEST WIND DIRECTION     N (10)
  HIGHEST GUST SPEED    23   HIGHEST GUST DIRECTION     N (10)
  AVERAGE WIND SPEED     8.3


SKY COVER
  POSSIBLE SUNSHINE  MM
  AVERAGE SKY COVER 1.0


WEATHER CONDITIONS
 THE FOLLOWING WEATHER WAS RECORDED YESTERDAY.
  LIGHT RAIN
  FOG


RELATIVE HUMIDITY (PERCENT)
 HIGHEST    96           800 AM
 LOWEST     77          1200 PM
 AVERAGE    87

..........................................................


THE HARTFORD CT CLIMATE NORMALS FOR TODAY
                         NORMAL    RECORD    YEAR
 MAXIMUM TEMPERATURE (F)   69        89      1927
 MINIMUM TEMPERATURE (F)   46        30      1992


SUNRISE AND SUNSET
OCTOBER  1 2017.......SUNRISE   648 AM EDT   SUNSET   632 PM EDT
OCTOBER  2 2017.......SUNRISE   649 AM EDT   SUNSET   630 PM EDT


-  INDICATES NEGATIVE NUMBERS.
R  INDICATES RECORD WAS SET OR TIED.
MM INDICATES DATA IS MISSING.
T  INDICATES TRACE AMOUNT.




$$
