000
CDUS41 KBOX 072215
CLIBDL


CLIMATE REPORT
NATIONAL WEATHER SERVICE TAUNTON MA
505 PM EST SUN JAN 7 2018


...................................

...THE HARTFORD CT CLIMATE SUMMARY FOR JANUARY 7 2018...
VALID AS OF 0500 PM LOCAL TIME.

CLIMATE NORMAL PERIOD 1981 TO 2010
CLIMATE RECORD PERIOD 1904 TO 2018


WEATHER ITEM   OBSERVED TIME   RECORD YEAR NORMAL DEPARTURE LAST
                VALUE   (LST)  VALUE       VALUE  FROM      YEAR
                                                  NORMAL
..................................................................
TEMPERATURE (F)
 TODAY
  MAXIMUM         13    357 PM  62    1907  34    -21       21
  MINIMUM         -9R   637 AM   1    1912  18    -27       18
  AVERAGE          2                        26    -24       20

PRECIPITATION (IN)
  TODAY            0.00          1.46 1938   0.10  -0.10     0.23
                                      1908
  MONTH TO DATE    0.68                      0.71  -0.03     1.21
  SINCE DEC 1      3.09                      4.15  -1.06     3.94
  SINCE JAN 1      0.68                      0.71  -0.03     1.21

SNOWFALL (IN)
  TODAY            0.0           8.8  1977   0.4   -0.4      3.3
  MONTH TO DATE   10.2                       2.7    7.5      4.1
  SINCE DEC 1     20.0                      10.1    9.9     14.3
  SINCE JUL 1     20.0                      12.1    7.9     15.8
  SNOW DEPTH       8

DEGREE DAYS
 HEATING
  TODAY           63                        39     24       45
  MONTH TO DATE  390                       270    120      241
  SINCE DEC 1   1549                      1307    242     1251
  SINCE JUL 1   2540                      2514     26     2288

 COOLING
  TODAY            0                         0      0        0
  MONTH TO DATE    0                         0      0        0
  SINCE DEC 1      0                         0      0        0
  SINCE JAN 1      0                         0      0        0
..................................................................


WIND (MPH)
  HIGHEST WIND SPEED    15   HIGHEST WIND DIRECTION    NW (310)
  HIGHEST GUST SPEED    20   HIGHEST GUST DIRECTION    NW (310)
  AVERAGE WIND SPEED     5.8


SKY COVER
  POSSIBLE SUNSHINE  MM
  AVERAGE SKY COVER 0.1


WEATHER CONDITIONS
 THE FOLLOWING WEATHER WAS RECORDED TODAY.
  NO SIGNIFICANT WEATHER WAS OBSERVED.


RELATIVE HUMIDITY (PERCENT)
 HIGHEST    57           800 AM
 LOWEST     41          1200 PM
 AVERAGE    49

..........................................................


THE HARTFORD CT CLIMATE NORMALS FOR TOMORROW
                         NORMAL    RECORD    YEAR
 MAXIMUM TEMPERATURE (F)   34        62      2008
 MINIMUM TEMPERATURE (F)   18        -7      1968


SUNRISE AND SUNSET
JANUARY  7 2018.......SUNRISE   718 AM EST   SUNSET   436 PM EST
JANUARY  8 2018.......SUNRISE   718 AM EST   SUNSET   437 PM EST


-  INDICATES NEGATIVE NUMBERS.
R  INDICATES RECORD WAS SET OR TIED.
MM INDICATES DATA IS MISSING.
T  INDICATES TRACE AMOUNT.




$$
