000
CDUS41 KBOX 100629
CLIBDL


CLIMATE REPORT
NATIONAL WEATHER SERVICE TAUNTON MA
219 AM EDT MON APR 10 2017


...................................

...THE HARTFORD CT CLIMATE SUMMARY FOR APRIL 9 2017...

CLIMATE NORMAL PERIOD 1981 TO 2010
CLIMATE RECORD PERIOD 1904 TO 2017


WEATHER ITEM   OBSERVED TIME   RECORD YEAR NORMAL DEPARTURE LAST
                VALUE   (LST)  VALUE       VALUE  FROM      YEAR
                                                  NORMAL
..................................................................
TEMPERATURE (F)
 YESTERDAY
  MAXIMUM         70    412 PM  85    1991  58     12       49
  MINIMUM         30    533 AM  23    1977  36     -6       28
  AVERAGE         50                        47      3       39

PRECIPITATION (IN)
  YESTERDAY        0.00          1.80 1980   0.13  -0.13     0.00
  MONTH TO DATE    2.18                      1.13   1.05     1.30
  SINCE MAR 1      6.11                      4.75   1.36     3.50
  SINCE JAN 1     12.09                     10.87   1.22    10.33

SNOWFALL (IN)
  YESTERDAY        0.0           6.0  1907   0.1   -0.1      0.0
  MONTH TO DATE    0.5                       0.7   -0.2      6.9
  SINCE MAR 1     19.6                       7.1   12.5      9.8
  SINCE JUL 1     62.3                      39.8   22.5     26.9
  SNOW DEPTH       0

DEGREE DAYS
 HEATING
  YESTERDAY       15                        18     -3       26
  MONTH TO DATE  183                       178      5      228
  SINCE MAR 1   1160                      1021    139      872
  SINCE JUL 1   5053                      5459   -406     4548

 COOLING
  YESTERDAY        0                         0      0        0
  MONTH TO DATE    0                         0      0        0
  SINCE MAR 1      0                         0      0        0
  SINCE JAN 1      0                         0      0        0
..................................................................


WIND (MPH)
  RESULTANT WIND SPEED   4   RESULTANT WIND DIRECTION  SW (220)
  HIGHEST WIND SPEED    15   HIGHEST WIND DIRECTION     S (180)
  HIGHEST GUST SPEED    19   HIGHEST GUST DIRECTION     W (260)
  AVERAGE WIND SPEED     6.8


SKY COVER
  POSSIBLE SUNSHINE  MM
  AVERAGE SKY COVER 0.2


WEATHER CONDITIONS
 THE FOLLOWING WEATHER WAS RECORDED YESTERDAY.
  NO SIGNIFICANT WEATHER WAS OBSERVED.


RELATIVE HUMIDITY (PERCENT)
 HIGHEST    64           600 AM
 LOWEST     12           400 PM
 AVERAGE    38

..........................................................


THE HARTFORD CT CLIMATE NORMALS FOR TODAY
                         NORMAL    RECORD    YEAR
 MAXIMUM TEMPERATURE (F)   58        84      1922
 MINIMUM TEMPERATURE (F)   37        21      1985


SUNRISE AND SUNSET
APRIL 10 2017.........SUNRISE   618 AM EDT   SUNSET   727 PM EDT
APRIL 11 2017.........SUNRISE   616 AM EDT   SUNSET   728 PM EDT


-  INDICATES NEGATIVE NUMBERS.
R  INDICATES RECORD WAS SET OR TIED.
MM INDICATES DATA IS MISSING.
T  INDICATES TRACE AMOUNT.




$$
