000
CDUS41 KBOX 110607
CLIBDL


CLIMATE REPORT
NATIONAL WEATHER SERVICE TAUNTON MA
206 AM EDT MON AUG 11 2014


...................................

...THE HARTFORD CT CLIMATE SUMMARY FOR AUGUST 10 2014...

CLIMATE NORMAL PERIOD 1981 TO 2010
CLIMATE RECORD PERIOD 1904 TO 2014


WEATHER ITEM   OBSERVED TIME   RECORD YEAR NORMAL DEPARTURE LAST
                VALUE   (LST)  VALUE       VALUE  FROM      YEAR
                                                  NORMAL
..................................................................
TEMPERATURE (F)
 YESTERDAY
  MAXIMUM         87    345 PM 100    1949  84      3       84
  MINIMUM         58    456 AM  45    1964  62     -4       61
  AVERAGE         73                        73      0       73

PRECIPITATION (IN)
  YESTERDAY        0.00          1.50 1959   0.14  -0.14     0.00
  MONTH TO DATE    0.97                      1.46  -0.49     5.06
  SINCE JUN 1      7.17                      9.99  -2.82    20.04
  SINCE JAN 1     29.18                     27.80   1.38    36.18

SNOWFALL (IN)
  YESTERDAY        0.0           0.0  2002   0.0    0.0      0.0
  MONTH TO DATE    0.0                       0.0    0.0      0.0
  SINCE JUN 1      0.0                       0.0    0.0      0.0
  SINCE JUL 1      0.0                       0.0    0.0      0.0
  SNOW DEPTH       0

DEGREE DAYS
 HEATING
  YESTERDAY        0                         0      0        0
  MONTH TO DATE    0                         0      0        0
  SINCE JUN 1      6                        43    -37       35
  SINCE JUL 1      0                         3     -3        2

 COOLING
  YESTERDAY        8                         8      0        8
  MONTH TO DATE   68                        83    -15       59
  SINCE JUN 1    520                       496     24      647
  SINCE JAN 1    552                       535     17      701
..................................................................


WIND (MPH)
  RESULTANT WIND SPEED   4   RESULTANT WIND DIRECTION   N (350)
  HIGHEST WIND SPEED    10   HIGHEST WIND DIRECTION    NE (30)
  HIGHEST GUST SPEED    14   HIGHEST GUST DIRECTION     N (350)
  AVERAGE WIND SPEED     4.2


SKY COVER
  POSSIBLE SUNSHINE  MM
  AVERAGE SKY COVER 0.2


WEATHER CONDITIONS
 THE FOLLOWING WEATHER WAS RECORDED YESTERDAY.
  NO SIGNIFICANT WEATHER WAS OBSERVED.


RELATIVE HUMIDITY (PERCENT)
 HIGHEST    90           300 AM
 LOWEST     27           200 PM
 AVERAGE    59

..........................................................


THE HARTFORD CT CLIMATE NORMALS FOR TODAY
                         NORMAL    RECORD    YEAR
 MAXIMUM TEMPERATURE (F)   84        98      1949
                                             1944
 MINIMUM TEMPERATURE (F)   62        49      2007
                                             1941


SUNRISE AND SUNSET
AUGUST 11 2014........SUNRISE   555 AM EDT   SUNSET   757 PM EDT
AUGUST 12 2014........SUNRISE   556 AM EDT   SUNSET   755 PM EDT


-  INDICATES NEGATIVE NUMBERS.
R  INDICATES RECORD WAS SET OR TIED.
MM INDICATES DATA IS MISSING.
T  INDICATES TRACE AMOUNT.




$$
