000
CDUS41 KBOX 162119
CLIBDL


CLIMATE REPORT
NATIONAL WEATHER SERVICE TAUNTON MA
519 PM EDT SAT APR 16 2016


...................................

...THE HARTFORD CT CLIMATE SUMMARY FOR APRIL 16 2016...
VALID AS OF 0500 PM LOCAL TIME.

CLIMATE NORMAL PERIOD 1981 TO 2010
CLIMATE RECORD PERIOD 1904 TO 2016


WEATHER ITEM   OBSERVED TIME   RECORD YEAR NORMAL DEPARTURE LAST
                VALUE   (LST)  VALUE       VALUE  FROM      YEAR
                                                  NORMAL
..................................................................
TEMPERATURE (F)
 TODAY
  MAXIMUM         65    359 PM  92    2012  61      4       68
  MINIMUM         33    209 AM  21    1943  39     -6       34
  AVERAGE         49                        50     -1       51

PRECIPITATION (IN)
  TODAY            0.00          2.76 1996   0.12  -0.12     0.00
  MONTH TO DATE    1.60                      2.02  -0.42     1.70
  SINCE MAR 1      3.80                      5.64  -1.84     4.36
  SINCE JAN 1     10.63                     11.76  -1.13    10.54

SNOWFALL (IN)
  TODAY            0.0           2.6  1992   0.0    0.0      0.0
  MONTH TO DATE    6.9                       1.1    5.8      0.0
  SINCE MAR 1      9.8                       7.5    2.3      9.0
  SINCE JUL 1     26.9                      40.2  -13.3     63.8
  SNOW DEPTH       0

DEGREE DAYS
 HEATING
  TODAY           16                        15      1       14
  MONTH TO DATE  360                       294     66      287
  SINCE MAR 1   1004                      1137   -133     1285
  SINCE JUL 1   4680                      5575   -895     5930

 COOLING
  TODAY            0                         0      0        0
  MONTH TO DATE    0                         0      0        0
  SINCE MAR 1      0                         0      0        0
  SINCE JAN 1      0                         0      0        0
..................................................................


WIND (MPH)
  HIGHEST WIND SPEED    21   HIGHEST WIND DIRECTION    NE (50)
  HIGHEST GUST SPEED    28   HIGHEST GUST DIRECTION     N (10)
  AVERAGE WIND SPEED    10.6


SKY COVER
  POSSIBLE SUNSHINE  MM
  AVERAGE SKY COVER 0.4


WEATHER CONDITIONS
 THE FOLLOWING WEATHER WAS RECORDED TODAY.
  NO SIGNIFICANT WEATHER WAS OBSERVED.


RELATIVE HUMIDITY (PERCENT)
 HIGHEST    70           200 AM
 LOWEST     12           400 PM
 AVERAGE    41

..........................................................


THE HARTFORD CT CLIMATE NORMALS FOR TOMORROW
                         NORMAL    RECORD    YEAR
 MAXIMUM TEMPERATURE (F)   61        95      2002
 MINIMUM TEMPERATURE (F)   39        25      1908


SUNRISE AND SUNSET
APRIL 16 2016.........SUNRISE   608 AM EDT   SUNSET   733 PM EDT
APRIL 17 2016.........SUNRISE   607 AM EDT   SUNSET   735 PM EDT


-  INDICATES NEGATIVE NUMBERS.
R  INDICATES RECORD WAS SET OR TIED.
MM INDICATES DATA IS MISSING.
T  INDICATES TRACE AMOUNT.




$$
