000
CDUS41 KBOX 072131
CLIBDL


CLIMATE REPORT
NATIONAL WEATHER SERVICE TAUNTON MA
530 PM EDT SAT MAY 7 2016


...................................

...THE HARTFORD CT CLIMATE SUMMARY FOR MAY 7 2016...
VALID AS OF 0500 PM LOCAL TIME.

CLIMATE NORMAL PERIOD 1981 TO 2010
CLIMATE RECORD PERIOD 1904 TO 2016


WEATHER ITEM   OBSERVED TIME   RECORD YEAR NORMAL DEPARTURE LAST
                VALUE   (LST)  VALUE       VALUE  FROM      YEAR
                                                  NORMAL
..................................................................
TEMPERATURE (F)
 TODAY
  MAXIMUM         55    359 PM  93    2000  69    -14       86
                                      1930
  MINIMUM         47    653 AM  28    2001  45      2       42
  AVERAGE         51                        57     -6       64

PRECIPITATION (IN)
  TODAY            0.01          1.88 1908   0.12  -0.11     0.00
  MONTH TO DATE    1.47                      0.86   0.61     0.00
  SINCE MAR 1      6.11                      8.20  -2.09     6.06
  SINCE JAN 1     12.94                     14.32  -1.38    12.24

SNOWFALL (IN)
  TODAY            0.0           0.0  2002   0.0    0.0      0.0
                                      2001
                                      2000
  MONTH TO DATE    0.0                       0.0    0.0      0.0
  SINCE MAR 1      9.8                       7.8    2.0      9.0
  SINCE JUL 1     26.9                      40.5  -13.6     63.8
  SNOW DEPTH       0

DEGREE DAYS
 HEATING
  TODAY           14                         9      5        1
  MONTH TO DATE  106                        66     40       21
  SINCE MAR 1   1266                      1381   -115     1479
  SINCE JUL 1   4942                      5819   -877     6124

 COOLING
  TODAY            0                         0      0        0
  MONTH TO DATE    0                         0      0       10
  SINCE MAR 1      2                         6     -4       10
  SINCE JAN 1      2                         6     -4       10
..................................................................


WIND (MPH)
  HIGHEST WIND SPEED    15   HIGHEST WIND DIRECTION     N (20)
  HIGHEST GUST SPEED    17   HIGHEST GUST DIRECTION     N (20)
  AVERAGE WIND SPEED     7.8


SKY COVER
  POSSIBLE SUNSHINE  MM
  AVERAGE SKY COVER 1.0


WEATHER CONDITIONS
 THE FOLLOWING WEATHER WAS RECORDED TODAY.
  LIGHT RAIN
  FOG


RELATIVE HUMIDITY (PERCENT)
 HIGHEST    93          1200 AM
 LOWEST     83           100 PM
 AVERAGE    88

..........................................................


THE HARTFORD CT CLIMATE NORMALS FOR TOMORROW
                         NORMAL    RECORD    YEAR
 MAXIMUM TEMPERATURE (F)   69        92      2000
 MINIMUM TEMPERATURE (F)   45        31      1968


SUNRISE AND SUNSET
MAY  7 2016...........SUNRISE   539 AM EDT   SUNSET   756 PM EDT
MAY  8 2016...........SUNRISE   538 AM EDT   SUNSET   757 PM EDT


-  INDICATES NEGATIVE NUMBERS.
R  INDICATES RECORD WAS SET OR TIED.
MM INDICATES DATA IS MISSING.
T  INDICATES TRACE AMOUNT.




$$
