000
CDUS41 KBOX 081619
CLIBDL


CLIMATE REPORT
NATIONAL WEATHER SERVICE TAUNTON MA
1108 AM EST WED MAR 8 2017


...................................

...THE HARTFORD CT CLIMATE SUMMARY FOR MARCH 7 2017...

CLIMATE NORMAL PERIOD 1981 TO 2010
CLIMATE RECORD PERIOD 1904 TO 2017


WEATHER ITEM   OBSERVED TIME   RECORD YEAR NORMAL DEPARTURE LAST
                VALUE   (LST)  VALUE       VALUE  FROM      YEAR
                                                  NORMAL
..................................................................
TEMPERATURE (F)
 YESTERDAY
  MAXIMUM         47        MM  69    1974  44      3       56
  MINIMUM         34        MM  -6    2003  25      9       24
  AVERAGE         41                        35      6       40

PRECIPITATION (IN)
  YESTERDAY        0.03          1.50 2011   0.11  -0.08     0.00
  MONTH TO DATE    0.09                      0.77  -0.68     0.54
  SINCE MAR 1      0.09                      0.77  -0.68     0.54
  SINCE JAN 1      6.07                      6.89  -0.82     7.37

SNOWFALL (IN)
  YESTERDAY       MM             8.4  1996   0.2   MM        0.0
  MONTH TO DATE    T                         1.8   -1.8      0.2
  SINCE MAR 1      T                         1.8   -1.8      0.2
  SINCE JUL 1     42.7                      34.5    8.2     17.3
  SNOW DEPTH       0

DEGREE DAYS
 HEATING
  YESTERDAY       24                        30     -6       25
  MONTH TO DATE  220                       218      2      219
  SINCE MAR 1    220                       218      2      219
  SINCE JUL 1   4113                      4656   -543     3895

 COOLING
  YESTERDAY        0                         0      0        0
  MONTH TO DATE    0                         0      0        0
  SINCE MAR 1      0                         0      0        0
  SINCE JAN 1      0                         0      0        0
..................................................................


WIND (MPH)
  RESULTANT WIND SPEED   5   RESULTANT WIND DIRECTION   S (170)
  HIGHEST WIND SPEED    12   HIGHEST WIND DIRECTION     S (160)
  HIGHEST GUST SPEED    MM   HIGHEST GUST DIRECTION    MM
  AVERAGE WIND SPEED     5.6


SKY COVER
  POSSIBLE SUNSHINE  MM
  AVERAGE SKY COVER 1.0


WEATHER CONDITIONS
 THE FOLLOWING WEATHER WAS RECORDED YESTERDAY.
  LIGHT RAIN
  FOG


RELATIVE HUMIDITY (PERCENT)
 HIGHEST   100           900 PM
 LOWEST     59           200 AM
 AVERAGE    80

..........................................................


THE HARTFORD CT CLIMATE NORMALS FOR TODAY
                         NORMAL    RECORD    YEAR
 MAXIMUM TEMPERATURE (F)   45        69      1987
 MINIMUM TEMPERATURE (F)   25         4      1986


SUNRISE AND SUNSET
MARCH  8 2017.........SUNRISE   614 AM EST   SUNSET   549 PM EST
MARCH  9 2017.........SUNRISE   612 AM EST   SUNSET   551 PM EST


-  INDICATES NEGATIVE NUMBERS.
R  INDICATES RECORD WAS SET OR TIED.
MM INDICATES DATA IS MISSING.
T  INDICATES TRACE AMOUNT.




$$
