000
CDUS41 KBOX 160547
CLIBDL


CLIMATE REPORT
NATIONAL WEATHER SERVICE TAUNTON MA
136 AM EDT MON MAR 16 2015


...................................

...THE HARTFORD CT CLIMATE SUMMARY FOR MARCH 15 2015...

CLIMATE NORMAL PERIOD 1981 TO 2010
CLIMATE RECORD PERIOD 1904 TO 2015


WEATHER ITEM   OBSERVED TIME   RECORD YEAR NORMAL DEPARTURE LAST
                VALUE   (LST)  VALUE       VALUE  FROM      YEAR
                                                  NORMAL
..................................................................
TEMPERATURE (F)
 YESTERDAY
  MAXIMUM         43    159 PM  73    1990  47     -4       55
  MINIMUM         33   1159 PM   6    1993  27      6       33
  AVERAGE         38                        37      1       44

PRECIPITATION (IN)
  YESTERDAY        0.00          1.69 1953   0.11  -0.11      T
  MONTH TO DATE    1.69                      1.65   0.04     0.33
  SINCE MAR 1      1.69                      1.65   0.04     0.33
  SINCE JAN 1      7.87                      7.77   0.10     7.70

SNOWFALL (IN)
  YESTERDAY        0.0          10.0  1967   0.2   -0.2      0.0
  MONTH TO DATE    4.5                       3.7    0.8       T
  SINCE MAR 1      4.5                       3.7    0.8       T
  SINCE JUL 1     59.3                      36.4   22.9     50.1
  SNOW DEPTH      10

DEGREE DAYS
 HEATING
  YESTERDAY       27                        28     -1       21
  MONTH TO DATE  507                       449     58      545
  SINCE MAR 1    507                       449     58      545
  SINCE JUL 1   5152                      4887    265     5224

 COOLING
  YESTERDAY        0                         0      0        0
  MONTH TO DATE    0                         0      0        0
  SINCE MAR 1      0                         0      0        0
  SINCE JAN 1      0                         0      0        0
..................................................................


WIND (MPH)
  RESULTANT WIND SPEED  12   RESULTANT WIND DIRECTION  NW (320)
  HIGHEST WIND SPEED    31   HIGHEST WIND DIRECTION    NW (320)
  HIGHEST GUST SPEED    39   HIGHEST GUST DIRECTION    NW (330)
  AVERAGE WIND SPEED    13.5


SKY COVER
  POSSIBLE SUNSHINE  MM
  AVERAGE SKY COVER 0.8


WEATHER CONDITIONS
 THE FOLLOWING WEATHER WAS RECORDED YESTERDAY.
  FOG


RELATIVE HUMIDITY (PERCENT)
 HIGHEST    92           200 AM
 LOWEST     50           500 PM
 AVERAGE    71

..........................................................


THE HARTFORD CT CLIMATE NORMALS FOR TODAY
                         NORMAL    RECORD    YEAR
 MAXIMUM TEMPERATURE (F)   48        79      1990
 MINIMUM TEMPERATURE (F)   28         9      1992


SUNRISE AND SUNSET
MARCH 16 2015.........SUNRISE   701 AM EDT   SUNSET   658 PM EDT
MARCH 17 2015.........SUNRISE   700 AM EDT   SUNSET   659 PM EDT


-  INDICATES NEGATIVE NUMBERS.
R  INDICATES RECORD WAS SET OR TIED.
MM INDICATES DATA IS MISSING.
T  INDICATES TRACE AMOUNT.




$$
